43.228.157.245 - - [16/Aug/2026:12:21:09 +0200] "GET /wp-content/themes/seotheme/db.php?u HTTP/1.1" 500 - "www.google.com" "Mozlila/5.0 (Linux; Android 7.0; SM-G892A Bulid/NRD90M; wv) AppleWebKit/537.36 (KHTML, like Gecko) Version/4.0 Chrome/60.0.3112.107 Moblie Safari/537.36"
43.228.157.245 - - [16/Aug/2026:12:21:09 +0200] "GET /wp-content/plugins/fix/up.php HTTP/1.1" 500 - "-" "Mozilla/5.0 (Windows NT 10.0; Win64; x64) AppleWebKit/537.36 (KHTML, like Gecko) Chrome/85.0.4183.102 Safari/537.36"
43.228.157.245 - - [16/Aug/2026:12:21:09 +0200] "GET / HTTP/1.1" 500 - "-" "Mozlila/5.0 (Linux; Android 7.0; SM-G892A Bulid/NRD90M; wv) AppleWebKit/537.36 (KHTML, like Gecko) Version/4.0 Chrome/60.0.3112.107 Moblie Safari/537.36"
43.228.157.245 - - [16/Aug/2026:12:21:26 +0200] "GET /wp-content/themes/seotheme/db.php?u HTTP/1.1" 500 - "www.google.com" "Mozlila/5.0 (Linux; Android 7.0; SM-G892A Bulid/NRD90M; wv) AppleWebKit/537.36 (KHTML, like Gecko) Version/4.0 Chrome/60.0.3112.107 Moblie Safari/537.36"
43.228.157.245 - - [16/Aug/2026:12:21:18 +0200] "GET /wp-content/plugins/fix/up.php HTTP/1.1" 500 - "-" "Mozilla/5.0 (Windows NT 10.0; Win64; x64) AppleWebKit/537.36 (KHTML, like Gecko) Chrome/85.0.4183.102 Safari/537.36"
43.228.157.245 - - [16/Aug/2026:12:21:18 +0200] "GET /wp-content/themes/seotheme/db.php?u HTTP/1.1" 500 - "www.google.com" "Mozlila/5.0 (Linux; Android 7.0; SM-G892A Bulid/NRD90M; wv) AppleWebKit/537.36 (KHTML, like Gecko) Version/4.0 Chrome/60.0.3112.107 Moblie Safari/537.36"
43.228.157.245 - - [16/Aug/2026:12:21:19 +0200] "GET / HTTP/1.1" 500 - "-" "Mozlila/5.0 (Linux; Android 7.0; SM-G892A Bulid/NRD90M; wv) AppleWebKit/537.36 (KHTML, like Gecko) Version/4.0 Chrome/60.0.3112.107 Moblie Safari/537.36"
43.228.157.245 - - [16/Aug/2026:12:21:26 +0200] "GET /wp-content/plugins/fix/up.php HTTP/1.1" 500 - "-" "Mozilla/5.0 (Windows NT 10.0; Win64; x64) AppleWebKit/537.36 (KHTML, like Gecko) Chrome/85.0.4183.102 Safari/537.36"
43.228.157.245 - - [16/Aug/2026:12:21:28 +0200] "GET / HTTP/1.1" 500 - "-" "Mozlila/5.0 (Linux; Android 7.0; SM-G892A Bulid/NRD90M; wv) AppleWebKit/537.36 (KHTML, like Gecko) Version/4.0 Chrome/60.0.3112.107 Moblie Safari/537.36"
43.228.157.245 - - [16/Aug/2026:12:21:34 +0200] "GET /wp-content/plugins/fix/up.php HTTP/1.1" 500 - "-" "Mozilla/5.0 (Windows NT 10.0; Win64; x64) AppleWebKit/537.36 (KHTML, like Gecko) Chrome/85.0.4183.102 Safari/537.36"
43.228.157.245 - - [16/Aug/2026:12:21:36 +0200] "GET / HTTP/1.1" 500 - "-" "Mozlila/5.0 (Linux; Android 7.0; SM-G892A Bulid/NRD90M; wv) AppleWebKit/537.36 (KHTML, like Gecko) Version/4.0 Chrome/60.0.3112.107 Moblie Safari/537.36"
66.249.70.67 - - [16/Aug/2026:12:21:37 +0200] "GET /shop/customer/bookmark.php?items/R16042375360/ HTTP/1.1" 500 - "-" "Mozilla/5.0 (Linux; Android 6.0.1; Nexus 5X Build/MMB29P) AppleWebKit/537.36 (KHTML, like Gecko) Chrome/150.0.7871.186 Mobile Safari/537.36 (compatible; Googlebot/2.1; +http://www.google.com/bot.html)"
43.228.157.245 - - [16/Aug/2026:12:21:42 +0200] "GET /wp-content/plugins/fix/up.php HTTP/1.1" 500 - "-" "Mozilla/5.0 (Windows NT 10.0; Win64; x64) AppleWebKit/537.36 (KHTML, like Gecko) Chrome/85.0.4183.102 Safari/537.36"
43.228.157.245 - - [16/Aug/2026:12:21:45 +0200] "GET / HTTP/1.1" 500 - "-" "Mozlila/5.0 (Linux; Android 7.0; SM-G892A Bulid/NRD90M; wv) AppleWebKit/537.36 (KHTML, like Gecko) Version/4.0 Chrome/60.0.3112.107 Moblie Safari/537.36"
66.249.70.69 - - [16/Aug/2026:12:22:40 +0200] "GET /shop/customer/bookmark.php?items/I16062895855/ HTTP/1.1" 500 - "-" "Mozilla/5.0 (compatible; Googlebot/2.1; +http://www.google.com/bot.html)"
66.249.70.69 - - [16/Aug/2026:12:22:52 +0200] "GET /shop/customer/bookmark.php?items/K16062854477/ HTTP/1.1" 500 - "-" "Mozilla/5.0 (Linux; Android 6.0.1; Nexus 5X Build/MMB29P) AppleWebKit/537.36 (KHTML, like Gecko) Chrome/150.0.7871.186 Mobile Safari/537.36 (compatible; Googlebot/2.1; +http://www.google.com/bot.html)"
66.249.70.67 - - [16/Aug/2026:12:23:38 +0200] "GET /shop/customer/bookmark.php?items/N1600274675/ HTTP/1.1" 500 - "-" "Mozilla/5.0 (compatible; Googlebot/2.1; +http://www.google.com/bot.html)"
66.249.70.68 - - [16/Aug/2026:12:24:57 +0200] "GET /shop/customer/bookmark.php?items/U16042080037/ HTTP/1.1" 500 - "-" "Mozilla/5.0 (Linux; Android 6.0.1; Nexus 5X Build/MMB29P) AppleWebKit/537.36 (KHTML, like Gecko) Chrome/150.0.7871.186 Mobile Safari/537.36 (compatible; Googlebot/2.1; +http://www.google.com/bot.html)"
66.249.70.68 - - [16/Aug/2026:12:26:42 +0200] "GET /shop/customer/bookmark.php?items/D16021112995/ HTTP/1.1" 500 - "-" "Mozilla/5.0 (Linux; Android 6.0.1; Nexus 5X Build/MMB29P) AppleWebKit/537.36 (KHTML, like Gecko) Chrome/150.0.7871.186 Mobile Safari/537.36 (compatible; Googlebot/2.1; +http://www.google.com/bot.html)"
66.249.70.67 - - [16/Aug/2026:12:27:48 +0200] "GET /shop/customer/bookmark.php?items/T16021028317/ HTTP/1.1" 500 - "-" "Mozilla/5.0 (compatible; Googlebot/2.1; +http://www.google.com/bot.html)"
66.249.70.67 - - [16/Aug/2026:12:30:05 +0200] "GET /shop/customer/bookmark.php?items/M16062835904/ HTTP/1.1" 500 - "-" "Mozilla/5.0 (Linux; Android 6.0.1; Nexus 5X Build/MMB29P) AppleWebKit/537.36 (KHTML, like Gecko) Chrome/150.0.7871.186 Mobile Safari/537.36 (compatible; Googlebot/2.1; +http://www.google.com/bot.html)"
66.249.70.67 - - [16/Aug/2026:12:30:54 +0200] "GET /shop/customer/bookmark.php?items/O1600357981/ HTTP/1.1" 500 - "-" "Mozilla/5.0 (compatible; Googlebot/2.1; +http://www.google.com/bot.html)"
66.249.70.67 - - [16/Aug/2026:12:31:51 +0200] "GET /shop/customer/bookmark.php?items/X16042178079/ HTTP/1.1" 500 - "-" "Mozilla/5.0 (Linux; Android 6.0.1; Nexus 5X Build/MMB29P) AppleWebKit/537.36 (KHTML, like Gecko) Chrome/150.0.7871.186 Mobile Safari/537.36 (compatible; Googlebot/2.1; +http://www.google.com/bot.html)"
66.249.70.68 - - [16/Aug/2026:12:32:08 +0200] "GET /shop/customer/bookmark.php?items/S16021463566/ HTTP/1.1" 500 - "-" "Mozilla/5.0 (compatible; Googlebot/2.1; +http://www.google.com/bot.html)"
66.249.70.68 - - [16/Aug/2026:12:33:14 +0200] "GET /shop/customer/bookmark.php?items/W16021461676/ HTTP/1.1" 500 - "-" "Mozilla/5.0 (Linux; Android 6.0.1; Nexus 5X Build/MMB29P) AppleWebKit/537.36 (KHTML, like Gecko) Chrome/150.0.7871.186 Mobile Safari/537.36 (compatible; Googlebot/2.1; +http://www.google.com/bot.html)"
66.249.70.69 - - [16/Aug/2026:12:34:06 +0200] "GET /shop/customer/bookmark.php?items/R16821055330/ HTTP/1.1" 500 - "-" "Mozilla/5.0 (Linux; Android 6.0.1; Nexus 5X Build/MMB29P) AppleWebKit/537.36 (KHTML, like Gecko) Chrome/150.0.7871.186 Mobile Safari/537.36 (compatible; Googlebot/2.1; +http://www.google.com/bot.html)"
66.249.70.68 - - [16/Aug/2026:12:34:41 +0200] "GET /shop/customer/bookmark.php?items/S16062781992/ HTTP/1.1" 500 - "-" "Mozilla/5.0 (Linux; Android 6.0.1; Nexus 5X Build/MMB29P) AppleWebKit/537.36 (KHTML, like Gecko) Chrome/150.0.7871.186 Mobile Safari/537.36 (compatible; Googlebot/2.1; +http://www.google.com/bot.html)"
66.249.70.68 - - [16/Aug/2026:12:37:42 +0200] "GET /shop/customer/bookmark.php?items/X16063135958/ HTTP/1.1" 500 - "-" "Mozilla/5.0 (compatible; Googlebot/2.1; +http://www.google.com/bot.html)"
66.249.70.68 - - [16/Aug/2026:12:38:49 +0200] "GET /shop/customer/bookmark.php?items/R16021116725/ HTTP/1.1" 500 - "-" "Mozilla/5.0 (Linux; Android 6.0.1; Nexus 5X Build/MMB29P) AppleWebKit/537.36 (KHTML, like Gecko) Chrome/150.0.7871.186 Mobile Safari/537.36 (compatible; Googlebot/2.1; +http://www.google.com/bot.html)"
66.249.70.68 - - [16/Aug/2026:12:40:07 +0200] "GET /shop/customer/bookmark.php?items/V1601911590/ HTTP/1.1" 500 - "-" "Mozilla/5.0 (Linux; Android 6.0.1; Nexus 5X Build/MMB29P) AppleWebKit/537.36 (KHTML, like Gecko) Chrome/150.0.7871.186 Mobile Safari/537.36 (compatible; Googlebot/2.1; +http://www.google.com/bot.html)"
66.249.70.67 - - [16/Aug/2026:12:40:21 +0200] "GET /shop/customer/bookmark.php?items/L16042119539/ HTTP/1.1" 500 - "-" "Mozilla/5.0 (Linux; Android 6.0.1; Nexus 5X Build/MMB29P) AppleWebKit/537.36 (KHTML, like Gecko) Chrome/150.0.7871.186 Mobile Safari/537.36 (compatible; Googlebot/2.1; +http://www.google.com/bot.html)"
66.249.70.67 - - [16/Aug/2026:12:40:34 +0200] "GET /shop/customer/bookmark.php?items/M16062913027/ HTTP/1.1" 500 - "-" "Mozilla/5.0 (Linux; Android 6.0.1; Nexus 5X Build/MMB29P) AppleWebKit/537.36 (KHTML, like Gecko) Chrome/150.0.7871.186 Mobile Safari/537.36 (compatible; Googlebot/2.1; +http://www.google.com/bot.html)"
66.249.70.67 - - [16/Aug/2026:12:41:47 +0200] "GET /shop/customer/bookmark.php?items/Z16052586513/ HTTP/1.1" 500 - "-" "Mozilla/5.0 (Linux; Android 6.0.1; Nexus 5X Build/MMB29P) AppleWebKit/537.36 (KHTML, like Gecko) Chrome/150.0.7871.186 Mobile Safari/537.36 (compatible; Googlebot/2.1; +http://www.google.com/bot.html)"
66.249.70.67 - - [16/Aug/2026:12:42:22 +0200] "GET /shop/customer/bookmark.php?items/C16021063746/ HTTP/1.1" 500 - "-" "Mozilla/5.0 (Linux; Android 6.0.1; Nexus 5X Build/MMB29P) AppleWebKit/537.36 (KHTML, like Gecko) Chrome/150.0.7871.186 Mobile Safari/537.36 (compatible; Googlebot/2.1; +http://www.google.com/bot.html)"
66.249.70.68 - - [16/Aug/2026:12:44:47 +0200] "GET /shop/customer/bookmark.php?items/O16042403452/ HTTP/1.1" 500 - "-" "Mozilla/5.0 (Linux; Android 6.0.1; Nexus 5X Build/MMB29P) AppleWebKit/537.36 (KHTML, like Gecko) Chrome/150.0.7871.186 Mobile Safari/537.36 (compatible; Googlebot/2.1; +http://www.google.com/bot.html)"
52.167.144.59 - - [16/Aug/2026:12:44:42 +0200] "GET /robots.txt HTTP/1.1" 200 408 "-" "Mozilla/5.0 AppleWebKit/537.36 (KHTML, like Gecko; compatible; bingbot/2.0; +http://www.bing.com/bingbot.htm) Chrome/116.0.1938.76 Safari/537.36"
66.249.70.67 - - [16/Aug/2026:12:45:51 +0200] "GET /shop/customer/bookmark.php?items/D16062788277/ HTTP/1.1" 500 - "-" "Mozilla/5.0 (compatible; Googlebot/2.1; +http://www.google.com/bot.html)"
66.249.70.67 - - [16/Aug/2026:12:46:04 +0200] "GET /shop/customer/bookmark.php?items/H16052737357/ HTTP/1.1" 500 - "-" "Mozilla/5.0 (Linux; Android 6.0.1; Nexus 5X Build/MMB29P) AppleWebKit/537.36 (KHTML, like Gecko) Chrome/150.0.7871.186 Mobile Safari/537.36 (compatible; Googlebot/2.1; +http://www.google.com/bot.html)"
66.249.70.67 - - [16/Aug/2026:12:46:49 +0200] "GET /shop/customer/bookmark.php?items/T1601663687/ HTTP/1.1" 500 - "-" "Mozilla/5.0 (compatible; Googlebot/2.1; +http://www.google.com/bot.html)"
66.249.70.67 - - [16/Aug/2026:12:47:57 +0200] "GET /shop/customer/bookmark.php?items/F16063049187/ HTTP/1.1" 500 - "-" "Mozilla/5.0 (Linux; Android 6.0.1; Nexus 5X Build/MMB29P) AppleWebKit/537.36 (KHTML, like Gecko) Chrome/150.0.7871.186 Mobile Safari/537.36 (compatible; Googlebot/2.1; +http://www.google.com/bot.html)"
66.249.70.67 - - [16/Aug/2026:12:48:46 +0200] "GET /shop/customer/bookmark.php?items/Y1600194337/ HTTP/1.1" 500 - "-" "Mozilla/5.0 (Linux; Android 6.0.1; Nexus 5X Build/MMB29P) AppleWebKit/537.36 (KHTML, like Gecko) Chrome/150.0.7871.186 Mobile Safari/537.36 (compatible; Googlebot/2.1; +http://www.google.com/bot.html)"
66.249.70.68 - - [16/Aug/2026:12:49:41 +0200] "GET /shop/customer/bookmark.php?items/L1600188065/ HTTP/1.1" 500 - "-" "Mozilla/5.0 (compatible; Googlebot/2.1; +http://www.google.com/bot.html)"
52.167.144.59 - - [16/Aug/2026:12:51:51 +0200] "GET /robots.txt HTTP/1.1" 200 408 "-" "Mozilla/5.0 AppleWebKit/537.36 (KHTML, like Gecko; compatible; bingbot/2.0; +http://www.bing.com/bingbot.htm) Chrome/116.0.1938.76 Safari/537.36"
66.249.70.67 - - [16/Aug/2026:12:52:00 +0200] "GET /shop/customer/bookmark.php?items/B1600295740/ HTTP/1.1" 500 - "-" "Mozilla/5.0 (compatible; Googlebot/2.1; +http://www.google.com/bot.html)"
52.167.144.19 - - [16/Aug/2026:12:52:04 +0200] "GET / HTTP/1.1" 500 - "-" "Mozilla/5.0 AppleWebKit/537.36 (KHTML, like Gecko; compatible; bingbot/2.0; +http://www.bing.com/bingbot.htm) Chrome/116.0.1938.76 Safari/537.36"
66.249.70.68 - - [16/Aug/2026:12:52:34 +0200] "GET /shop/customer/bookmark.php?items/S16021102846/ HTTP/1.1" 500 - "-" "Mozilla/5.0 (Linux; Android 6.0.1; Nexus 5X Build/MMB29P) AppleWebKit/537.36 (KHTML, like Gecko) Chrome/150.0.7871.186 Mobile Safari/537.36 (compatible; Googlebot/2.1; +http://www.google.com/bot.html)"
66.249.64.15 - - [16/Aug/2026:12:56:28 +0200] "GET /robots.txt HTTP/1.1" 200 350 "-" "Mozilla/5.0 (compatible; Googlebot/2.1; +http://www.google.com/bot.html)"
66.249.70.67 - - [16/Aug/2026:12:57:44 +0200] "GET /shop/customer/bookmark.php?items/L16042435475/ HTTP/1.1" 500 - "-" "Mozilla/5.0 (Linux; Android 6.0.1; Nexus 5X Build/MMB29P) AppleWebKit/537.36 (KHTML, like Gecko) Chrome/150.0.7871.186 Mobile Safari/537.36 (compatible; Googlebot/2.1; +http://www.google.com/bot.html)"
66.249.70.69 - - [16/Aug/2026:12:59:14 +0200] "GET /shop/customer/bookmark.php?items/F16021193671/ HTTP/1.1" 500 - "-" "Mozilla/5.0 (Linux; Android 6.0.1; Nexus 5X Build/MMB29P) AppleWebKit/537.36 (KHTML, like Gecko) Chrome/150.0.7871.186 Mobile Safari/537.36 (compatible; Googlebot/2.1; +http://www.google.com/bot.html)"
66.249.70.68 - - [16/Aug/2026:13:00:04 +0200] "GET /shop/customer/bookmark.php?items/B16021267605/ HTTP/1.1" 500 - "-" "Mozilla/5.0 (compatible; Googlebot/2.1; +http://www.google.com/bot.html)"
66.249.70.67 - - [16/Aug/2026:13:00:37 +0200] "GET /shop/customer/bookmark.php?items/G16021432491/ HTTP/1.1" 500 - "-" "Mozilla/5.0 (Linux; Android 6.0.1; Nexus 5X Build/MMB29P) AppleWebKit/537.36 (KHTML, like Gecko) Chrome/150.0.7871.186 Mobile Safari/537.36 (compatible; Googlebot/2.1; +http://www.google.com/bot.html)"
66.249.70.67 - - [16/Aug/2026:13:01:11 +0200] "GET /shop/customer/bookmark.php?items/Q16021176559/ HTTP/1.1" 500 - "-" "Mozilla/5.0 (compatible; Googlebot/2.1; +http://www.google.com/bot.html)"
66.249.70.68 - - [16/Aug/2026:13:02:14 +0200] "GET /shop/customer/bookmark.php?shops/X7925738290/ HTTP/1.1" 500 - "-" "Mozilla/5.0 (Linux; Android 6.0.1; Nexus 5X Build/MMB29P) AppleWebKit/537.36 (KHTML, like Gecko) Chrome/150.0.7871.186 Mobile Safari/537.36 (compatible; Googlebot/2.1; +http://www.google.com/bot.html)"
66.249.70.67 - - [16/Aug/2026:13:02:32 +0200] "GET /shop/customer/bookmark.php?goods=1697278&crsirefo_hidden=0219d3605c2e10d51c688f939542ce4335d5a8dcccdeb9746951d1e0aede9bab HTTP/1.1" 500 - "-" "Mozilla/5.0 (compatible; Googlebot/2.1; +http://www.google.com/bot.html)"
66.249.70.67 - - [16/Aug/2026:13:02:48 +0200] "GET /shop/customer/bookmark.php?items/K16042460536/ HTTP/1.1" 500 - "-" "Mozilla/5.0 (compatible; Googlebot/2.1; +http://www.google.com/bot.html)"
172.202.39.151 - - [16/Aug/2026:13:02:48 +0200] "GET /wp-content/plugins/hellopress/wp_filemanager.php HTTP/1.1" 500 - "-" "-"
172.202.39.151 - - [16/Aug/2026:13:03:19 +0200] "GET /admin.php HTTP/1.1" 500 - "-" "-"
172.202.39.151 - - [16/Aug/2026:13:03:13 +0200] "GET /this_is_a_new_hello_world.php HTTP/1.1" 500 - "-" "-"
172.202.39.151 - - [16/Aug/2026:13:03:25 +0200] "GET /public/css.php HTTP/1.1" 500 - "-" "-"
172.202.39.151 - - [16/Aug/2026:13:03:37 +0200] "GET /classwithtostring.php HTTP/1.1" 500 - "-" "-"
172.202.39.151 - - [16/Aug/2026:13:03:44 +0200] "GET /wp-includes/block-supports/ HTTP/1.1" 500 - "-" "-"
172.202.39.151 - - [16/Aug/2026:13:03:56 +0200] "GET /wp-content/admin.php HTTP/1.1" 500 - "-" "-"
172.202.39.151 - - [16/Aug/2026:13:04:08 +0200] "GET /gelay.php HTTP/1.1" 500 - "-" "-"
66.249.70.68 - - [16/Aug/2026:13:04:09 +0200] "GET /shop/customer/bookmark.php?items/W16042344373/ HTTP/1.1" 500 - "-" "Mozilla/5.0 (Linux; Android 6.0.1; Nexus 5X Build/MMB29P) AppleWebKit/537.36 (KHTML, like Gecko) Chrome/150.0.7871.186 Mobile Safari/537.36 (compatible; Googlebot/2.1; +http://www.google.com/bot.html)"
172.202.39.151 - - [16/Aug/2026:13:04:21 +0200] "GET /wp-admin/images/admin.php HTTP/1.1" 500 - "-" "-"
172.202.39.151 - - [16/Aug/2026:13:04:36 +0200] "GET /adminfuns.php HTTP/1.1" 500 - "-" "-"
172.202.39.151 - - [16/Aug/2026:13:04:54 +0200] "GET /wp-admin/css/ HTTP/1.1" 500 - "-" "-"
172.202.39.151 - - [16/Aug/2026:13:05:05 +0200] "GET /admin/controller/extension/extension/ultra.php HTTP/1.1" 500 - "-" "-"
172.202.39.151 - - [16/Aug/2026:13:05:39 +0200] "GET /wp-admin/css/colors/index.php HTTP/1.1" 500 - "-" "-"
172.202.39.151 - - [16/Aug/2026:13:05:54 +0200] "GET /f35.php HTTP/1.1" 500 - "-" "-"
66.249.70.67 - - [16/Aug/2026:13:06:07 +0200] "GET /shop/customer/bookmark.php?items/W16042344373/ HTTP/1.1" 500 - "-" "Mozilla/5.0 (compatible; Googlebot/2.1; +http://www.google.com/bot.html)"
172.202.39.151 - - [16/Aug/2026:13:06:08 +0200] "GET /wp-includes/js/ HTTP/1.1" 500 - "-" "-"
172.202.39.151 - - [16/Aug/2026:13:06:24 +0200] "GET /inputs.php HTTP/1.1" 500 - "-" "-"
66.249.70.68 - - [16/Aug/2026:13:06:25 +0200] "GET /shop/customer/bookmark.php?items/L1600200410/ HTTP/1.1" 500 - "-" "Mozilla/5.0 (compatible; Googlebot/2.1; +http://www.google.com/bot.html)"
172.202.39.151 - - [16/Aug/2026:13:06:39 +0200] "GET /wp-admin/css/colors/ HTTP/1.1" 500 - "-" "-"
172.202.39.151 - - [16/Aug/2026:13:06:47 +0200] "GET /alfa.php HTTP/1.1" 500 - "-" "-"
172.202.39.151 - - [16/Aug/2026:13:06:53 +0200] "GET /lock360.php HTTP/1.1" 500 - "-" "-"
172.202.39.151 - - [16/Aug/2026:13:07:11 +0200] "GET /flower.php HTTP/1.1" 500 - "-" "-"
172.202.39.151 - - [16/Aug/2026:13:07:26 +0200] "GET /13.php HTTP/1.1" 500 - "-" "-"
172.202.39.151 - - [16/Aug/2026:13:07:39 +0200] "GET /cc.php HTTP/1.1" 500 - "-" "-"
66.249.70.69 - - [16/Aug/2026:13:07:41 +0200] "GET /shop/customer/bookmark.php?items/R160088385/ HTTP/1.1" 500 - "-" "Mozilla/5.0 (Linux; Android 6.0.1; Nexus 5X Build/MMB29P) AppleWebKit/537.36 (KHTML, like Gecko) Chrome/150.0.7871.186 Mobile Safari/537.36 (compatible; Googlebot/2.1; +http://www.google.com/bot.html)"
172.202.39.151 - - [16/Aug/2026:13:07:56 +0200] "GET /gecko-new.php HTTP/1.1" 500 - "-" "-"
172.202.39.151 - - [16/Aug/2026:13:08:11 +0200] "GET /wp-content.php.php HTTP/1.1" 500 - "-" "-"
172.202.39.151 - - [16/Aug/2026:13:08:15 +0200] "GET /01.php HTTP/1.1" 500 - "-" "-"
66.249.70.68 - - [16/Aug/2026:13:08:19 +0200] "GET /shop/customer/bookmark.php?items/Z16042216311/ HTTP/1.1" 500 - "-" "Mozilla/5.0 (compatible; Googlebot/2.1; +http://www.google.com/bot.html)"
172.202.39.151 - - [16/Aug/2026:13:08:34 +0200] "GET /lv.php HTTP/1.1" 500 - "-" "-"
172.202.39.151 - - [16/Aug/2026:13:08:46 +0200] "GET /new.php HTTP/1.1" 500 - "-" "-"
172.202.39.151 - - [16/Aug/2026:13:08:52 +0200] "GET /222.php HTTP/1.1" 500 - "-" "-"
172.202.39.151 - - [16/Aug/2026:13:09:08 +0200] "GET /chosen.php HTTP/1.1" 500 - "-" "-"
66.249.70.68 - - [16/Aug/2026:13:09:18 +0200] "GET /shop/customer/bookmark.php?items/S16042198109/ HTTP/1.1" 500 - "-" "Mozilla/5.0 (compatible; Googlebot/2.1; +http://www.google.com/bot.html)"
172.202.39.151 - - [16/Aug/2026:13:09:21 +0200] "GET /info.php HTTP/1.1" 500 - "-" "-"
172.202.39.151 - - [16/Aug/2026:13:09:32 +0200] "GET /wp-includes/html-api/ HTTP/1.1" 500 - "-" "-"
172.202.39.151 - - [16/Aug/2026:13:09:44 +0200] "GET /wp-includes/ID3/index.php HTTP/1.1" 500 - "-" "-"
172.202.39.151 - - [16/Aug/2026:13:09:55 +0200] "GET /wp-admin/network/index.php HTTP/1.1" 500 - "-" "-"
172.202.39.151 - - [16/Aug/2026:13:10:09 +0200] "GET /k.php HTTP/1.1" 500 - "-" "-"
66.249.70.69 - - [16/Aug/2026:13:10:13 +0200] "GET /shop/customer/bookmark.php?items/Z16042216311/ HTTP/1.1" 500 - "-" "Mozilla/5.0 (Linux; Android 6.0.1; Nexus 5X Build/MMB29P) AppleWebKit/537.36 (KHTML, like Gecko) Chrome/150.0.7871.186 Mobile Safari/537.36 (compatible; Googlebot/2.1; +http://www.google.com/bot.html)"
172.202.39.151 - - [16/Aug/2026:13:10:17 +0200] "GET /wp-admin/js/ HTTP/1.1" 500 - "-" "-"
172.202.39.151 - - [16/Aug/2026:13:10:47 +0200] "GET /wp-includes/images/ HTTP/1.1" 500 - "-" "-"
172.202.39.151 - - [16/Aug/2026:13:10:49 +0200] "GET /wp-content/cache/ HTTP/1.1" 500 - "-" "-"
172.202.39.151 - - [16/Aug/2026:13:10:54 +0200] "GET /gecko.php HTTP/1.1" 500 - "-" "-"
172.202.39.151 - - [16/Aug/2026:13:11:04 +0200] "GET /wp-includes/ HTTP/1.1" 500 - "-" "-"
172.202.39.151 - - [16/Aug/2026:13:11:16 +0200] "GET /aa.php HTTP/1.1" 500 - "-" "-"
66.249.70.68 - - [16/Aug/2026:13:11:16 +0200] "GET /shop/customer/bookmark.php?items/U1600436644/ HTTP/1.1" 500 - "-" "Mozilla/5.0 (Linux; Android 6.0.1; Nexus 5X Build/MMB29P) AppleWebKit/537.36 (KHTML, like Gecko) Chrome/150.0.7871.186 Mobile Safari/537.36 (compatible; Googlebot/2.1; +http://www.google.com/bot.html)"
172.202.39.151 - - [16/Aug/2026:13:11:26 +0200] "GET /0x.php HTTP/1.1" 500 - "-" "-"
172.202.39.151 - - [16/Aug/2026:13:10:26 +0200] "GET /403.php HTTP/1.1" 500 - "-" "-"
172.202.39.151 - - [16/Aug/2026:13:11:31 +0200] "GET /zxz.php HTTP/1.1" 500 - "-" "-"
172.202.39.151 - - [16/Aug/2026:13:11:43 +0200] "GET /www.php HTTP/1.1" 500 - "-" "-"
172.202.39.151 - - [16/Aug/2026:13:11:55 +0200] "GET /wicked.php HTTP/1.1" 500 - "-" "-"
66.249.70.67 - - [16/Aug/2026:13:11:58 +0200] "GET /shop/customer/bookmark.php?items/L16042498496/ HTTP/1.1" 500 - "-" "Mozilla/5.0 (compatible; Googlebot/2.1; +http://www.google.com/bot.html)"
172.202.39.151 - - [16/Aug/2026:13:12:06 +0200] "GET /HLA-dd.php HTTP/1.1" 500 - "-" "-"
172.202.39.151 - - [16/Aug/2026:13:12:19 +0200] "GET /wp-content/upgrade/index.php HTTP/1.1" 500 - "-" "-"
172.202.39.151 - - [16/Aug/2026:13:12:28 +0200] "GET /cah.php HTTP/1.1" 500 - "-" "-"
172.202.39.151 - - [16/Aug/2026:13:12:38 +0200] "GET /wp-includes/js/tinymce/plugins/compat3x/css/ HTTP/1.1" 500 - "-" "-"
172.202.39.151 - - [16/Aug/2026:13:12:56 +0200] "GET /system_log.php HTTP/1.1" 500 - "-" "-"
172.202.39.151 - - [16/Aug/2026:13:13:06 +0200] "GET /wp-includes/pomo/ HTTP/1.1" 500 - "-" "-"
172.202.39.151 - - [16/Aug/2026:13:13:18 +0200] "GET /wp-admin/user/index.php HTTP/1.1" 500 - "-" "-"
172.202.39.151 - - [16/Aug/2026:13:13:32 +0200] "GET /ioxi-o.php HTTP/1.1" 500 - "-" "-"
172.202.39.151 - - [16/Aug/2026:13:13:51 +0200] "GET /akcc.php HTTP/1.1" 500 - "-" "-"
172.202.39.151 - - [16/Aug/2026:13:13:56 +0200] "GET /wk/index.php HTTP/1.1" 500 - "-" "-"
66.249.70.67 - - [16/Aug/2026:13:13:37 +0200] "GET /shop/customer/bookmark.php?items/D1600235342/ HTTP/1.1" 500 - "-" "Mozilla/5.0 (compatible; Googlebot/2.1; +http://www.google.com/bot.html)"
172.202.39.151 - - [16/Aug/2026:13:13:38 +0200] "GET /abc.php HTTP/1.1" 500 - "-" "-"
172.202.39.151 - - [16/Aug/2026:13:14:04 +0200] "GET /1.php HTTP/1.1" 500 - "-" "-"
172.202.39.151 - - [16/Aug/2026:13:14:14 +0200] "GET /wp-content/x/index.php HTTP/1.1" 500 - "-" "-"
172.202.39.151 - - [16/Aug/2026:13:14:25 +0200] "GET /wp-content/index.php HTTP/1.1" 500 - "-" "-"
172.202.39.151 - - [16/Aug/2026:13:14:38 +0200] "GET /as.php HTTP/1.1" 500 - "-" "-"
172.202.39.151 - - [16/Aug/2026:13:14:40 +0200] "GET /wp-content/themes/admin.php HTTP/1.1" 500 - "-" "-"
172.202.39.151 - - [16/Aug/2026:13:14:43 +0200] "GET /wp-config-sample.php HTTP/1.1" 500 - "-" "-"
172.202.39.151 - - [16/Aug/2026:13:14:45 +0200] "GET /.well-known/acme-challenge/index.php HTTP/1.1" 500 - "-" "-"
172.202.39.151 - - [16/Aug/2026:13:14:57 +0200] "GET /wp-includes/blocks/shortcode/index.php HTTP/1.1" 500 - "-" "-"
172.202.39.151 - - [16/Aug/2026:13:15:02 +0200] "GET /wp-includes/images/smilies/ HTTP/1.1" 500 - "-" "-"
172.202.39.151 - - [16/Aug/2026:13:15:15 +0200] "GET /cgi-bin/index.php HTTP/1.1" 500 - "-" "-"
172.202.39.151 - - [16/Aug/2026:13:15:24 +0200] "GET /an.php HTTP/1.1" 500 - "-" "-"
172.202.39.151 - - [16/Aug/2026:13:15:38 +0200] "GET /wp-admin/images/ HTTP/1.1" 500 - "-" "-"
172.202.39.151 - - [16/Aug/2026:13:15:46 +0200] "GET /404.php HTTP/1.1" 500 - "-" "-"
172.202.39.151 - - [16/Aug/2026:13:15:50 +0200] "GET /wp-login.php HTTP/1.1" 500 - "-" "-"
172.202.39.151 - - [16/Aug/2026:13:16:04 +0200] "GET /wp-content/uploads/goods.php HTTP/1.1" 500 - "-" "-"
172.202.39.151 - - [16/Aug/2026:13:16:08 +0200] "GET /wp-includes/ID3/ HTTP/1.1" 500 - "-" "-"
66.249.70.69 - - [16/Aug/2026:13:16:01 +0200] "GET /shop/customer/bookmark.php?items/L1600200410/ HTTP/1.1" 500 - "-" "Mozilla/5.0 (Linux; Android 6.0.1; Nexus 5X Build/MMB29P) AppleWebKit/537.36 (KHTML, like Gecko) Chrome/150.0.7871.186 Mobile Safari/537.36 (compatible; Googlebot/2.1; +http://www.google.com/bot.html)"
172.202.39.151 - - [16/Aug/2026:13:16:16 +0200] "GET /.well-known/ HTTP/1.1" 500 - "-" "-"
172.202.39.151 - - [16/Aug/2026:13:16:29 +0200] "GET /wso.php HTTP/1.1" 500 - "-" "-"
172.202.39.151 - - [16/Aug/2026:13:16:32 +0200] "GET /sf.php HTTP/1.1" 500 - "-" "-"
172.202.39.151 - - [16/Aug/2026:13:16:46 +0200] "GET /index/function.php HTTP/1.1" 500 - "-" "-"
66.249.70.67 - - [16/Aug/2026:13:16:56 +0200] "GET /shop/customer/bookmark.php?items/R16042126518/ HTTP/1.1" 500 - "-" "Mozilla/5.0 (Linux; Android 6.0.1; Nexus 5X Build/MMB29P) AppleWebKit/537.36 (KHTML, like Gecko) Chrome/150.0.7871.186 Mobile Safari/537.36 (compatible; Googlebot/2.1; +http://www.google.com/bot.html)"
172.202.39.151 - - [16/Aug/2026:13:16:57 +0200] "GET /edit.php HTTP/1.1" 500 - "-" "-"
172.202.39.151 - - [16/Aug/2026:13:17:12 +0200] "GET /wp-includes/rest-api/ HTTP/1.1" 500 - "-" "-"
66.249.70.67 - - [16/Aug/2026:13:17:25 +0200] "GET /shop/customer/bookmark.php?items/F16978680926/ HTTP/1.1" 500 - "-" "Mozilla/5.0 (compatible; Googlebot/2.1; +http://www.google.com/bot.html)"
172.202.39.151 - - [16/Aug/2026:13:17:32 +0200] "GET /wp-content/themes/twentytwenty/404.php HTTP/1.1" 500 - "-" "-"
172.202.39.151 - - [16/Aug/2026:13:17:45 +0200] "GET /wp-good.php HTTP/1.1" 500 - "-" "-"
172.202.39.151 - - [16/Aug/2026:13:17:50 +0200] "GET /wp-admin/js/widgets/ HTTP/1.1" 500 - "-" "-"
172.202.39.151 - - [16/Aug/2026:13:17:56 +0200] "GET /wp-admin/css/colors/midnight/ HTTP/1.1" 500 - "-" "-"
172.202.39.151 - - [16/Aug/2026:13:18:03 +0200] "GET /tes.php HTTP/1.1" 500 - "-" "-"
172.202.39.151 - - [16/Aug/2026:13:18:17 +0200] "GET /files/index.php HTTP/1.1" 500 - "-" "-"
66.249.70.68 - - [16/Aug/2026:13:18:20 +0200] "GET /shop/customer/bookmark.php?items/R16042126518/ HTTP/1.1" 500 - "-" "Mozilla/5.0 (compatible; Googlebot/2.1; +http://www.google.com/bot.html)"
172.202.39.151 - - [16/Aug/2026:13:18:21 +0200] "GET /wp-content/uploads/index.php HTTP/1.1" 500 - "-" "-"
66.249.70.67 - - [16/Aug/2026:13:18:34 +0200] "GET /shop/customer/bookmark.php?items/Y16021462083/ HTTP/1.1" 500 - "-" "Mozilla/5.0 (compatible; Googlebot/2.1; +http://www.google.com/bot.html)"
172.202.39.151 - - [16/Aug/2026:13:18:42 +0200] "GET /ms-edit.php HTTP/1.1" 500 - "-" "-"
172.202.39.151 - - [16/Aug/2026:13:19:03 +0200] "GET /rip.php HTTP/1.1" 500 - "-" "-"
172.202.39.151 - - [16/Aug/2026:13:19:14 +0200] "GET /wp-content/uploads/ HTTP/1.1" 500 - "-" "-"
172.202.39.151 - - [16/Aug/2026:13:19:29 +0200] "GET /xmlrpc.php HTTP/1.1" 500 - "-" "-"
172.202.39.151 - - [16/Aug/2026:13:19:35 +0200] "GET /moon.php HTTP/1.1" 500 - "-" "-"
172.202.39.151 - - [16/Aug/2026:13:19:46 +0200] "GET /cache.php HTTP/1.1" 500 - "-" "-"
66.249.70.69 - - [16/Aug/2026:13:19:46 +0200] "GET /shop/customer/bookmark.php?items/C1600135263/ HTTP/1.1" 500 - "-" "Mozilla/5.0 (Linux; Android 6.0.1; Nexus 5X Build/MMB29P) AppleWebKit/537.36 (KHTML, like Gecko) Chrome/150.0.7871.186 Mobile Safari/537.36 (compatible; Googlebot/2.1; +http://www.google.com/bot.html)"
172.202.39.151 - - [16/Aug/2026:13:19:54 +0200] "GET /wp-includes/block-bindings/ HTTP/1.1" 500 - "-" "-"
172.202.39.151 - - [16/Aug/2026:13:20:07 +0200] "GET /vendor/ HTTP/1.1" 500 - "-" "-"
172.202.39.151 - - [16/Aug/2026:13:20:36 +0200] "GET /wp-includes/images/smilies/about.php HTTP/1.1" 500 - "-" "-"
66.249.70.67 - - [16/Aug/2026:13:20:39 +0200] "GET /shop/customer/bookmark.php?items/S16062874180/ HTTP/1.1" 500 - "-" "Mozilla/5.0 (Linux; Android 6.0.1; Nexus 5X Build/MMB29P) AppleWebKit/537.36 (KHTML, like Gecko) Chrome/150.0.7871.186 Mobile Safari/537.36 (compatible; Googlebot/2.1; +http://www.google.com/bot.html)"
172.202.39.151 - - [16/Aug/2026:13:20:41 +0200] "GET /wp-includes/js/crop/ HTTP/1.1" 500 - "-" "-"
172.202.39.151 - - [16/Aug/2026:13:20:59 +0200] "GET /wp-mail.php HTTP/1.1" 500 - "-" "-"
172.202.39.151 - - [16/Aug/2026:13:21:10 +0200] "GET /o.php HTTP/1.1" 500 - "-" "-"
172.202.39.151 - - [16/Aug/2026:13:21:16 +0200] "GET /bb.php HTTP/1.1" 500 - "-" "-"
172.202.39.151 - - [16/Aug/2026:13:21:25 +0200] "GET /wp-admin/maint/admin.php HTTP/1.1" 500 - "-" "-"
66.249.70.67 - - [16/Aug/2026:13:21:29 +0200] "GET /shop/customer/bookmark.php?items/A16042314528/ HTTP/1.1" 500 - "-" "Mozilla/5.0 (compatible; Googlebot/2.1; +http://www.google.com/bot.html)"
172.202.39.151 - - [16/Aug/2026:13:21:38 +0200] "GET /wp-admin/network/ HTTP/1.1" 500 - "-" "-"
172.202.39.151 - - [16/Aug/2026:13:21:47 +0200] "GET /wp-includes/IXR/index.php HTTP/1.1" 500 - "-" "-"
172.202.39.151 - - [16/Aug/2026:13:22:00 +0200] "GET /xmrlpc.php HTTP/1.1" 500 - "-" "-"
172.202.39.151 - - [16/Aug/2026:13:22:13 +0200] "GET /file.php HTTP/1.1" 500 - "-" "-"
172.202.39.151 - - [16/Aug/2026:13:22:27 +0200] "GET /epinyins.php HTTP/1.1" 500 - "-" "-"
66.249.70.68 - - [16/Aug/2026:13:22:41 +0200] "GET /shop/customer/bookmark.php?items/U16021022661/ HTTP/1.1" 500 - "-" "Mozilla/5.0 (compatible; Googlebot/2.1; +http://www.google.com/bot.html)"
172.202.39.151 - - [16/Aug/2026:13:22:44 +0200] "GET /wp-admin/css/index.php HTTP/1.1" 500 - "-" "-"
66.249.70.67 - - [16/Aug/2026:13:22:56 +0200] "GET /shop/customer/bookmark.php?items/H16021476847/ HTTP/1.1" 500 - "-" "Mozilla/5.0 (Linux; Android 6.0.1; Nexus 5X Build/MMB29P) AppleWebKit/537.36 (KHTML, like Gecko) Chrome/150.0.7871.186 Mobile Safari/537.36 (compatible; Googlebot/2.1; +http://www.google.com/bot.html)"
172.202.39.151 - - [16/Aug/2026:13:22:57 +0200] "GET /wp-includes/php-compat/ HTTP/1.1" 500 - "-" "-"
172.202.39.151 - - [16/Aug/2026:13:23:09 +0200] "GET /wp-includes/style-engine/index.php HTTP/1.1" 500 - "-" "-"
172.202.39.151 - - [16/Aug/2026:13:23:17 +0200] "GET /wp-admin/css/colors/coffee/index.php HTTP/1.1" 500 - "-" "-"
172.202.39.151 - - [16/Aug/2026:13:23:31 +0200] "GET /wp.php HTTP/1.1" 500 - "-" "-"
172.202.39.151 - - [16/Aug/2026:13:23:47 +0200] "GET /function/function.php HTTP/1.1" 500 - "-" "-"
172.202.39.151 - - [16/Aug/2026:13:24:02 +0200] "GET /wp-includes/style-engine/autoload_classmap.php HTTP/1.1" 500 - "-" "-"
172.202.39.151 - - [16/Aug/2026:13:24:07 +0200] "GET /wp-includes/SimplePie/admin.php HTTP/1.1" 500 - "-" "-"
172.202.39.151 - - [16/Aug/2026:13:24:15 +0200] "GET /ok.php HTTP/1.1" 500 - "-" "-"
172.202.39.151 - - [16/Aug/2026:13:24:23 +0200] "GET /item.php HTTP/1.1" 500 - "-" "-"
57.141.20.1 - - [16/Aug/2026:13:24:43 +0200] "GET /sitemap_588.xml HTTP/1.1" 500 - "-" "Mozilla/5.0 (Windows NT 10.0; Win64; x64) AppleWebKit/537.36 (KHTML, like Gecko) Chrome/145.0.0.0 Safari/537.36 (compatible; meta-externalagent/1.1 (+https://developers.facebook.com/docs/sharing/webmasters/crawler))"
66.249.70.68 - - [16/Aug/2026:13:25:38 +0200] "GET /shop/customer/bookmark.php?items/V16063161178/ HTTP/1.1" 500 - "-" "Mozilla/5.0 (compatible; Googlebot/2.1; +http://www.google.com/bot.html)"
66.249.70.69 - - [16/Aug/2026:13:26:14 +0200] "GET /shop/customer/bookmark.php?items/W170110828870/ HTTP/1.1" 500 - "-" "Mozilla/5.0 (compatible; Googlebot/2.1; +http://www.google.com/bot.html)"
66.249.70.68 - - [16/Aug/2026:13:26:49 +0200] "GET /shop/customer/bookmark.php?items/F16021013019/ HTTP/1.1" 500 - "-" "Mozilla/5.0 (Linux; Android 6.0.1; Nexus 5X Build/MMB29P) AppleWebKit/537.36 (KHTML, like Gecko) Chrome/150.0.7871.186 Mobile Safari/537.36 (compatible; Googlebot/2.1; +http://www.google.com/bot.html)"
43.133.60.94 - - [16/Aug/2026:13:27:09 +0200] "GET / HTTP/1.1" 500 - "-" "Mozilla/5.0 (iPhone; CPU iPhone OS 13_2_3 like Mac OS X) AppleWebKit/605.1.15 (KHTML, like Gecko) Version/13.0.3 Mobile/15E148 Safari/604.1"
66.249.70.67 - - [16/Aug/2026:13:28:16 +0200] "GET /shop/customer/bookmark.php?items/O16062776870/ HTTP/1.1" 500 - "-" "Mozilla/5.0 (Linux; Android 6.0.1; Nexus 5X Build/MMB29P) AppleWebKit/537.36 (KHTML, like Gecko) Chrome/150.0.7871.186 Mobile Safari/537.36 (compatible; Googlebot/2.1; +http://www.google.com/bot.html)"
66.249.70.68 - - [16/Aug/2026:13:29:28 +0200] "GET /shop/customer/bookmark.php?items/C1600312465/ HTTP/1.1" 500 - "-" "Mozilla/5.0 (compatible; Googlebot/2.1; +http://www.google.com/bot.html)"
66.249.70.69 - - [16/Aug/2026:13:30:05 +0200] "GET /shop/customer/bookmark.php?items/F16052639704/ HTTP/1.1" 500 - "-" "Mozilla/5.0 (Linux; Android 6.0.1; Nexus 5X Build/MMB29P) AppleWebKit/537.36 (KHTML, like Gecko) Chrome/150.0.7871.186 Mobile Safari/537.36 (compatible; Googlebot/2.1; +http://www.google.com/bot.html)"
66.249.70.68 - - [16/Aug/2026:13:30:54 +0200] "GET /shop/customer/bookmark.php?items/H16052729409/ HTTP/1.1" 500 - "-" "Mozilla/5.0 (compatible; Googlebot/2.1; +http://www.google.com/bot.html)"
66.249.70.67 - - [16/Aug/2026:13:31:30 +0200] "GET /shop/customer/bookmark.php?items/U1601827172/ HTTP/1.1" 500 - "-" "Mozilla/5.0 (Linux; Android 6.0.1; Nexus 5X Build/MMB29P) AppleWebKit/537.36 (KHTML, like Gecko) Chrome/150.0.7871.186 Mobile Safari/537.36 (compatible; Googlebot/2.1; +http://www.google.com/bot.html)"
66.249.70.69 - - [16/Aug/2026:13:33:18 +0200] "GET /shop/customer/bookmark.php?items/U1600490100/ HTTP/1.1" 500 - "-" "Mozilla/5.0 (Linux; Android 6.0.1; Nexus 5X Build/MMB29P) AppleWebKit/537.36 (KHTML, like Gecko) Chrome/150.0.7871.186 Mobile Safari/537.36 (compatible; Googlebot/2.1; +http://www.google.com/bot.html)"
66.249.70.67 - - [16/Aug/2026:13:33:54 +0200] "GET /shop/customer/bookmark.php?items/P16021244267/ HTTP/1.1" 500 - "-" "Mozilla/5.0 (Linux; Android 6.0.1; Nexus 5X Build/MMB29P) AppleWebKit/537.36 (KHTML, like Gecko) Chrome/150.0.7871.186 Mobile Safari/537.36 (compatible; Googlebot/2.1; +http://www.google.com/bot.html)"
66.249.70.67 - - [16/Aug/2026:13:34:32 +0200] "GET /shop/customer/bookmark.php?items/U16021179137/ HTTP/1.1" 500 - "-" "Mozilla/5.0 (Linux; Android 6.0.1; Nexus 5X Build/MMB29P) AppleWebKit/537.36 (KHTML, like Gecko) Chrome/150.0.7871.186 Mobile Safari/537.36 (compatible; Googlebot/2.1; +http://www.google.com/bot.html)"
66.249.70.68 - - [16/Aug/2026:13:35:07 +0200] "GET /shop/customer/bookmark.php?items/Y16062795480/ HTTP/1.1" 500 - "-" "Mozilla/5.0 (Linux; Android 6.0.1; Nexus 5X Build/MMB29P) AppleWebKit/537.36 (KHTML, like Gecko) Chrome/150.0.7871.186 Mobile Safari/537.36 (compatible; Googlebot/2.1; +http://www.google.com/bot.html)"
66.249.70.67 - - [16/Aug/2026:13:35:59 +0200] "GET /shop/customer/bookmark.php?items/G16042170725/ HTTP/1.1" 500 - "-" "Mozilla/5.0 (Linux; Android 6.0.1; Nexus 5X Build/MMB29P) AppleWebKit/537.36 (KHTML, like Gecko) Chrome/150.0.7871.186 Mobile Safari/537.36 (compatible; Googlebot/2.1; +http://www.google.com/bot.html)"
66.249.70.67 - - [16/Aug/2026:13:37:10 +0200] "GET /shop/customer/bookmark.php?items/E16063146389/ HTTP/1.1" 500 - "-" "Mozilla/5.0 (Linux; Android 6.0.1; Nexus 5X Build/MMB29P) AppleWebKit/537.36 (KHTML, like Gecko) Chrome/150.0.7871.186 Mobile Safari/537.36 (compatible; Googlebot/2.1; +http://www.google.com/bot.html)"
66.249.70.67 - - [16/Aug/2026:13:38:02 +0200] "GET /shop/customer/bookmark.php?items/S1600478556/ HTTP/1.1" 500 - "-" "Mozilla/5.0 (compatible; Googlebot/2.1; +http://www.google.com/bot.html)"
66.249.70.67 - - [16/Aug/2026:13:38:38 +0200] "GET /shop/customer/bookmark.php?items/D1601510170/ HTTP/1.1" 500 - "-" "Mozilla/5.0 (compatible; Googlebot/2.1; +http://www.google.com/bot.html)"
66.249.70.67 - - [16/Aug/2026:13:38:53 +0200] "GET /shop/customer/bookmark.php?items/L16062918112/ HTTP/1.1" 500 - "-" "Mozilla/5.0 (Linux; Android 6.0.1; Nexus 5X Build/MMB29P) AppleWebKit/537.36 (KHTML, like Gecko) Chrome/150.0.7871.186 Mobile Safari/537.36 (compatible; Googlebot/2.1; +http://www.google.com/bot.html)"
66.249.70.67 - - [16/Aug/2026:13:39:29 +0200] "GET /shop/customer/bookmark.php?items/H16021062769/ HTTP/1.1" 500 - "-" "Mozilla/5.0 (Linux; Android 6.0.1; Nexus 5X Build/MMB29P) AppleWebKit/537.36 (KHTML, like Gecko) Chrome/150.0.7871.186 Mobile Safari/537.36 (compatible; Googlebot/2.1; +http://www.google.com/bot.html)"
66.249.70.68 - - [16/Aug/2026:13:40:39 +0200] "GET /shop/customer/bookmark.php?items/R16021487007/ HTTP/1.1" 500 - "-" "Mozilla/5.0 (compatible; Googlebot/2.1; +http://www.google.com/bot.html)"
66.249.70.69 - - [16/Aug/2026:13:42:09 +0200] "GET /shop/customer/bookmark.php?items/L1600271613/ HTTP/1.1" 500 - "-" "Mozilla/5.0 (compatible; Googlebot/2.1; +http://www.google.com/bot.html)"
66.249.70.67 - - [16/Aug/2026:13:42:40 +0200] "GET /shop/customer/bookmark.php?items/W16042007105/ HTTP/1.1" 500 - "-" "Mozilla/5.0 (Linux; Android 6.0.1; Nexus 5X Build/MMB29P) AppleWebKit/537.36 (KHTML, like Gecko) Chrome/150.0.7871.186 Mobile Safari/537.36 (compatible; Googlebot/2.1; +http://www.google.com/bot.html)"
66.249.70.68 - - [16/Aug/2026:13:43:16 +0200] "GET /shop/customer/bookmark.php?items/V16062792561/ HTTP/1.1" 500 - "-" "Mozilla/5.0 (Linux; Android 6.0.1; Nexus 5X Build/MMB29P) AppleWebKit/537.36 (KHTML, like Gecko) Chrome/150.0.7871.186 Mobile Safari/537.36 (compatible; Googlebot/2.1; +http://www.google.com/bot.html)"
66.249.70.68 - - [16/Aug/2026:13:44:06 +0200] "GET /shop/customer/bookmark.php?items/F1601854919/ HTTP/1.1" 500 - "-" "Mozilla/5.0 (Linux; Android 6.0.1; Nexus 5X Build/MMB29P) AppleWebKit/537.36 (KHTML, like Gecko) Chrome/150.0.7871.186 Mobile Safari/537.36 (compatible; Googlebot/2.1; +http://www.google.com/bot.html)"
66.249.70.68 - - [16/Aug/2026:13:44:42 +0200] "GET /shop/customer/bookmark.php?items/T1601985255/ HTTP/1.1" 500 - "-" "Mozilla/5.0 (Linux; Android 6.0.1; Nexus 5X Build/MMB29P) AppleWebKit/537.36 (KHTML, like Gecko) Chrome/150.0.7871.186 Mobile Safari/537.36 (compatible; Googlebot/2.1; +http://www.google.com/bot.html)"
66.249.70.67 - - [16/Aug/2026:13:45:39 +0200] "GET /shop/customer/bookmark.php?items/N16021460538/ HTTP/1.1" 500 - "-" "Mozilla/5.0 (compatible; Googlebot/2.1; +http://www.google.com/bot.html)"
66.249.70.69 - - [16/Aug/2026:13:46:33 +0200] "GET /shop/customer/bookmark.php?items/R1601975554/ HTTP/1.1" 500 - "-" "Mozilla/5.0 (Linux; Android 6.0.1; Nexus 5X Build/MMB29P) AppleWebKit/537.36 (KHTML, like Gecko) Chrome/150.0.7871.186 Mobile Safari/537.36 (compatible; Googlebot/2.1; +http://www.google.com/bot.html)"
66.249.70.68 - - [16/Aug/2026:13:47:31 +0200] "GET /shop/customer/bookmark.php?items/Z16021145659/ HTTP/1.1" 500 - "-" "Mozilla/5.0 (compatible; Googlebot/2.1; +http://www.google.com/bot.html)"
66.249.70.68 - - [16/Aug/2026:13:48:16 +0200] "GET /shop/customer/bookmark.php?items/X16063220366/ HTTP/1.1" 500 - "-" "Mozilla/5.0 (compatible; Googlebot/2.1; +http://www.google.com/bot.html)"
66.249.70.68 - - [16/Aug/2026:13:49:11 +0200] "GET /shop/customer/bookmark.php?items/B16021169242/ HTTP/1.1" 500 - "-" "Mozilla/5.0 (compatible; Googlebot/2.1; +http://www.google.com/bot.html)"
66.249.70.67 - - [16/Aug/2026:13:49:26 +0200] "GET /shop/customer/bookmark.php?items/K16021344547/ HTTP/1.1" 500 - "-" "Mozilla/5.0 (compatible; Googlebot/2.1; +http://www.google.com/bot.html)"
66.249.70.69 - - [16/Aug/2026:13:50:13 +0200] "GET /shop/customer/bookmark.php?items/M16062795886/ HTTP/1.1" 500 - "-" "Mozilla/5.0 (Linux; Android 6.0.1; Nexus 5X Build/MMB29P) AppleWebKit/537.36 (KHTML, like Gecko) Chrome/150.0.7871.186 Mobile Safari/537.36 (compatible; Googlebot/2.1; +http://www.google.com/bot.html)"
66.249.70.67 - - [16/Aug/2026:13:51:32 +0200] "GET /shop/customer/bookmark.php?items/M16052516517/ HTTP/1.1" 500 - "-" "Mozilla/5.0 (compatible; Googlebot/2.1; +http://www.google.com/bot.html)"
66.249.70.67 - - [16/Aug/2026:13:52:26 +0200] "GET /shop/customer/bookmark.php?items/T16021100470/ HTTP/1.1" 500 - "-" "Mozilla/5.0 (Linux; Android 6.0.1; Nexus 5X Build/MMB29P) AppleWebKit/537.36 (KHTML, like Gecko) Chrome/150.0.7871.186 Mobile Safari/537.36 (compatible; Googlebot/2.1; +http://www.google.com/bot.html)"
66.249.70.67 - - [16/Aug/2026:13:52:37 +0200] "GET /shop/customer/bookmark.php?items/Y16052521631/ HTTP/1.1" 500 - "-" "Mozilla/5.0 (Linux; Android 6.0.1; Nexus 5X Build/MMB29P) AppleWebKit/537.36 (KHTML, like Gecko) Chrome/150.0.7871.186 Mobile Safari/537.36 (compatible; Googlebot/2.1; +http://www.google.com/bot.html)"
66.249.70.67 - - [16/Aug/2026:13:52:48 +0200] "GET /shop/customer/bookmark.php?items/P160072605/ HTTP/1.1" 500 - "-" "Mozilla/5.0 (compatible; Googlebot/2.1; +http://www.google.com/bot.html)"
66.249.70.68 - - [16/Aug/2026:13:53:30 +0200] "GET /shop/customer/bookmark.php?items/E16031811885/ HTTP/1.1" 500 - "-" "Mozilla/5.0 (compatible; Googlebot/2.1; +http://www.google.com/bot.html)"
66.249.70.67 - - [16/Aug/2026:13:54:44 +0200] "GET /shop/customer/bookmark.php?items/W16063128677/ HTTP/1.1" 500 - "-" "Mozilla/5.0 (Linux; Android 6.0.1; Nexus 5X Build/MMB29P) AppleWebKit/537.36 (KHTML, like Gecko) Chrome/150.0.7871.186 Mobile Safari/537.36 (compatible; Googlebot/2.1; +http://www.google.com/bot.html)"
66.249.70.67 - - [16/Aug/2026:13:54:54 +0200] "GET /shop/customer/bookmark.php?items/E16063226562/ HTTP/1.1" 500 - "-" "Mozilla/5.0 (Linux; Android 6.0.1; Nexus 5X Build/MMB29P) AppleWebKit/537.36 (KHTML, like Gecko) Chrome/150.0.7871.186 Mobile Safari/537.36 (compatible; Googlebot/2.1; +http://www.google.com/bot.html)"
66.249.70.69 - - [16/Aug/2026:13:55:26 +0200] "GET /shop/customer/bookmark.php?items/Z1601979978/ HTTP/1.1" 500 - "-" "Mozilla/5.0 (Linux; Android 6.0.1; Nexus 5X Build/MMB29P) AppleWebKit/537.36 (KHTML, like Gecko) Chrome/150.0.7871.186 Mobile Safari/537.36 (compatible; Googlebot/2.1; +http://www.google.com/bot.html)"
66.249.70.67 - - [16/Aug/2026:13:55:37 +0200] "GET /shop/customer/bookmark.php?items/G16062947671/ HTTP/1.1" 500 - "-" "Mozilla/5.0 (Linux; Android 6.0.1; Nexus 5X Build/MMB29P) AppleWebKit/537.36 (KHTML, like Gecko) Chrome/150.0.7871.186 Mobile Safari/537.36 (compatible; Googlebot/2.1; +http://www.google.com/bot.html)"
66.249.70.68 - - [16/Aug/2026:13:56:20 +0200] "GET /shop/customer/bookmark.php?items/M1600459513/ HTTP/1.1" 500 - "-" "Mozilla/5.0 (Linux; Android 6.0.1; Nexus 5X Build/MMB29P) AppleWebKit/537.36 (KHTML, like Gecko) Chrome/150.0.7871.186 Mobile Safari/537.36 (compatible; Googlebot/2.1; +http://www.google.com/bot.html)"
66.249.70.69 - - [16/Aug/2026:13:58:04 +0200] "GET /shop/customer/bookmark.php?items/B16063239252/ HTTP/1.1" 500 - "-" "Mozilla/5.0 (Linux; Android 6.0.1; Nexus 5X Build/MMB29P) AppleWebKit/537.36 (KHTML, like Gecko) Chrome/150.0.7871.186 Mobile Safari/537.36 (compatible; Googlebot/2.1; +http://www.google.com/bot.html)"
66.249.70.67 - - [16/Aug/2026:13:58:24 +0200] "GET /shop/customer/bookmark.php?items/S1600420773/ HTTP/1.1" 500 - "-" "Mozilla/5.0 (Linux; Android 6.0.1; Nexus 5X Build/MMB29P) AppleWebKit/537.36 (KHTML, like Gecko) Chrome/150.0.7871.186 Mobile Safari/537.36 (compatible; Googlebot/2.1; +http://www.google.com/bot.html)"
66.249.70.67 - - [16/Aug/2026:13:58:43 +0200] "GET /shop/customer/bookmark.php?items/U16052700324/ HTTP/1.1" 500 - "-" "Mozilla/5.0 (compatible; Googlebot/2.1; +http://www.google.com/bot.html)"
66.249.70.67 - - [16/Aug/2026:13:59:21 +0200] "GET /shop/customer/bookmark.php?items/I16021153640/ HTTP/1.1" 500 - "-" "Mozilla/5.0 (Linux; Android 6.0.1; Nexus 5X Build/MMB29P) AppleWebKit/537.36 (KHTML, like Gecko) Chrome/150.0.7871.186 Mobile Safari/537.36 (compatible; Googlebot/2.1; +http://www.google.com/bot.html)"
66.249.70.67 - - [16/Aug/2026:13:59:39 +0200] "GET /shop/customer/bookmark.php?items/R16063244264/ HTTP/1.1" 500 - "-" "Mozilla/5.0 (Linux; Android 6.0.1; Nexus 5X Build/MMB29P) AppleWebKit/537.36 (KHTML, like Gecko) Chrome/150.0.7871.186 Mobile Safari/537.36 (compatible; Googlebot/2.1; +http://www.google.com/bot.html)"
217.156.123.33 - - [16/Aug/2026:13:59:42 +0200] "GET /wp-login.php HTTP/1.1" 500 - "https://www.bing.com/" "Mozilla/5.0 (Macintosh; Intel Mac OS X 13_6_1) AppleWebKit/605.1.15 (KHTML, like Gecko) Version/17.1 Safari/605.1.15"
66.249.70.67 - - [16/Aug/2026:13:59:55 +0200] "GET /shop/customer/bookmark.php?items/B16021423083/ HTTP/1.1" 500 - "-" "Mozilla/5.0 (Linux; Android 6.0.1; Nexus 5X Build/MMB29P) AppleWebKit/537.36 (KHTML, like Gecko) Chrome/150.0.7871.186 Mobile Safari/537.36 (compatible; Googlebot/2.1; +http://www.google.com/bot.html)"
217.156.123.33 - - [16/Aug/2026:13:59:52 +0200] "GET /wp-admin/ HTTP/1.1" 500 - "https://duckduckgo.com/" "Mozilla/5.0 (X11; Ubuntu; Linux x86_64) AppleWebKit/537.36 (KHTML, like Gecko) Chrome/120.0.0.0 Safari/537.36"
66.249.70.69 - - [16/Aug/2026:14:00:33 +0200] "GET /shop/customer/bookmark.php?items/J1600107056/ HTTP/1.1" 500 - "-" "Mozilla/5.0 (Linux; Android 6.0.1; Nexus 5X Build/MMB29P) AppleWebKit/537.36 (KHTML, like Gecko) Chrome/150.0.7871.186 Mobile Safari/537.36 (compatible; Googlebot/2.1; +http://www.google.com/bot.html)"
66.249.70.68 - - [16/Aug/2026:14:01:35 +0200] "GET /shop/customer/bookmark.php?items/J16021439483/ HTTP/1.1" 500 - "-" "Mozilla/5.0 (compatible; Googlebot/2.1; +http://www.google.com/bot.html)"
66.249.70.69 - - [16/Aug/2026:14:03:16 +0200] "GET /shop/customer/bookmark.php?items/V16021313156/ HTTP/1.1" 500 - "-" "Mozilla/5.0 (Linux; Android 6.0.1; Nexus 5X Build/MMB29P) AppleWebKit/537.36 (KHTML, like Gecko) Chrome/150.0.7871.186 Mobile Safari/537.36 (compatible; Googlebot/2.1; +http://www.google.com/bot.html)"
66.249.70.68 - - [16/Aug/2026:14:04:04 +0200] "GET /shop/customer/bookmark.php?items/Q16021353141/ HTTP/1.1" 500 - "-" "Mozilla/5.0 (compatible; Googlebot/2.1; +http://www.google.com/bot.html)"
66.249.70.67 - - [16/Aug/2026:14:05:26 +0200] "GET /shop/customer/bookmark.php?items/E16852725876/ HTTP/1.1" 500 - "-" "Mozilla/5.0 (compatible; Googlebot/2.1; +http://www.google.com/bot.html)"
66.249.70.67 - - [16/Aug/2026:14:05:59 +0200] "GET /shop/customer/bookmark.php?items/U16021157386/ HTTP/1.1" 500 - "-" "Mozilla/5.0 (Linux; Android 6.0.1; Nexus 5X Build/MMB29P) AppleWebKit/537.36 (KHTML, like Gecko) Chrome/150.0.7871.186 Mobile Safari/537.36 (compatible; Googlebot/2.1; +http://www.google.com/bot.html)"
66.249.70.67 - - [16/Aug/2026:14:06:27 +0200] "GET /shop/customer/bookmark.php?items/F1601891809/ HTTP/1.1" 500 - "-" "Mozilla/5.0 (Linux; Android 6.0.1; Nexus 5X Build/MMB29P) AppleWebKit/537.36 (KHTML, like Gecko) Chrome/150.0.7871.186 Mobile Safari/537.36 (compatible; Googlebot/2.1; +http://www.google.com/bot.html)"
66.132.172.179 - - [16/Aug/2026:14:06:54 +0200] "GET / HTTP/1.1" 500 - "-" "Mozilla/5.0 (compatible; CensysInspect/1.1; +https://about.censys.io/)"
66.249.70.67 - - [16/Aug/2026:14:07:00 +0200] "GET /shop/customer/bookmark.php?items/Y16052576447/ HTTP/1.1" 500 - "-" "Mozilla/5.0 (compatible; Googlebot/2.1; +http://www.google.com/bot.html)"
66.132.172.179 - - [16/Aug/2026:14:07:42 +0200] "GET / HTTP/1.1" 500 - "-" "Mozilla/5.0 (compatible; CensysInspect/1.1; +https://about.censys.io/)"
66.249.70.67 - - [16/Aug/2026:14:07:50 +0200] "GET /shop/customer/bookmark.php?items/Y16052576447/ HTTP/1.1" 500 - "-" "Mozilla/5.0 (compatible; Googlebot/2.1; +http://www.google.com/bot.html)"
66.249.70.67 - - [16/Aug/2026:14:08:05 +0200] "GET /shop/customer/bookmark.php?items/X16031796384/ HTTP/1.1" 500 - "-" "Mozilla/5.0 (Linux; Android 6.0.1; Nexus 5X Build/MMB29P) AppleWebKit/537.36 (KHTML, like Gecko) Chrome/150.0.7871.186 Mobile Safari/537.36 (compatible; Googlebot/2.1; +http://www.google.com/bot.html)"
66.249.70.67 - - [16/Aug/2026:14:08:35 +0200] "GET /shop/customer/bookmark.php?items/J1601536486/ HTTP/1.1" 500 - "-" "Mozilla/5.0 (Linux; Android 6.0.1; Nexus 5X Build/MMB29P) AppleWebKit/537.36 (KHTML, like Gecko) Chrome/150.0.7871.186 Mobile Safari/537.36 (compatible; Googlebot/2.1; +http://www.google.com/bot.html)"
66.249.70.69 - - [16/Aug/2026:14:09:11 +0200] "GET /shop/customer/bookmark.php?items/Q1601578861/ HTTP/1.1" 500 - "-" "Mozilla/5.0 (compatible; Googlebot/2.1; +http://www.google.com/bot.html)"
66.249.70.68 - - [16/Aug/2026:14:09:47 +0200] "GET /shop/customer/bookmark.php?items/B16042087853/ HTTP/1.1" 500 - "-" "Mozilla/5.0 (compatible; Googlebot/2.1; +http://www.google.com/bot.html)"
66.249.70.68 - - [16/Aug/2026:14:10:37 +0200] "GET /shop/customer/bookmark.php?items/V16821253425/ HTTP/1.1" 500 - "-" "Mozilla/5.0 (compatible; Googlebot/2.1; +http://www.google.com/bot.html)"
66.249.70.67 - - [16/Aug/2026:14:11:26 +0200] "GET /shop/customer/bookmark.php?items/B16042257523/ HTTP/1.1" 500 - "-" "Mozilla/5.0 (Linux; Android 6.0.1; Nexus 5X Build/MMB29P) AppleWebKit/537.36 (KHTML, like Gecko) Chrome/150.0.7871.186 Mobile Safari/537.36 (compatible; Googlebot/2.1; +http://www.google.com/bot.html)"
66.249.70.69 - - [16/Aug/2026:14:12:32 +0200] "GET /shop/customer/bookmark.php?items/A1601741609/ HTTP/1.1" 500 - "-" "Mozilla/5.0 (Linux; Android 6.0.1; Nexus 5X Build/MMB29P) AppleWebKit/537.36 (KHTML, like Gecko) Chrome/150.0.7871.186 Mobile Safari/537.36 (compatible; Googlebot/2.1; +http://www.google.com/bot.html)"
66.249.70.67 - - [16/Aug/2026:14:13:19 +0200] "GET /shop/customer/bookmark.php?items/J16042034676/ HTTP/1.1" 500 - "-" "Mozilla/5.0 (Linux; Android 6.0.1; Nexus 5X Build/MMB29P) AppleWebKit/537.36 (KHTML, like Gecko) Chrome/150.0.7871.186 Mobile Safari/537.36 (compatible; Googlebot/2.1; +http://www.google.com/bot.html)"
66.249.70.68 - - [16/Aug/2026:14:14:31 +0200] "GET /shop/customer/bookmark.php?items/E1600268432/ HTTP/1.1" 500 - "-" "Mozilla/5.0 (Linux; Android 6.0.1; Nexus 5X Build/MMB29P) AppleWebKit/537.36 (KHTML, like Gecko) Chrome/150.0.7871.186 Mobile Safari/537.36 (compatible; Googlebot/2.1; +http://www.google.com/bot.html)"
66.249.70.68 - - [16/Aug/2026:14:15:05 +0200] "GET /shop/customer/bookmark.php?items/E160058922/ HTTP/1.1" 500 - "-" "Mozilla/5.0 (Linux; Android 6.0.1; Nexus 5X Build/MMB29P) AppleWebKit/537.36 (KHTML, like Gecko) Chrome/150.0.7871.186 Mobile Safari/537.36 (compatible; Googlebot/2.1; +http://www.google.com/bot.html)"
43.159.128.247 - - [16/Aug/2026:14:15:51 +0200] "GET / HTTP/1.1" 500 - "-" "Mozilla/5.0 (iPhone; CPU iPhone OS 13_2_3 like Mac OS X) AppleWebKit/605.1.15 (KHTML, like Gecko) Version/13.0.3 Mobile/15E148 Safari/604.1"
