HEX
Server: Apache
System: Linux vmi318001.contaboserver.net 6.8.0-117-generic #117-Ubuntu SMP PREEMPT_DYNAMIC Tue May 5 19:26:24 UTC 2026 x86_64
User: boxelikax (1004)
PHP: 8.2.33
Disabled: NONE
Upload Files
File: /home/boxelikax/access-logs/pixelika.net.boxelika.com
66.249.70.67 - - [16/Aug/2026:10:57:51 +0200] "GET /shop/customer/bookmark.php?items/I1600114027/ HTTP/1.1" 500 - "-" "Mozilla/5.0 (Linux; Android 6.0.1; Nexus 5X Build/MMB29P) AppleWebKit/537.36 (KHTML, like Gecko) Chrome/150.0.7871.186 Mobile Safari/537.36 (compatible; Googlebot/2.1; +http://www.google.com/bot.html)"
74.249.206.207 - - [16/Aug/2026:10:57:49 +0200] "GET /sf.php HTTP/1.1" 500 - "-" "-"
66.249.70.69 - - [16/Aug/2026:10:58:05 +0200] "GET /shop/customer/bookmark.php?items/I1600114027/ HTTP/1.1" 500 - "-" "Mozilla/5.0 (compatible; Googlebot/2.1; +http://www.google.com/bot.html)"
74.249.206.207 - - [16/Aug/2026:10:57:58 +0200] "GET /k.php?p= HTTP/1.1" 500 - "-" "-"
74.249.206.207 - - [16/Aug/2026:10:58:12 +0200] "GET /82.php HTTP/1.1" 500 - "-" "-"
74.249.206.207 - - [16/Aug/2026:10:58:27 +0200] "GET /dex.php HTTP/1.1" 500 - "-" "-"
66.249.70.67 - - [16/Aug/2026:10:58:50 +0200] "GET /shop/customer/bookmark.php?items/Y1600390158/ HTTP/1.1" 500 - "-" "Mozilla/5.0 (compatible; Googlebot/2.1; +http://www.google.com/bot.html)"
74.249.206.207 - - [16/Aug/2026:10:58:44 +0200] "GET /jriuaaol.php HTTP/1.1" 500 - "-" "-"
66.249.70.67 - - [16/Aug/2026:10:59:02 +0200] "GET /shop/customer/bookmark.php?items/T1600142159/ HTTP/1.1" 500 - "-" "Mozilla/5.0 (Linux; Android 6.0.1; Nexus 5X Build/MMB29P) AppleWebKit/537.36 (KHTML, like Gecko) Chrome/150.0.7871.186 Mobile Safari/537.36 (compatible; Googlebot/2.1; +http://www.google.com/bot.html)"
74.249.206.207 - - [16/Aug/2026:10:58:55 +0200] "GET /puc.php HTTP/1.1" 500 - "-" "-"
74.249.206.207 - - [16/Aug/2026:10:59:08 +0200] "GET /inso.php HTTP/1.1" 500 - "-" "-"
74.249.206.207 - - [16/Aug/2026:10:59:11 +0200] "GET /wp-admin/css/colors/modern/ HTTP/1.1" 500 - "-" "-"
74.249.206.207 - - [16/Aug/2026:10:59:14 +0200] "GET /hypo.php HTTP/1.1" 500 - "-" "-"
74.249.206.207 - - [16/Aug/2026:10:59:27 +0200] "GET //wp-includes/assets/ HTTP/1.1" 500 - "-" "-"
74.249.206.207 - - [16/Aug/2026:10:59:30 +0200] "GET /wp-admin/css/colors/sunrise/ HTTP/1.1" 500 - "-" "-"
66.249.70.68 - - [16/Aug/2026:10:59:34 +0200] "GET /shop/customer/bookmark.php?items/F1600264679/ HTTP/1.1" 500 - "-" "Mozilla/5.0 (Linux; Android 6.0.1; Nexus 5X Build/MMB29P) AppleWebKit/537.36 (KHTML, like Gecko) Chrome/150.0.7871.186 Mobile Safari/537.36 (compatible; Googlebot/2.1; +http://www.google.com/bot.html)"
74.249.206.207 - - [16/Aug/2026:10:59:42 +0200] "GET //wp-includes/l10n/ HTTP/1.1" 500 - "-" "-"
74.249.206.207 - - [16/Aug/2026:10:59:55 +0200] "GET /wp-content/uploads/ HTTP/1.1" 500 - "-" "-"
74.249.206.207 - - [16/Aug/2026:10:59:58 +0200] "GET //wp-includes/js/jquery/ HTTP/1.1" 500 - "-" "-"
74.249.206.207 - - [16/Aug/2026:11:00:03 +0200] "GET //wp-content/admin.php HTTP/1.1" 500 - "-" "-"
74.249.206.207 - - [16/Aug/2026:11:00:16 +0200] "GET //adminfuns.php HTTP/1.1" 500 - "-" "-"
74.249.206.207 - - [16/Aug/2026:11:00:24 +0200] "GET /goods.php HTTP/1.1" 500 - "-" "-"
74.249.206.207 - - [16/Aug/2026:11:00:28 +0200] "GET /adminner.php HTTP/1.1" 500 - "-" "-"
74.249.206.207 - - [16/Aug/2026:11:00:42 +0200] "GET //cgi-bin/index.php HTTP/1.1" 500 - "-" "-"
66.249.70.69 - - [16/Aug/2026:11:00:41 +0200] "GET /shop/customer/bookmark.php?items/H16062824995/ HTTP/1.1" 500 - "-" "Mozilla/5.0 (compatible; Googlebot/2.1; +http://www.google.com/bot.html)"
74.249.206.207 - - [16/Aug/2026:11:00:55 +0200] "GET //wp-includes/css/dist/ HTTP/1.1" 500 - "-" "-"
74.249.206.207 - - [16/Aug/2026:11:01:09 +0200] "GET //abcd.php HTTP/1.1" 500 - "-" "-"
74.249.206.207 - - [16/Aug/2026:11:01:14 +0200] "GET /wp-content/themes/index.php HTTP/1.1" 500 - "-" "-"
66.249.70.67 - - [16/Aug/2026:11:01:15 +0200] "GET /shop/customer/bookmark.php?items/W16042007105/ HTTP/1.1" 500 - "-" "Mozilla/5.0 (compatible; Googlebot/2.1; +http://www.google.com/bot.html)"
74.249.206.207 - - [16/Aug/2026:11:01:27 +0200] "GET /wp-includes/Text/ HTTP/1.1" 500 - "-" "-"
74.249.206.207 - - [16/Aug/2026:11:01:31 +0200] "GET /wp-blog.php HTTP/1.1" 500 - "-" "-"
74.249.206.207 - - [16/Aug/2026:11:01:36 +0200] "GET /chosen.php? HTTP/1.1" 500 - "-" "-"
74.249.206.207 - - [16/Aug/2026:11:01:50 +0200] "GET /about.php? HTTP/1.1" 500 - "-" "-"
74.249.206.207 - - [16/Aug/2026:11:02:09 +0200] "GET /inputs.php? HTTP/1.1" 500 - "-" "-"
66.249.70.68 - - [16/Aug/2026:11:02:07 +0200] "GET /shop/customer/bookmark.php?items/A16021178200/ HTTP/1.1" 500 - "-" "Mozilla/5.0 (Linux; Android 6.0.1; Nexus 5X Build/MMB29P) AppleWebKit/537.36 (KHTML, like Gecko) Chrome/150.0.7871.186 Mobile Safari/537.36 (compatible; Googlebot/2.1; +http://www.google.com/bot.html)"
74.249.206.207 - - [16/Aug/2026:11:02:15 +0200] "GET /w.php HTTP/1.1" 500 - "-" "-"
74.249.206.207 - - [16/Aug/2026:11:02:30 +0200] "GET //aa.php HTTP/1.1" 500 - "-" "-"
74.249.206.207 - - [16/Aug/2026:11:02:55 +0200] "GET /1.php HTTP/1.1" 500 - "-" "-"
66.249.70.68 - - [16/Aug/2026:11:04:19 +0200] "GET /shop/customer/bookmark.php?items/R16042324872/ HTTP/1.1" 500 - "-" "Mozilla/5.0 (Linux; Android 6.0.1; Nexus 5X Build/MMB29P) AppleWebKit/537.36 (KHTML, like Gecko) Chrome/150.0.7871.186 Mobile Safari/537.36 (compatible; Googlebot/2.1; +http://www.google.com/bot.html)"
66.249.70.69 - - [16/Aug/2026:11:05:15 +0200] "GET /shop/customer/bookmark.php?items/W1601785153/ HTTP/1.1" 500 - "-" "Mozilla/5.0 (compatible; Googlebot/2.1; +http://www.google.com/bot.html)"
66.249.70.68 - - [16/Aug/2026:11:06:10 +0200] "GET /shop/customer/bookmark.php?items/C1601687697/ HTTP/1.1" 500 - "-" "Mozilla/5.0 (compatible; Googlebot/2.1; +http://www.google.com/bot.html)"
66.249.70.68 - - [16/Aug/2026:11:06:46 +0200] "GET /shop/customer/bookmark.php?items/R1681935224/ HTTP/1.1" 500 - "-" "Mozilla/5.0 (Linux; Android 6.0.1; Nexus 5X Build/MMB29P) AppleWebKit/537.36 (KHTML, like Gecko) Chrome/150.0.7871.186 Mobile Safari/537.36 (compatible; Googlebot/2.1; +http://www.google.com/bot.html)"
66.249.70.67 - - [16/Aug/2026:11:07:23 +0200] "GET /shop/customer/bookmark.php?items/O16021169440/ HTTP/1.1" 500 - "-" "Mozilla/5.0 (Linux; Android 6.0.1; Nexus 5X Build/MMB29P) AppleWebKit/537.36 (KHTML, like Gecko) Chrome/150.0.7871.186 Mobile Safari/537.36 (compatible; Googlebot/2.1; +http://www.google.com/bot.html)"
66.249.70.68 - - [16/Aug/2026:11:07:59 +0200] "GET /shop/customer/bookmark.php?items/S16021029837/ HTTP/1.1" 500 - "-" "Mozilla/5.0 (compatible; Googlebot/2.1; +http://www.google.com/bot.html)"
66.249.70.67 - - [16/Aug/2026:11:08:54 +0200] "GET /shop/customer/bookmark.php?items/Z1600439998/ HTTP/1.1" 500 - "-" "Mozilla/5.0 (Linux; Android 6.0.1; Nexus 5X Build/MMB29P) AppleWebKit/537.36 (KHTML, like Gecko) Chrome/150.0.7871.186 Mobile Safari/537.36 (compatible; Googlebot/2.1; +http://www.google.com/bot.html)"
66.249.70.67 - - [16/Aug/2026:11:10:08 +0200] "GET /shop/customer/bookmark.php?items/X16021298020/ HTTP/1.1" 500 - "-" "Mozilla/5.0 (compatible; Googlebot/2.1; +http://www.google.com/bot.html)"
66.249.70.69 - - [16/Aug/2026:11:11:03 +0200] "GET /shop/customer/bookmark.php?items/D16062771093/ HTTP/1.1" 500 - "-" "Mozilla/5.0 (compatible; Googlebot/2.1; +http://www.google.com/bot.html)"
66.249.70.68 - - [16/Aug/2026:11:12:19 +0200] "GET /shop/customer/bookmark.php?items/E16021436024/ HTTP/1.1" 500 - "-" "Mozilla/5.0 (compatible; Googlebot/2.1; +http://www.google.com/bot.html)"
66.249.70.67 - - [16/Aug/2026:11:12:35 +0200] "GET /shop/customer/bookmark.php?items/L1600109379/ HTTP/1.1" 500 - "-" "Mozilla/5.0 (Linux; Android 6.0.1; Nexus 5X Build/MMB29P) AppleWebKit/537.36 (KHTML, like Gecko) Chrome/150.0.7871.186 Mobile Safari/537.36 (compatible; Googlebot/2.1; +http://www.google.com/bot.html)"
66.249.70.67 - - [16/Aug/2026:11:13:48 +0200] "GET /shop/customer/bookmark.php?items/F16052582572/ HTTP/1.1" 500 - "-" "Mozilla/5.0 (Linux; Android 6.0.1; Nexus 5X Build/MMB29P) AppleWebKit/537.36 (KHTML, like Gecko) Chrome/150.0.7871.186 Mobile Safari/537.36 (compatible; Googlebot/2.1; +http://www.google.com/bot.html)"
66.249.70.68 - - [16/Aug/2026:11:14:24 +0200] "GET /shop/customer/bookmark.php?items/T16021131688/ HTTP/1.1" 500 - "-" "Mozilla/5.0 (compatible; Googlebot/2.1; +http://www.google.com/bot.html)"
66.249.70.68 - - [16/Aug/2026:11:14:39 +0200] "GET /shop/customer/bookmark.php?items/N1601714726/ HTTP/1.1" 500 - "-" "Mozilla/5.0 (Linux; Android 6.0.1; Nexus 5X Build/MMB29P) AppleWebKit/537.36 (KHTML, like Gecko) Chrome/150.0.7871.186 Mobile Safari/537.36 (compatible; Googlebot/2.1; +http://www.google.com/bot.html)"
66.249.70.68 - - [16/Aug/2026:11:15:26 +0200] "GET /shop/customer/bookmark.php?items/A16063040239/ HTTP/1.1" 500 - "-" "Mozilla/5.0 (compatible; Googlebot/2.1; +http://www.google.com/bot.html)"
66.249.70.68 - - [16/Aug/2026:11:16:17 +0200] "GET /shop/customer/bookmark.php?items/L16063051997/ HTTP/1.1" 500 - "-" "Mozilla/5.0 (Linux; Android 6.0.1; Nexus 5X Build/MMB29P) AppleWebKit/537.36 (KHTML, like Gecko) Chrome/150.0.7871.186 Mobile Safari/537.36 (compatible; Googlebot/2.1; +http://www.google.com/bot.html)"
66.249.70.67 - - [16/Aug/2026:11:17:04 +0200] "GET /shop/customer/bookmark.php?items/P16063105734/ HTTP/1.1" 500 - "-" "Mozilla/5.0 (compatible; Googlebot/2.1; +http://www.google.com/bot.html)"
66.249.70.69 - - [16/Aug/2026:11:18:01 +0200] "GET /shop/customer/bookmark.php?items/A16063198676/ HTTP/1.1" 500 - "-" "Mozilla/5.0 (compatible; Googlebot/2.1; +http://www.google.com/bot.html)"
66.249.70.69 - - [16/Aug/2026:11:19:26 +0200] "GET /shop/customer/bookmark.php?items/A16063172169/ HTTP/1.1" 500 - "-" "Mozilla/5.0 (Linux; Android 6.0.1; Nexus 5X Build/MMB29P) AppleWebKit/537.36 (KHTML, like Gecko) Chrome/150.0.7871.186 Mobile Safari/537.36 (compatible; Googlebot/2.1; +http://www.google.com/bot.html)"
66.249.70.68 - - [16/Aug/2026:11:19:40 +0200] "GET /shop/customer/bookmark.php?items/M16021203636/ HTTP/1.1" 500 - "-" "Mozilla/5.0 (Linux; Android 6.0.1; Nexus 5X Build/MMB29P) AppleWebKit/537.36 (KHTML, like Gecko) Chrome/150.0.7871.186 Mobile Safari/537.36 (compatible; Googlebot/2.1; +http://www.google.com/bot.html)"
66.249.70.67 - - [16/Aug/2026:11:19:52 +0200] "GET /shop/customer/bookmark.php?items/T16063098714/ HTTP/1.1" 500 - "-" "Mozilla/5.0 (Linux; Android 6.0.1; Nexus 5X Build/MMB29P) AppleWebKit/537.36 (KHTML, like Gecko) Chrome/150.0.7871.186 Mobile Safari/537.36 (compatible; Googlebot/2.1; +http://www.google.com/bot.html)"
66.249.70.67 - - [16/Aug/2026:11:20:49 +0200] "GET /shop/customer/bookmark.php?items/F1600285140/ HTTP/1.1" 500 - "-" "Mozilla/5.0 (Linux; Android 6.0.1; Nexus 5X Build/MMB29P) AppleWebKit/537.36 (KHTML, like Gecko) Chrome/150.0.7871.186 Mobile Safari/537.36 (compatible; Googlebot/2.1; +http://www.google.com/bot.html)"
66.249.70.69 - - [16/Aug/2026:11:21:10 +0200] "GET /shop/customer/bookmark.php?items/S16936676120/ HTTP/1.1" 500 - "-" "Mozilla/5.0 (compatible; Googlebot/2.1; +http://www.google.com/bot.html)"
66.249.70.68 - - [16/Aug/2026:11:21:30 +0200] "GET /shop/customer/bookmark.php?items/K16063094728/ HTTP/1.1" 500 - "-" "Mozilla/5.0 (compatible; Googlebot/2.1; +http://www.google.com/bot.html)"
66.249.70.67 - - [16/Aug/2026:11:21:38 +0200] "GET /shop/customer/bookmark.php?items/O16062858911/ HTTP/1.1" 500 - "-" "Mozilla/5.0 (compatible; Googlebot/2.1; +http://www.google.com/bot.html)"
66.249.70.68 - - [16/Aug/2026:11:22:08 +0200] "GET / HTTP/1.1" 500 - "-" "Mozilla/5.0 (Linux; Android 6.0.1; Nexus 5X Build/MMB29P) AppleWebKit/537.36 (KHTML, like Gecko) Chrome/99.0.4844.84 Mobile Safari/537.36 (compatible; Googlebot/2.1; +http://www.google.com/bot.html)"
66.249.70.68 - - [16/Aug/2026:11:22:20 +0200] "GET /shop/customer/bookmark.php?items/K16063094728/ HTTP/1.1" 500 - "-" "Mozilla/5.0 (compatible; Googlebot/2.1; +http://www.google.com/bot.html)"
66.249.70.67 - - [16/Aug/2026:11:22:30 +0200] "GET /shop/customer/bookmark.php?items/Z160021159/ HTTP/1.1" 500 - "-" "Mozilla/5.0 (Linux; Android 6.0.1; Nexus 5X Build/MMB29P) AppleWebKit/537.36 (KHTML, like Gecko) Chrome/150.0.7871.186 Mobile Safari/537.36 (compatible; Googlebot/2.1; +http://www.google.com/bot.html)"
66.249.70.68 - - [16/Aug/2026:11:23:07 +0200] "GET /shop/customer/bookmark.php?items/O160064682/ HTTP/1.1" 500 - "-" "Mozilla/5.0 (compatible; Googlebot/2.1; +http://www.google.com/bot.html)"
66.249.70.67 - - [16/Aug/2026:11:24:18 +0200] "GET /shop/customer/bookmark.php?items/R16042368460/ HTTP/1.1" 500 - "-" "Mozilla/5.0 (Linux; Android 6.0.1; Nexus 5X Build/MMB29P) AppleWebKit/537.36 (KHTML, like Gecko) Chrome/150.0.7871.186 Mobile Safari/537.36 (compatible; Googlebot/2.1; +http://www.google.com/bot.html)"
66.249.70.67 - - [16/Aug/2026:11:24:41 +0200] "GET / HTTP/1.1" 500 - "-" "Mozilla/5.0 (compatible; Googlebot/2.1; +http://www.google.com/bot.html)"
66.249.70.67 - - [16/Aug/2026:11:25:37 +0200] "GET /shop/customer/bookmark.php?items/S1601518283/ HTTP/1.1" 500 - "-" "Mozilla/5.0 (compatible; Googlebot/2.1; +http://www.google.com/bot.html)"
66.249.70.68 - - [16/Aug/2026:11:25:49 +0200] "GET / HTTP/1.1" 500 - "-" "Mozilla/5.0 (Linux; Android 6.0.1; Nexus 5X Build/MMB29P) AppleWebKit/537.36 (KHTML, like Gecko) Chrome/150.0.7871.186 Mobile Safari/537.36 (compatible; Googlebot/2.1; +http://www.google.com/bot.html)"
66.249.70.67 - - [16/Aug/2026:11:26:35 +0200] "GET /shop/customer/bookmark.php?items/J16052688080/ HTTP/1.1" 500 - "-" "Mozilla/5.0 (compatible; Googlebot/2.1; +http://www.google.com/bot.html)"
66.249.70.67 - - [16/Aug/2026:11:26:57 +0200] "GET /shop/customer/bookmark.php?items/K1600324146/ HTTP/1.1" 500 - "-" "Mozilla/5.0 (compatible; Googlebot/2.1; +http://www.google.com/bot.html)"
66.249.70.67 - - [16/Aug/2026:11:27:28 +0200] "GET /shop/customer/bookmark.php?items/P16042164361/ HTTP/1.1" 500 - "-" "Mozilla/5.0 (compatible; Googlebot/2.1; +http://www.google.com/bot.html)"
66.249.70.68 - - [16/Aug/2026:11:28:31 +0200] "GET /shop/customer/bookmark.php?items/Q16042099906/ HTTP/1.1" 500 - "-" "Mozilla/5.0 (Linux; Android 6.0.1; Nexus 5X Build/MMB29P) AppleWebKit/537.36 (KHTML, like Gecko) Chrome/150.0.7871.186 Mobile Safari/537.36 (compatible; Googlebot/2.1; +http://www.google.com/bot.html)"
66.249.70.67 - - [16/Aug/2026:11:29:16 +0200] "GET / HTTP/1.1" 500 - "-" "Mozilla/5.0 (compatible; Googlebot/2.1; +http://www.google.com/bot.html)"
66.249.70.69 - - [16/Aug/2026:11:30:42 +0200] "GET /shop/customer/bookmark.php?items/W160092226/ HTTP/1.1" 500 - "-" "Mozilla/5.0 (Linux; Android 6.0.1; Nexus 5X Build/MMB29P) AppleWebKit/537.36 (KHTML, like Gecko) Chrome/150.0.7871.186 Mobile Safari/537.36 (compatible; Googlebot/2.1; +http://www.google.com/bot.html)"
66.249.70.67 - - [16/Aug/2026:11:30:57 +0200] "GET /shop/customer/bookmark.php?items/L16042011246/ HTTP/1.1" 500 - "-" "Mozilla/5.0 (compatible; Googlebot/2.1; +http://www.google.com/bot.html)"
66.249.70.67 - - [16/Aug/2026:11:31:13 +0200] "GET /shop/customer/bookmark.php?items/L16042011246/ HTTP/1.1" 500 - "-" "Mozilla/5.0 (Linux; Android 6.0.1; Nexus 5X Build/MMB29P) AppleWebKit/537.36 (KHTML, like Gecko) Chrome/150.0.7871.186 Mobile Safari/537.36 (compatible; Googlebot/2.1; +http://www.google.com/bot.html)"
66.249.70.67 - - [16/Aug/2026:11:31:59 +0200] "GET /shop/customer/bookmark.php?items/Y16052722184/ HTTP/1.1" 500 - "-" "Mozilla/5.0 (compatible; Googlebot/2.1; +http://www.google.com/bot.html)"
66.249.70.67 - - [16/Aug/2026:11:32:50 +0200] "GET /shop/customer/bookmark.php?items/T16062786595/ HTTP/1.1" 500 - "-" "Mozilla/5.0 (compatible; Googlebot/2.1; +http://www.google.com/bot.html)"
66.249.70.67 - - [16/Aug/2026:11:34:39 +0200] "GET /shop/customer/bookmark.php?items/F16021055179/ HTTP/1.1" 500 - "-" "Mozilla/5.0 (compatible; Googlebot/2.1; +http://www.google.com/bot.html)"
66.249.70.69 - - [16/Aug/2026:11:35:28 +0200] "GET /shop/customer/bookmark.php?items/V16021317920/ HTTP/1.1" 500 - "-" "Mozilla/5.0 (compatible; Googlebot/2.1; +http://www.google.com/bot.html)"
66.249.70.69 - - [16/Aug/2026:11:36:15 +0200] "GET /shop/customer/bookmark.php?items/L16042464938/ HTTP/1.1" 500 - "-" "Mozilla/5.0 (compatible; Googlebot/2.1; +http://www.google.com/bot.html)"
66.249.70.68 - - [16/Aug/2026:11:36:50 +0200] "GET /shop/customer/bookmark.php?items/R16042309720/ HTTP/1.1" 500 - "-" "Mozilla/5.0 (Linux; Android 6.0.1; Nexus 5X Build/MMB29P) AppleWebKit/537.36 (KHTML, like Gecko) Chrome/150.0.7871.186 Mobile Safari/537.36 (compatible; Googlebot/2.1; +http://www.google.com/bot.html)"
66.249.70.69 - - [16/Aug/2026:11:39:41 +0200] "GET /shop/customer/bookmark.php?items/H1600124522/ HTTP/1.1" 500 - "-" "Mozilla/5.0 (Linux; Android 6.0.1; Nexus 5X Build/MMB29P) AppleWebKit/537.36 (KHTML, like Gecko) Chrome/150.0.7871.186 Mobile Safari/537.36 (compatible; Googlebot/2.1; +http://www.google.com/bot.html)"
66.249.70.68 - - [16/Aug/2026:11:40:39 +0200] "GET /shop/customer/bookmark.php?items/U16021030944/ HTTP/1.1" 500 - "-" "Mozilla/5.0 (compatible; Googlebot/2.1; +http://www.google.com/bot.html)"
66.249.70.67 - - [16/Aug/2026:11:42:02 +0200] "GET /shop/customer/bookmark.php?items/S1681762838/ HTTP/1.1" 500 - "-" "Mozilla/5.0 (Linux; Android 6.0.1; Nexus 5X Build/MMB29P) AppleWebKit/537.36 (KHTML, like Gecko) Chrome/150.0.7871.186 Mobile Safari/537.36 (compatible; Googlebot/2.1; +http://www.google.com/bot.html)"
173.252.70.27 - - [16/Aug/2026:11:42:18 +0200] "GET /robots.txt HTTP/1.1" 200 408 "-" "facebookexternalhit/1.1 (+http://www.facebook.com/externalhit_uatext.php)"
66.249.70.68 - - [16/Aug/2026:11:42:16 +0200] "GET /shop/customer/bookmark.php?items/N1601579004/ HTTP/1.1" 500 - "-" "Mozilla/5.0 (compatible; Googlebot/2.1; +http://www.google.com/bot.html)"
66.249.70.69 - - [16/Aug/2026:11:44:06 +0200] "GET /shop/customer/bookmark.php?items/L16021022974/ HTTP/1.1" 500 - "-" "Mozilla/5.0 (Linux; Android 6.0.1; Nexus 5X Build/MMB29P) AppleWebKit/537.36 (KHTML, like Gecko) Chrome/150.0.7871.186 Mobile Safari/537.36 (compatible; Googlebot/2.1; +http://www.google.com/bot.html)"
66.249.64.1 - - [16/Aug/2026:11:44:40 +0200] "GET /robots.txt HTTP/1.1" 500 - "-" "Mozilla/5.0 (compatible; Googlebot/2.1; +http://www.google.com/bot.html)"
66.249.64.15 - - [16/Aug/2026:11:44:51 +0200] "GET / HTTP/1.1" 500 - "-" "Mozilla/5.0 (compatible; Googlebot/2.1; +http://www.google.com/bot.html)"
66.249.70.67 - - [16/Aug/2026:11:45:19 +0200] "GET /shop/customer/bookmark.php?items/A1601925384/ HTTP/1.1" 500 - "-" "Mozilla/5.0 (compatible; Googlebot/2.1; +http://www.google.com/bot.html)"
66.249.70.68 - - [16/Aug/2026:11:45:52 +0200] "GET /shop/customer/bookmark.php?items/Z1600471928/ HTTP/1.1" 500 - "-" "Mozilla/5.0 (Linux; Android 6.0.1; Nexus 5X Build/MMB29P) AppleWebKit/537.36 (KHTML, like Gecko) Chrome/150.0.7871.186 Mobile Safari/537.36 (compatible; Googlebot/2.1; +http://www.google.com/bot.html)"
66.249.70.68 - - [16/Aug/2026:11:46:05 +0200] "GET /shop/customer/bookmark.php?items/I16042097100/ HTTP/1.1" 500 - "-" "Mozilla/5.0 (Linux; Android 6.0.1; Nexus 5X Build/MMB29P) AppleWebKit/537.36 (KHTML, like Gecko) Chrome/150.0.7871.186 Mobile Safari/537.36 (compatible; Googlebot/2.1; +http://www.google.com/bot.html)"
51.116.232.28 - - [16/Aug/2026:11:46:11 +0200] "GET /wp-content/plugins/hellopress/wp_filemanager.php HTTP/1.1" 500 - "-" "-"
51.116.232.28 - - [16/Aug/2026:11:46:22 +0200] "GET /this_is_a_new_hello_world.php HTTP/1.1" 500 - "-" "-"
51.116.232.28 - - [16/Aug/2026:11:46:34 +0200] "GET /x.php HTTP/1.1" 500 - "-" "-"
51.116.232.28 - - [16/Aug/2026:11:46:45 +0200] "GET /mgrr.php HTTP/1.1" 500 - "-" "-"
66.249.70.67 - - [16/Aug/2026:11:46:53 +0200] "GET /shop/customer/bookmark.php?items/N16021037595/ HTTP/1.1" 500 - "-" "Mozilla/5.0 (Linux; Android 6.0.1; Nexus 5X Build/MMB29P) AppleWebKit/537.36 (KHTML, like Gecko) Chrome/150.0.7871.186 Mobile Safari/537.36 (compatible; Googlebot/2.1; +http://www.google.com/bot.html)"
51.116.232.28 - - [16/Aug/2026:11:46:46 +0200] "GET /domvf.php HTTP/1.1" 500 - "-" "-"
51.116.232.28 - - [16/Aug/2026:11:46:57 +0200] "GET /dyt8mjxc3yofbkoriukvgjaCdefault.php HTTP/1.1" 500 - "-" "-"
51.116.232.28 - - [16/Aug/2026:11:47:00 +0200] "GET /gec.php HTTP/1.1" 500 - "-" "-"
51.116.232.28 - - [16/Aug/2026:11:47:02 +0200] "GET /sky.php HTTP/1.1" 500 - "-" "-"
51.116.232.28 - - [16/Aug/2026:11:47:03 +0200] "GET /fffm.php HTTP/1.1" 500 - "-" "-"
51.116.232.28 - - [16/Aug/2026:11:47:14 +0200] "GET /sixxis.php HTTP/1.1" 500 - "-" "-"
51.116.232.28 - - [16/Aug/2026:11:47:16 +0200] "GET /yj09.php HTTP/1.1" 500 - "-" "-"
66.249.70.67 - - [16/Aug/2026:11:47:27 +0200] "GET /shop/customer/bookmark.php?items/F16062879862/ HTTP/1.1" 500 - "-" "Mozilla/5.0 (compatible; Googlebot/2.1; +http://www.google.com/bot.html)"
51.116.232.28 - - [16/Aug/2026:11:47:27 +0200] "GET /k.php HTTP/1.1" 500 - "-" "-"
51.116.232.28 - - [16/Aug/2026:11:47:39 +0200] "GET /w.php HTTP/1.1" 500 - "-" "-"
51.116.232.28 - - [16/Aug/2026:11:48:06 +0200] "GET /w2025.php HTTP/1.1" 500 - "-" "-"
51.116.232.28 - - [16/Aug/2026:11:48:10 +0200] "GET /FWAZ.php HTTP/1.1" 500 - "-" "-"
51.116.232.28 - - [16/Aug/2026:11:48:15 +0200] "GET /qterm.php?p= HTTP/1.1" 500 - "-" "-"
51.116.232.28 - - [16/Aug/2026:11:48:19 +0200] "GET /blurbs.php HTTP/1.1" 500 - "-" "-"
51.116.232.28 - - [16/Aug/2026:11:48:22 +0200] "GET /wp-ws68.php?p= HTTP/1.1" 500 - "-" "-"
51.116.232.28 - - [16/Aug/2026:11:47:51 +0200] "GET /fpwch.php HTTP/1.1" 500 - "-" "-"
66.249.70.68 - - [16/Aug/2026:11:48:30 +0200] "GET /shop/customer/bookmark.php?items/D1601722382/ HTTP/1.1" 500 - "-" "Mozilla/5.0 (compatible; Googlebot/2.1; +http://www.google.com/bot.html)"
51.116.232.28 - - [16/Aug/2026:11:48:25 +0200] "GET /rt.php HTTP/1.1" 500 - "-" "-"
51.116.232.28 - - [16/Aug/2026:11:48:36 +0200] "GET /100.php HTTP/1.1" 500 - "-" "-"
51.116.232.28 - - [16/Aug/2026:11:48:47 +0200] "GET /ccc.php?p= HTTP/1.1" 500 - "-" "-"
51.116.232.28 - - [16/Aug/2026:11:48:51 +0200] "GET /get.php HTTP/1.1" 500 - "-" "-"
66.249.70.67 - - [16/Aug/2026:11:48:48 +0200] "GET /shop/customer/bookmark.php?items/O16968072461/ HTTP/1.1" 500 - "-" "Mozilla/5.0 (compatible; Googlebot/2.1; +http://www.google.com/bot.html)"
51.116.232.28 - - [16/Aug/2026:11:48:55 +0200] "GET /images.php HTTP/1.1" 500 - "-" "-"
51.116.232.28 - - [16/Aug/2026:11:49:06 +0200] "GET /alls.php HTTP/1.1" 500 - "-" "-"
51.116.232.28 - - [16/Aug/2026:11:49:10 +0200] "GET /coffexium.php HTTP/1.1" 500 - "-" "-"
51.116.232.28 - - [16/Aug/2026:11:49:24 +0200] "GET /red.php HTTP/1.1" 500 - "-" "-"
51.116.232.28 - - [16/Aug/2026:11:49:37 +0200] "GET /wp-includes/sodium_compat/ HTTP/1.1" 500 - "-" "-"
51.116.232.28 - - [16/Aug/2026:11:49:51 +0200] "GET /wp-includes/Text/ HTTP/1.1" 500 - "-" "-"
51.116.232.28 - - [16/Aug/2026:11:49:54 +0200] "GET /wp-content/uploads/ HTTP/1.1" 500 - "-" "-"
51.116.232.28 - - [16/Aug/2026:11:50:06 +0200] "GET /wp-content/index.php HTTP/1.1" 500 - "-" "-"
51.116.232.28 - - [16/Aug/2026:11:50:09 +0200] "GET ///admin.php HTTP/1.1" 500 - "-" "-"
51.116.232.28 - - [16/Aug/2026:11:50:22 +0200] "GET /file52.php HTTP/1.1" 500 - "-" "-"
51.116.232.28 - - [16/Aug/2026:11:50:34 +0200] "GET /geck.php HTTP/1.1" 500 - "-" "-"
51.116.232.28 - - [16/Aug/2026:11:50:46 +0200] "GET /biufile.php HTTP/1.1" 500 - "-" "-"
66.249.70.68 - - [16/Aug/2026:11:50:46 +0200] "GET /shop/customer/bookmark.php?items/I1600228195/ HTTP/1.1" 500 - "-" "Mozilla/5.0 (compatible; Googlebot/2.1; +http://www.google.com/bot.html)"
51.116.232.28 - - [16/Aug/2026:11:50:50 +0200] "GET /dejavu.php HTTP/1.1" 500 - "-" "-"
51.116.232.28 - - [16/Aug/2026:11:51:03 +0200] "GET /aaf.php HTTP/1.1" 500 - "-" "-"
51.116.232.28 - - [16/Aug/2026:11:51:06 +0200] "GET /h02ugyh.php HTTP/1.1" 500 - "-" "-"
51.116.232.28 - - [16/Aug/2026:11:51:19 +0200] "GET /155.php HTTP/1.1" 500 - "-" "-"
51.116.232.28 - - [16/Aug/2026:11:51:23 +0200] "GET /ops.php HTTP/1.1" 500 - "-" "-"
51.116.232.28 - - [16/Aug/2026:11:51:28 +0200] "GET /mac.php HTTP/1.1" 500 - "-" "-"
66.249.70.68 - - [16/Aug/2026:11:51:38 +0200] "GET /shop/customer/bookmark.php?items/C1601848592/ HTTP/1.1" 500 - "-" "Mozilla/5.0 (compatible; Googlebot/2.1; +http://www.google.com/bot.html)"
51.116.232.28 - - [16/Aug/2026:11:51:43 +0200] "GET /wp-includes/blocks/post-comments-form/ HTTP/1.1" 500 - "-" "-"
51.116.232.28 - - [16/Aug/2026:11:51:55 +0200] "GET /wp-admin/js/ HTTP/1.1" 500 - "-" "-"
51.116.232.28 - - [16/Aug/2026:11:52:01 +0200] "GET /makeasmtp.php?p= HTTP/1.1" 500 - "-" "-"
51.116.232.28 - - [16/Aug/2026:11:52:14 +0200] "GET /wp-includes/ID3/about.php HTTP/1.1" 500 - "-" "-"
51.116.232.28 - - [16/Aug/2026:11:52:17 +0200] "GET /system_log.php HTTP/1.1" 500 - "-" "-"
51.116.232.28 - - [16/Aug/2026:11:52:20 +0200] "GET /wp-admin/css/ HTTP/1.1" 500 - "-" "-"
51.116.232.28 - - [16/Aug/2026:11:52:23 +0200] "GET /wp-admin/css/colors/modern/ HTTP/1.1" 500 - "-" "-"
51.116.232.28 - - [16/Aug/2026:11:52:35 +0200] "GET /pucci.php HTTP/1.1" 500 - "-" "-"
51.116.232.28 - - [16/Aug/2026:11:52:39 +0200] "GET /wp-includes/blocks/details/ HTTP/1.1" 500 - "-" "-"
51.116.232.28 - - [16/Aug/2026:11:52:54 +0200] "GET /wp-includes/blocks/audio/ HTTP/1.1" 500 - "-" "-"
66.249.70.69 - - [16/Aug/2026:11:53:08 +0200] "GET /shop/customer/bookmark.php?items/V16063209100/ HTTP/1.1" 500 - "-" "Mozilla/5.0 (compatible; Googlebot/2.1; +http://www.google.com/bot.html)"
51.116.232.28 - - [16/Aug/2026:11:53:06 +0200] "GET /wp-temp.php HTTP/1.1" 500 - "-" "-"
51.116.232.28 - - [16/Aug/2026:11:53:17 +0200] "GET //wp-admin/js/index.php HTTP/1.1" 500 - "-" "-"
66.249.70.68 - - [16/Aug/2026:11:53:23 +0200] "GET /shop/customer/bookmark.php?items/T16042307119/ HTTP/1.1" 500 - "-" "Mozilla/5.0 (compatible; Googlebot/2.1; +http://www.google.com/bot.html)"
51.116.232.28 - - [16/Aug/2026:11:53:20 +0200] "GET /puc.php HTTP/1.1" 500 - "-" "-"
66.249.70.67 - - [16/Aug/2026:11:53:36 +0200] "GET /shop/customer/bookmark.php?items/K1600417393/ HTTP/1.1" 500 - "-" "Mozilla/5.0 (compatible; Googlebot/2.1; +http://www.google.com/bot.html)"
51.116.232.28 - - [16/Aug/2026:11:53:32 +0200] "GET //wp-includes/Requests/ HTTP/1.1" 500 - "-" "-"
51.116.232.28 - - [16/Aug/2026:11:53:44 +0200] "GET /8.php HTTP/1.1" 500 - "-" "-"
51.116.232.28 - - [16/Aug/2026:11:53:55 +0200] "GET /1.php HTTP/1.1" 500 - "-" "-"
51.116.232.28 - - [16/Aug/2026:11:54:09 +0200] "GET /about.php HTTP/1.1" 500 - "-" "-"
51.116.232.28 - - [16/Aug/2026:11:54:15 +0200] "GET //admin.php HTTP/1.1" 500 - "-" "-"
66.249.70.69 - - [16/Aug/2026:11:54:19 +0200] "GET /shop/customer/bookmark.php?items/V1601656195/ HTTP/1.1" 500 - "-" "Mozilla/5.0 (compatible; Googlebot/2.1; +http://www.google.com/bot.html)"
51.116.232.28 - - [16/Aug/2026:11:54:30 +0200] "GET //edit.php HTTP/1.1" 500 - "-" "-"
51.116.232.28 - - [16/Aug/2026:11:54:45 +0200] "GET /wp-content/admin.php HTTP/1.1" 500 - "-" "-"
51.116.232.28 - - [16/Aug/2026:11:54:58 +0200] "GET /inputs.php HTTP/1.1" 500 - "-" "-"
51.116.232.28 - - [16/Aug/2026:11:55:00 +0200] "GET //av.php HTTP/1.1" 500 - "-" "-"
66.249.70.67 - - [16/Aug/2026:11:55:01 +0200] "GET /shop/customer/bookmark.php?items/U1600273514/ HTTP/1.1" 500 - "-" "Mozilla/5.0 (Linux; Android 6.0.1; Nexus 5X Build/MMB29P) AppleWebKit/537.36 (KHTML, like Gecko) Chrome/150.0.7871.186 Mobile Safari/537.36 (compatible; Googlebot/2.1; +http://www.google.com/bot.html)"
51.116.232.28 - - [16/Aug/2026:11:55:11 +0200] "GET /classwithtostring.php?p= HTTP/1.1" 500 - "-" "-"
51.116.232.28 - - [16/Aug/2026:11:55:21 +0200] "GET /wp-content/themes/index.php HTTP/1.1" 500 - "-" "-"
51.116.232.28 - - [16/Aug/2026:11:55:30 +0200] "GET /wp-blog.php HTTP/1.1" 500 - "-" "-"
51.116.232.28 - - [16/Aug/2026:11:55:31 +0200] "GET //wp-includes/js/jquery/ HTTP/1.1" 500 - "-" "-"
51.116.232.28 - - [16/Aug/2026:11:55:40 +0200] "GET //adminfuns.php HTTP/1.1" 500 - "-" "-"
51.116.232.28 - - [16/Aug/2026:11:55:40 +0200] "GET /ms-edit.php HTTP/1.1" 500 - "-" "-"
51.116.232.28 - - [16/Aug/2026:11:55:49 +0200] "GET /222.php HTTP/1.1" 500 - "-" "-"
51.116.232.28 - - [16/Aug/2026:11:55:59 +0200] "GET //cgi-bin/index.php HTTP/1.1" 500 - "-" "-"
51.116.232.28 - - [16/Aug/2026:11:55:59 +0200] "GET /BDKR28WP.php HTTP/1.1" 500 - "-" "-"
51.116.232.28 - - [16/Aug/2026:11:56:00 +0200] "GET //wp-includes/l10n/ HTTP/1.1" 500 - "-" "-"
51.116.232.28 - - [16/Aug/2026:11:56:00 +0200] "GET /wp.php HTTP/1.1" 500 - "-" "-"
66.249.70.68 - - [16/Aug/2026:11:56:03 +0200] "GET /shop/customer/bookmark.php?items/J16063041702/ HTTP/1.1" 500 - "-" "Mozilla/5.0 (compatible; Googlebot/2.1; +http://www.google.com/bot.html)"
51.116.232.28 - - [16/Aug/2026:11:56:11 +0200] "GET /i.php HTTP/1.1" 500 - "-" "-"
51.116.232.28 - - [16/Aug/2026:11:56:21 +0200] "GET //abcd.php HTTP/1.1" 500 - "-" "-"
51.116.232.28 - - [16/Aug/2026:11:56:32 +0200] "GET /wp-manager.php HTTP/1.1" 500 - "-" "-"
51.116.232.28 - - [16/Aug/2026:11:56:59 +0200] "GET //cgi-bin/admin.php HTTP/1.1" 500 - "-" "-"
51.116.232.28 - - [16/Aug/2026:11:57:09 +0200] "GET /wp-content/ HTTP/1.1" 500 - "-" "-"
51.116.232.28 - - [16/Aug/2026:11:57:12 +0200] "GET /simple.php HTTP/1.1" 500 - "-" "-"
51.116.232.28 - - [16/Aug/2026:11:57:15 +0200] "GET /xxx.php HTTP/1.1" 500 - "-" "-"
51.116.232.28 - - [16/Aug/2026:11:57:19 +0200] "GET /hypo.php HTTP/1.1" 500 - "-" "-"
51.116.232.28 - - [16/Aug/2026:11:57:34 +0200] "GET /wp-admin/css/colors/blue/ HTTP/1.1" 500 - "-" "-"
51.116.232.28 - - [16/Aug/2026:11:56:44 +0200] "GET /wp-includes/Text/Diff/Engine/about.php HTTP/1.1" 500 - "-" "-"
51.116.232.28 - - [16/Aug/2026:11:57:44 +0200] "GET /chosen.php HTTP/1.1" 500 - "-" "-"
51.116.232.28 - - [16/Aug/2026:11:57:54 +0200] "GET //wp-includes/block-bindings/ HTTP/1.1" 500 - "-" "-"
51.116.232.28 - - [16/Aug/2026:11:57:55 +0200] "GET /als.php HTTP/1.1" 500 - "-" "-"
51.116.232.28 - - [16/Aug/2026:11:58:06 +0200] "GET /nox.php HTTP/1.1" 500 - "-" "-"
51.116.232.28 - - [16/Aug/2026:11:58:08 +0200] "GET /file59.php HTTP/1.1" 500 - "-" "-"
51.116.232.28 - - [16/Aug/2026:11:58:09 +0200] "GET /admin.php? HTTP/1.1" 500 - "-" "-"
51.116.232.28 - - [16/Aug/2026:11:58:20 +0200] "GET /aa2.php HTTP/1.1" 500 - "-" "-"
51.116.232.28 - - [16/Aug/2026:11:58:30 +0200] "GET /xamp.php HTTP/1.1" 500 - "-" "-"
51.116.232.28 - - [16/Aug/2026:11:58:33 +0200] "GET /bless.php HTTP/1.1" 500 - "-" "-"
51.116.232.28 - - [16/Aug/2026:11:58:43 +0200] "GET /file25.php HTTP/1.1" 500 - "-" "-"
66.249.70.69 - - [16/Aug/2026:11:58:45 +0200] "GET /shop/customer/bookmark.php?items/V16042427608/ HTTP/1.1" 500 - "-" "Mozilla/5.0 (Linux; Android 6.0.1; Nexus 5X Build/MMB29P) AppleWebKit/537.36 (KHTML, like Gecko) Chrome/150.0.7871.186 Mobile Safari/537.36 (compatible; Googlebot/2.1; +http://www.google.com/bot.html)"
51.116.232.28 - - [16/Aug/2026:11:58:54 +0200] "GET /file15.php HTTP/1.1" 500 - "-" "-"
51.116.232.28 - - [16/Aug/2026:11:58:56 +0200] "GET /f35.php HTTP/1.1" 500 - "-" "-"
51.116.232.28 - - [16/Aug/2026:11:59:06 +0200] "GET /wp-load.php HTTP/1.1" 500 - "-" "-"
51.116.232.28 - - [16/Aug/2026:11:59:07 +0200] "GET //wp-includes/assets/ HTTP/1.1" 500 - "-" "-"
51.116.232.28 - - [16/Aug/2026:11:59:17 +0200] "GET /wp-admin/css/colors/sunrise/ HTTP/1.1" 500 - "-" "-"
66.249.70.69 - - [16/Aug/2026:11:59:26 +0200] "GET /shop/customer/bookmark.php?items/A1601744874/ HTTP/1.1" 500 - "-" "Mozilla/5.0 (compatible; Googlebot/2.1; +http://www.google.com/bot.html)"
51.116.232.28 - - [16/Aug/2026:11:59:26 +0200] "GET /wp-admin/network/plugins.php HTTP/1.1" 500 - "-" "-"
51.116.232.28 - - [16/Aug/2026:11:59:35 +0200] "GET /aaa.php HTTP/1.1" 500 - "-" "-"
51.116.232.28 - - [16/Aug/2026:11:59:45 +0200] "GET /gecko.php HTTP/1.1" 500 - "-" "-"
51.116.232.28 - - [16/Aug/2026:11:59:56 +0200] "GET /xiugai.php?p= HTTP/1.1" 500 - "-" "-"
66.249.70.67 - - [16/Aug/2026:11:59:57 +0200] "GET /shop/customer/bookmark.php?items/T1601864335/ HTTP/1.1" 500 - "-" "Mozilla/5.0 (Linux; Android 6.0.1; Nexus 5X Build/MMB29P) AppleWebKit/537.36 (KHTML, like Gecko) Chrome/150.0.7871.186 Mobile Safari/537.36 (compatible; Googlebot/2.1; +http://www.google.com/bot.html)"
51.116.232.28 - - [16/Aug/2026:12:00:08 +0200] "GET /adminner.php HTTP/1.1" 500 - "-" "-"
51.116.232.28 - - [16/Aug/2026:12:00:11 +0200] "GET /file1221.php HTTP/1.1" 500 - "-" "-"
51.116.232.28 - - [16/Aug/2026:12:00:21 +0200] "GET /inx.php HTTP/1.1" 500 - "-" "-"
51.116.232.28 - - [16/Aug/2026:12:00:23 +0200] "GET /reviall.php HTTP/1.1" 500 - "-" "-"
51.116.232.28 - - [16/Aug/2026:12:00:33 +0200] "GET /11.php?p= HTTP/1.1" 500 - "-" "-"
51.116.232.28 - - [16/Aug/2026:12:00:43 +0200] "GET /File.php HTTP/1.1" 500 - "-" "-"
66.249.70.67 - - [16/Aug/2026:12:00:48 +0200] "GET /shop/customer/bookmark.php?items/W16042328086/ HTTP/1.1" 500 - "-" "Mozilla/5.0 (compatible; Googlebot/2.1; +http://www.google.com/bot.html)"
51.116.232.28 - - [16/Aug/2026:12:00:54 +0200] "GET /fi22.php HTTP/1.1" 500 - "-" "-"
51.116.232.28 - - [16/Aug/2026:12:01:05 +0200] "GET /3PJcpMFsD8B.php HTTP/1.1" 500 - "-" "-"
51.116.232.28 - - [16/Aug/2026:12:01:16 +0200] "GET /a3ampzmbipnkpxeqhqpsanCdefault.php HTTP/1.1" 500 - "-" "-"
43.133.221.163 - - [16/Aug/2026:12:01:30 +0200] "GET / HTTP/1.1" 500 - "https://m.baidu.com/s?word=gaciurz.cn" "Mozilla/5.0 (iPhone; CPU iPhone OS 18_7 like Mac OS X) AppleWebKit/605.1.15 (KHTML, like Gecko) Version/26.5 Mobile/15E148 Safari/604.1"
51.116.232.28 - - [16/Aug/2026:12:01:27 +0200] "GET /4PJcpMFsD8B.php HTTP/1.1" 500 - "-" "-"
51.116.232.28 - - [16/Aug/2026:12:01:38 +0200] "GET /i99z7zzbwtpteujvv6s8hiCdefault.php HTTP/1.1" 500 - "-" "-"
51.116.232.28 - - [16/Aug/2026:12:01:41 +0200] "GET /gwaih1gfzp5vuwr04Cdefault.php HTTP/1.1" 500 - "-" "-"
51.116.232.28 - - [16/Aug/2026:12:01:51 +0200] "GET /1wvekeybd9it2di2vyipgr6Cdefault.php HTTP/1.1" 500 - "-" "-"
51.116.232.28 - - [16/Aug/2026:12:02:01 +0200] "GET /media.php HTTP/1.1" 500 - "-" "-"
51.116.232.28 - - [16/Aug/2026:12:02:04 +0200] "GET /inso.php HTTP/1.1" 500 - "-" "-"
51.116.232.28 - - [16/Aug/2026:12:02:15 +0200] "GET /shiny.php HTTP/1.1" 500 - "-" "-"
51.116.232.28 - - [16/Aug/2026:12:02:26 +0200] "GET /403dd.php HTTP/1.1" 500 - "-" "-"
51.116.232.28 - - [16/Aug/2026:12:02:37 +0200] "GET /baba.php HTTP/1.1" 500 - "-" "-"
66.249.70.68 - - [16/Aug/2026:12:02:40 +0200] "GET /shop/customer/bookmark.php?items/T16062758555/ HTTP/1.1" 500 - "-" "Mozilla/5.0 (compatible; Googlebot/2.1; +http://www.google.com/bot.html)"
51.116.232.28 - - [16/Aug/2026:12:02:49 +0200] "GET /site.php HTTP/1.1" 500 - "-" "-"
51.116.232.28 - - [16/Aug/2026:12:02:59 +0200] "GET /wp-admin/maint/index.php HTTP/1.1" 500 - "-" "-"
51.116.232.28 - - [16/Aug/2026:12:03:15 +0200] "GET /cabs.php HTTP/1.1" 500 - "-" "-"
66.249.70.67 - - [16/Aug/2026:12:03:31 +0200] "GET /shop/customer/bookmark.php?items/X1601803166/ HTTP/1.1" 500 - "-" "Mozilla/5.0 (compatible; Googlebot/2.1; +http://www.google.com/bot.html)"
51.116.232.28 - - [16/Aug/2026:12:03:26 +0200] "GET /v.php HTTP/1.1" 500 - "-" "-"
51.116.232.28 - - [16/Aug/2026:12:03:38 +0200] "GET /insc.php HTTP/1.1" 500 - "-" "-"
51.116.232.28 - - [16/Aug/2026:12:03:42 +0200] "GET /file.php? HTTP/1.1" 500 - "-" "-"
66.249.70.68 - - [16/Aug/2026:12:03:53 +0200] "GET /shop/customer/bookmark.php?items/N16062809679/ HTTP/1.1" 500 - "-" "Mozilla/5.0 (Linux; Android 6.0.1; Nexus 5X Build/MMB29P) AppleWebKit/537.36 (KHTML, like Gecko) Chrome/150.0.7871.186 Mobile Safari/537.36 (compatible; Googlebot/2.1; +http://www.google.com/bot.html)"
51.116.232.28 - - [16/Aug/2026:12:03:54 +0200] "GET /dex.php HTTP/1.1" 500 - "-" "-"
51.116.232.28 - - [16/Aug/2026:12:03:57 +0200] "GET /key.php HTTP/1.1" 500 - "-" "-"
66.249.70.69 - - [16/Aug/2026:12:04:11 +0200] "GET /shop/customer/bookmark.php?items/X16062820193/ HTTP/1.1" 500 - "-" "Mozilla/5.0 (compatible; Googlebot/2.1; +http://www.google.com/bot.html)"
51.116.232.28 - - [16/Aug/2026:12:04:01 +0200] "GET /yyy.php HTTP/1.1" 500 - "-" "-"
51.116.232.28 - - [16/Aug/2026:12:04:16 +0200] "GET /thoms.php HTTP/1.1" 500 - "-" "-"
66.249.70.67 - - [16/Aug/2026:12:04:33 +0200] "GET /shop/customer/bookmark.php?items/Z1601715130/ HTTP/1.1" 500 - "-" "Mozilla/5.0 (Linux; Android 6.0.1; Nexus 5X Build/MMB29P) AppleWebKit/537.36 (KHTML, like Gecko) Chrome/150.0.7871.186 Mobile Safari/537.36 (compatible; Googlebot/2.1; +http://www.google.com/bot.html)"
51.116.232.28 - - [16/Aug/2026:12:04:29 +0200] "GET /rt.php HTTP/1.1" 500 - "-" "-"
51.116.232.28 - - [16/Aug/2026:12:04:42 +0200] "GET /w_1.php HTTP/1.1" 500 - "-" "-"
51.116.232.28 - - [16/Aug/2026:12:04:47 +0200] "GET /wp4.php HTTP/1.1" 500 - "-" "-"
66.249.70.67 - - [16/Aug/2026:12:04:57 +0200] "GET /shop/customer/bookmark.php?items/B16021267605/ HTTP/1.1" 500 - "-" "Mozilla/5.0 (Linux; Android 6.0.1; Nexus 5X Build/MMB29P) AppleWebKit/537.36 (KHTML, like Gecko) Chrome/150.0.7871.186 Mobile Safari/537.36 (compatible; Googlebot/2.1; +http://www.google.com/bot.html)"
51.116.232.28 - - [16/Aug/2026:12:05:00 +0200] "GET /uibvb.php HTTP/1.1" 500 - "-" "-"
51.116.232.28 - - [16/Aug/2026:12:05:11 +0200] "GET /modern.php HTTP/1.1" 500 - "-" "-"
66.249.70.67 - - [16/Aug/2026:12:05:43 +0200] "GET /shop/customer/bookmark.php?items/P1600117434/ HTTP/1.1" 500 - "-" "Mozilla/5.0 (compatible; Googlebot/2.1; +http://www.google.com/bot.html)"
66.249.70.67 - - [16/Aug/2026:12:06:03 +0200] "GET /shop/customer/bookmark.php?items/W16021211331/ HTTP/1.1" 500 - "-" "Mozilla/5.0 (Linux; Android 6.0.1; Nexus 5X Build/MMB29P) AppleWebKit/537.36 (KHTML, like Gecko) Chrome/150.0.7871.186 Mobile Safari/537.36 (compatible; Googlebot/2.1; +http://www.google.com/bot.html)"
66.249.70.68 - - [16/Aug/2026:12:06:12 +0200] "GET /shop/customer/bookmark.php?items/H1600193448/ HTTP/1.1" 500 - "-" "Mozilla/5.0 (compatible; Googlebot/2.1; +http://www.google.com/bot.html)"
66.249.70.67 - - [16/Aug/2026:12:07:44 +0200] "GET /shop/customer/bookmark.php?items/Q16021064116/ HTTP/1.1" 500 - "-" "Mozilla/5.0 (Linux; Android 6.0.1; Nexus 5X Build/MMB29P) AppleWebKit/537.36 (KHTML, like Gecko) Chrome/150.0.7871.186 Mobile Safari/537.36 (compatible; Googlebot/2.1; +http://www.google.com/bot.html)"
66.249.70.67 - - [16/Aug/2026:12:09:54 +0200] "GET /shop/customer/bookmark.php?items/F16021193671/ HTTP/1.1" 500 - "-" "Mozilla/5.0 (compatible; Googlebot/2.1; +http://www.google.com/bot.html)"
66.249.70.68 - - [16/Aug/2026:12:10:36 +0200] "GET /shop/customer/bookmark.php?items/N1601851020/ HTTP/1.1" 500 - "-" "Mozilla/5.0 (compatible; Googlebot/2.1; +http://www.google.com/bot.html)"
136.107.8.249 - - [16/Aug/2026:12:11:34 +0200] "GET / HTTP/1.1" 500 - "-" "Mozilla/5.0 (Windows NT 10.0; Win64; x64) AppleWebKit/537.36 (KHTML, like Gecko) Chrome/95.0.4638.69 Safari/537.36"
136.107.8.249 - - [16/Aug/2026:12:11:34 +0200] "GET / HTTP/1.1" 500 - "-" "Mozilla/5.0 (Windows NT 10.0; Win64; x64) AppleWebKit/537.36 (KHTML, like Gecko) Chrome/95.0.4638.69 Safari/537.36"
136.107.8.249 - - [16/Aug/2026:12:11:38 +0200] "GET /wp-includes/ID3/license.txt HTTP/1.1" 200 1396 "-" "Mozilla/5.0 (Windows NT 10.0; Win64; x64) AppleWebKit/537.36 (KHTML, like Gecko) Chrome/95.0.4638.69 Safari/537.36"
136.107.8.249 - - [16/Aug/2026:12:11:38 +0200] "GET /wp-includes/ID3/license.txt HTTP/1.1" 200 1396 "-" "Mozilla/5.0 (Windows NT 10.0; Win64; x64) AppleWebKit/537.36 (KHTML, like Gecko) Chrome/95.0.4638.69 Safari/537.36"
136.107.8.249 - - [16/Aug/2026:12:11:38 +0200] "GET /feed/ HTTP/1.1" 500 - "-" "Mozilla/5.0 (Windows NT 10.0; Win64; x64) AppleWebKit/537.36 (KHTML, like Gecko) Chrome/95.0.4638.69 Safari/537.36"
66.249.70.69 - - [16/Aug/2026:12:11:32 +0200] "GET /shop/customer/bookmark.php?items/K16042119927/ HTTP/1.1" 500 - "-" "Mozilla/5.0 (compatible; Googlebot/2.1; +http://www.google.com/bot.html)"
136.107.8.249 - - [16/Aug/2026:12:11:38 +0200] "GET /feed/ HTTP/1.1" 500 - "-" "Mozilla/5.0 (Windows NT 10.0; Win64; x64) AppleWebKit/537.36 (KHTML, like Gecko) Chrome/95.0.4638.69 Safari/537.36"
136.107.8.249 - - [16/Aug/2026:12:11:39 +0200] "GET /xmlrpc.php?rsd HTTP/1.1" 500 - "-" "Mozilla/5.0 (Windows NT 10.0; Win64; x64) AppleWebKit/537.36 (KHTML, like Gecko) Chrome/95.0.4638.69 Safari/537.36"
136.107.8.249 - - [16/Aug/2026:12:11:48 +0200] "GET /xmlrpc.php?rsd HTTP/1.1" 500 - "-" "Mozilla/5.0 (Windows NT 10.0; Win64; x64) AppleWebKit/537.36 (KHTML, like Gecko) Chrome/95.0.4638.69 Safari/537.36"
136.107.8.249 - - [16/Aug/2026:12:11:58 +0200] "GET /blog/wp-includes/wlwmanifest.xml HTTP/1.1" 500 - "-" "Mozilla/5.0 (Windows NT 10.0; Win64; x64) AppleWebKit/537.36 (KHTML, like Gecko) Chrome/95.0.4638.69 Safari/537.36"
136.107.8.249 - - [16/Aug/2026:12:11:49 +0200] "GET /blog/wp-includes/wlwmanifest.xml HTTP/1.1" 200 - "-" "Mozilla/5.0 (Windows NT 10.0; Win64; x64) AppleWebKit/537.36 (KHTML, like Gecko) Chrome/95.0.4638.69 Safari/537.36"
136.107.8.249 - - [16/Aug/2026:12:11:58 +0200] "GET /web/wp-includes/wlwmanifest.xml HTTP/1.1" 200 - "-" "Mozilla/5.0 (Windows NT 10.0; Win64; x64) AppleWebKit/537.36 (KHTML, like Gecko) Chrome/95.0.4638.69 Safari/537.36"
136.107.8.249 - - [16/Aug/2026:12:12:07 +0200] "GET /wordpress/wp-includes/wlwmanifest.xml HTTP/1.1" 500 - "-" "Mozilla/5.0 (Windows NT 10.0; Win64; x64) AppleWebKit/537.36 (KHTML, like Gecko) Chrome/95.0.4638.69 Safari/537.36"
136.107.8.249 - - [16/Aug/2026:12:12:07 +0200] "GET /web/wp-includes/wlwmanifest.xml HTTP/1.1" 200 - "-" "Mozilla/5.0 (Windows NT 10.0; Win64; x64) AppleWebKit/537.36 (KHTML, like Gecko) Chrome/95.0.4638.69 Safari/537.36"
136.107.8.249 - - [16/Aug/2026:12:12:08 +0200] "GET /wp/wp-includes/wlwmanifest.xml HTTP/1.1" 200 - "-" "Mozilla/5.0 (Windows NT 10.0; Win64; x64) AppleWebKit/537.36 (KHTML, like Gecko) Chrome/95.0.4638.69 Safari/537.36"
136.107.8.249 - - [16/Aug/2026:12:12:25 +0200] "GET /wordpress/wp-includes/wlwmanifest.xml HTTP/1.1" 500 - "-" "Mozilla/5.0 (Windows NT 10.0; Win64; x64) AppleWebKit/537.36 (KHTML, like Gecko) Chrome/95.0.4638.69 Safari/537.36"
136.107.8.249 - - [16/Aug/2026:12:12:26 +0200] "GET /2020/wp-includes/wlwmanifest.xml HTTP/1.1" 200 - "-" "Mozilla/5.0 (Windows NT 10.0; Win64; x64) AppleWebKit/537.36 (KHTML, like Gecko) Chrome/95.0.4638.69 Safari/537.36"
136.107.8.249 - - [16/Aug/2026:12:12:27 +0200] "GET /wp/wp-includes/wlwmanifest.xml HTTP/1.1" 500 - "-" "Mozilla/5.0 (Windows NT 10.0; Win64; x64) AppleWebKit/537.36 (KHTML, like Gecko) Chrome/95.0.4638.69 Safari/537.36"
136.107.8.249 - - [16/Aug/2026:12:12:36 +0200] "GET /2019/wp-includes/wlwmanifest.xml HTTP/1.1" 200 - "-" "Mozilla/5.0 (Windows NT 10.0; Win64; x64) AppleWebKit/537.36 (KHTML, like Gecko) Chrome/95.0.4638.69 Safari/537.36"
136.107.8.249 - - [16/Aug/2026:12:12:36 +0200] "GET /2020/wp-includes/wlwmanifest.xml HTTP/1.1" 200 - "-" "Mozilla/5.0 (Windows NT 10.0; Win64; x64) AppleWebKit/537.36 (KHTML, like Gecko) Chrome/95.0.4638.69 Safari/537.36"
136.107.8.249 - - [16/Aug/2026:12:12:46 +0200] "GET /2019/wp-includes/wlwmanifest.xml HTTP/1.1" 500 - "-" "Mozilla/5.0 (Windows NT 10.0; Win64; x64) AppleWebKit/537.36 (KHTML, like Gecko) Chrome/95.0.4638.69 Safari/537.36"
136.107.8.249 - - [16/Aug/2026:12:12:45 +0200] "GET /2021/wp-includes/wlwmanifest.xml HTTP/1.1" 500 - "-" "Mozilla/5.0 (Windows NT 10.0; Win64; x64) AppleWebKit/537.36 (KHTML, like Gecko) Chrome/95.0.4638.69 Safari/537.36"
136.107.8.249 - - [16/Aug/2026:12:12:48 +0200] "GET /2021/wp-includes/wlwmanifest.xml HTTP/1.1" 500 - "-" "Mozilla/5.0 (Windows NT 10.0; Win64; x64) AppleWebKit/537.36 (KHTML, like Gecko) Chrome/95.0.4638.69 Safari/537.36"
136.107.8.249 - - [16/Aug/2026:12:12:57 +0200] "GET /shop/wp-includes/wlwmanifest.xml HTTP/1.1" 500 - "-" "Mozilla/5.0 (Windows NT 10.0; Win64; x64) AppleWebKit/537.36 (KHTML, like Gecko) Chrome/95.0.4638.69 Safari/537.36"
136.107.8.249 - - [16/Aug/2026:12:13:00 +0200] "GET /wp1/wp-includes/wlwmanifest.xml HTTP/1.1" 200 - "-" "Mozilla/5.0 (Windows NT 10.0; Win64; x64) AppleWebKit/537.36 (KHTML, like Gecko) Chrome/95.0.4638.69 Safari/537.36"
136.107.8.249 - - [16/Aug/2026:12:13:00 +0200] "GET /shop/wp-includes/wlwmanifest.xml HTTP/1.1" 500 - "-" "Mozilla/5.0 (Windows NT 10.0; Win64; x64) AppleWebKit/537.36 (KHTML, like Gecko) Chrome/95.0.4638.69 Safari/537.36"
66.249.70.68 - - [16/Aug/2026:12:13:15 +0200] "GET /shop/customer/bookmark.php?items/N16042281739/ HTTP/1.1" 500 - "-" "Mozilla/5.0 (Linux; Android 6.0.1; Nexus 5X Build/MMB29P) AppleWebKit/537.36 (KHTML, like Gecko) Chrome/150.0.7871.186 Mobile Safari/537.36 (compatible; Googlebot/2.1; +http://www.google.com/bot.html)"
136.107.8.249 - - [16/Aug/2026:12:13:09 +0200] "GET /test/wp-includes/wlwmanifest.xml HTTP/1.1" 200 - "-" "Mozilla/5.0 (Windows NT 10.0; Win64; x64) AppleWebKit/537.36 (KHTML, like Gecko) Chrome/95.0.4638.69 Safari/537.36"
136.107.8.249 - - [16/Aug/2026:12:13:11 +0200] "GET /wp1/wp-includes/wlwmanifest.xml HTTP/1.1" 200 - "-" "Mozilla/5.0 (Windows NT 10.0; Win64; x64) AppleWebKit/537.36 (KHTML, like Gecko) Chrome/95.0.4638.69 Safari/537.36"
136.107.8.249 - - [16/Aug/2026:12:13:28 +0200] "GET /site/wp-includes/wlwmanifest.xml HTTP/1.1" 200 - "-" "Mozilla/5.0 (Windows NT 10.0; Win64; x64) AppleWebKit/537.36 (KHTML, like Gecko) Chrome/95.0.4638.69 Safari/537.36"
136.107.8.249 - - [16/Aug/2026:12:13:37 +0200] "GET /cms/wp-includes/wlwmanifest.xml HTTP/1.1" 200 - "-" "Mozilla/5.0 (Windows NT 10.0; Win64; x64) AppleWebKit/537.36 (KHTML, like Gecko) Chrome/95.0.4638.69 Safari/537.36"
136.107.8.249 - - [16/Aug/2026:12:13:30 +0200] "GET /test/wp-includes/wlwmanifest.xml HTTP/1.1" 200 - "-" "Mozilla/5.0 (Windows NT 10.0; Win64; x64) AppleWebKit/537.36 (KHTML, like Gecko) Chrome/95.0.4638.69 Safari/537.36"
136.107.8.249 - - [16/Aug/2026:12:13:48 +0200] "GET /site/wp-includes/wlwmanifest.xml HTTP/1.1" 500 - "-" "Mozilla/5.0 (Windows NT 10.0; Win64; x64) AppleWebKit/537.36 (KHTML, like Gecko) Chrome/95.0.4638.69 Safari/537.36"
66.249.70.67 - - [16/Aug/2026:12:13:58 +0200] "GET /shop/customer/bookmark.php?items/L16062892177/ HTTP/1.1" 500 - "-" "Mozilla/5.0 (Linux; Android 6.0.1; Nexus 5X Build/MMB29P) AppleWebKit/537.36 (KHTML, like Gecko) Chrome/150.0.7871.186 Mobile Safari/537.36 (compatible; Googlebot/2.1; +http://www.google.com/bot.html)"
136.107.8.249 - - [16/Aug/2026:12:13:59 +0200] "GET /cms/wp-includes/wlwmanifest.xml HTTP/1.1" 200 - "-" "Mozilla/5.0 (Windows NT 10.0; Win64; x64) AppleWebKit/537.36 (KHTML, like Gecko) Chrome/95.0.4638.69 Safari/537.36"
66.249.70.67 - - [16/Aug/2026:12:14:10 +0200] "GET /shop/customer/bookmark.php?items/X16021342042/ HTTP/1.1" 500 - "-" "Mozilla/5.0 (compatible; Googlebot/2.1; +http://www.google.com/bot.html)"
66.249.70.69 - - [16/Aug/2026:12:15:06 +0200] "GET /shop/customer/bookmark.php?items/L1601829829/ HTTP/1.1" 500 - "-" "Mozilla/5.0 (compatible; Googlebot/2.1; +http://www.google.com/bot.html)"
69.171.231.30 - - [16/Aug/2026:12:15:20 +0200] "GET /robots.txt HTTP/1.1" 500 - "-" "facebookexternalhit/1.1 (+http://www.facebook.com/externalhit_uatext.php)"
173.252.95.55 - - [16/Aug/2026:12:15:22 +0200] "GET /robots.txt HTTP/1.1" 500 - "-" "facebookexternalhit/1.1 (+http://www.facebook.com/externalhit_uatext.php)"
66.249.70.67 - - [16/Aug/2026:12:15:26 +0200] "GET /shop/customer/bookmark.php?items/Y16052704797/ HTTP/1.1" 500 - "-" "Mozilla/5.0 (compatible; Googlebot/2.1; +http://www.google.com/bot.html)"
69.171.231.113 - - [16/Aug/2026:12:15:22 +0200] "GET /robots.txt HTTP/1.1" 200 408 "-" "facebookexternalhit/1.1 (+http://www.facebook.com/externalhit_uatext.php)"
57.141.20.54 - - [16/Aug/2026:12:15:31 +0200] "GET /sitemap_780.xml HTTP/1.1" 200 - "-" "Mozilla/5.0 (Windows NT 10.0; Win64; x64) AppleWebKit/537.36 (KHTML, like Gecko) Chrome/145.0.0.0 Safari/537.36 (compatible; meta-externalagent/1.1 (+https://developers.facebook.com/docs/sharing/webmasters/crawler))"
66.249.70.67 - - [16/Aug/2026:12:15:35 +0200] "GET /shop/customer/bookmark.php?items/R16042341302/ HTTP/1.1" 500 - "-" "Mozilla/5.0 (Linux; Android 6.0.1; Nexus 5X Build/MMB29P) AppleWebKit/537.36 (KHTML, like Gecko) Chrome/150.0.7871.186 Mobile Safari/537.36 (compatible; Googlebot/2.1; +http://www.google.com/bot.html)"
199.45.155.94 - - [16/Aug/2026:12:16:23 +0200] "GET / HTTP/1.1" 500 - "-" "Mozilla/5.0 (compatible; CensysInspect/1.1; +https://about.censys.io/)"
66.249.70.67 - - [16/Aug/2026:12:17:23 +0200] "GET /shop/customer/bookmark.php?items/L16042119539/ HTTP/1.1" 500 - "-" "Mozilla/5.0 (compatible; Googlebot/2.1; +http://www.google.com/bot.html)"
52.167.144.59 - - [16/Aug/2026:12:18:03 +0200] "GET /robots.txt HTTP/1.1" 500 - "-" "Mozilla/5.0 AppleWebKit/537.36 (KHTML, like Gecko; compatible; bingbot/2.0; +http://www.bing.com/bingbot.htm) Chrome/116.0.1938.76 Safari/537.36"
66.249.70.69 - - [16/Aug/2026:12:18:06 +0200] "GET /shop/customer/bookmark.php?items/T16063002978/ HTTP/1.1" 500 - "-" "Mozilla/5.0 (compatible; Googlebot/2.1; +http://www.google.com/bot.html)"
66.249.70.67 - - [16/Aug/2026:12:18:56 +0200] "GET /shop/customer/bookmark.php?items/C1601530683/ HTTP/1.1" 500 - "-" "Mozilla/5.0 (compatible; Googlebot/2.1; +http://www.google.com/bot.html)"
66.249.70.67 - - [16/Aug/2026:12:19:53 +0200] "GET /shop/customer/bookmark.php?items/B16042347538/ HTTP/1.1" 500 - "-" "Mozilla/5.0 (Linux; Android 6.0.1; Nexus 5X Build/MMB29P) AppleWebKit/537.36 (KHTML, like Gecko) Chrome/150.0.7871.186 Mobile Safari/537.36 (compatible; Googlebot/2.1; +http://www.google.com/bot.html)"
43.228.157.245 - - [16/Aug/2026:12:21:09 +0200] "POST /wp-plain.php HTTP/1.1" 500 - "www.google.com" "Mozilla/5.0 (Linux; Android 7.0; SM-G892A Bulid/NRD90M; wv) AppleWebKit/537.36 (KHTML, like Gecko) Version/4.0 Chrome/60.0.3112.107 Moblie Safari/537.36"
43.228.157.245 - - [16/Aug/2026:12:21:11 +0200] "GET /gmthpwhp.php?Fox=d3wL7 HTTP/1.1" 500 - "www.google.com" "Mozilla/5.0 (Linux; Android 7.0; SM-G892A Bulid/NRD90M; wv) AppleWebKit/537.36 (KHTML, like Gecko) Version/4.0 Chrome/60.0.3112.107 Moblie Safari/537.36"
66.249.70.69 - - [16/Aug/2026:12:21:03 +0200] "GET /shop/customer/bookmark.php?items/X16052673905/ HTTP/1.1" 500 - "-" "Mozilla/5.0 (compatible; Googlebot/2.1; +http://www.google.com/bot.html)"
