66.249.70.67 - - [15/Aug/2026:20:05:42 +0200] "GET /shop/customer/bookmark.php?items/B16062854013/ HTTP/1.1" 500 - "-" "Mozilla/5.0 (compatible; Googlebot/2.1; +http://www.google.com/bot.html)"
66.249.70.67 - - [15/Aug/2026:20:06:05 +0200] "GET /shop/customer/bookmark.php?items/B16062854013/ HTTP/1.1" 500 - "-" "Mozilla/5.0 (Linux; Android 6.0.1; Nexus 5X Build/MMB29P) AppleWebKit/537.36 (KHTML, like Gecko) Chrome/150.0.7871.186 Mobile Safari/537.36 (compatible; Googlebot/2.1; +http://www.google.com/bot.html)"
169.58.72.248 - - [15/Aug/2026:20:06:18 +0200] "GET /wp-includes/js/ HTTP/1.1" 500 - "-" "Mozilla/5.0 (Windows NT 10.0; Win64; x64) AppleWebKit/537.36 (KHTML, like Gecko) Chrome/120.0.0.0 Safari/537.36"
169.58.72.248 - - [15/Aug/2026:20:06:38 +0200] "GET /wp-includes/js/plupload/ HTTP/1.1" 500 - "-" "Mozilla/5.0 (Windows NT 10.0; Win64; x64) AppleWebKit/537.36 (KHTML, like Gecko) Chrome/120.0.0.0 Safari/537.36"
169.58.72.248 - - [15/Aug/2026:20:07:01 +0200] "GET /wp-content/ HTTP/1.1" 500 - "-" "Mozilla/5.0 (Windows NT 10.0; Win64; x64) AppleWebKit/537.36 (KHTML, like Gecko) Chrome/120.0.0.0 Safari/537.36"
169.58.72.248 - - [15/Aug/2026:20:07:27 +0200] "GET /wp-content/IXR/ HTTP/1.1" 500 - "-" "Mozilla/5.0 (Windows NT 10.0; Win64; x64) AppleWebKit/537.36 (KHTML, like Gecko) Chrome/120.0.0.0 Safari/537.36"
169.58.72.248 - - [15/Aug/2026:20:07:46 +0200] "GET /wp-content/upgrade/ HTTP/1.1" 500 - "-" "Mozilla/5.0 (Windows NT 10.0; Win64; x64) AppleWebKit/537.36 (KHTML, like Gecko) Chrome/120.0.0.0 Safari/537.36"
66.249.70.68 - - [15/Aug/2026:20:07:57 +0200] "GET /shop/customer/bookmark.php?items/J16021260531/ HTTP/1.1" 500 - "-" "Mozilla/5.0 (Linux; Android 6.0.1; Nexus 5X Build/MMB29P) AppleWebKit/537.36 (KHTML, like Gecko) Chrome/150.0.7871.186 Mobile Safari/537.36 (compatible; Googlebot/2.1; +http://www.google.com/bot.html)"
169.58.72.248 - - [15/Aug/2026:20:08:10 +0200] "GET /wp-content/themes/ HTTP/1.1" 500 - "-" "Mozilla/5.0 (Windows NT 10.0; Win64; x64) AppleWebKit/537.36 (KHTML, like Gecko) Chrome/120.0.0.0 Safari/537.36"
169.58.72.248 - - [15/Aug/2026:20:08:31 +0200] "GET /uploads/ HTTP/1.1" 500 - "-" "Mozilla/5.0 (Windows NT 10.0; Win64; x64) AppleWebKit/537.36 (KHTML, like Gecko) Chrome/120.0.0.0 Safari/537.36"
169.58.72.248 - - [15/Aug/2026:20:09:04 +0200] "GET /images/ HTTP/1.1" 500 - "-" "Mozilla/5.0 (Windows NT 10.0; Win64; x64) AppleWebKit/537.36 (KHTML, like Gecko) Chrome/120.0.0.0 Safari/537.36"
169.58.72.248 - - [15/Aug/2026:20:09:34 +0200] "GET /.tmb/ HTTP/1.1" 500 - "-" "Mozilla/5.0 (Windows NT 10.0; Win64; x64) AppleWebKit/537.36 (KHTML, like Gecko) Chrome/120.0.0.0 Safari/537.36"
66.249.70.69 - - [15/Aug/2026:20:10:37 +0200] "GET /shop/customer/bookmark.php?items/K16021193584/ HTTP/1.1" 500 - "-" "Mozilla/5.0 (compatible; Googlebot/2.1; +http://www.google.com/bot.html)"
66.249.70.68 - - [15/Aug/2026:20:12:12 +0200] "GET /shop/customer/bookmark.php?items/A16052729016/ HTTP/1.1" 500 - "-" "Mozilla/5.0 (Linux; Android 6.0.1; Nexus 5X Build/MMB29P) AppleWebKit/537.36 (KHTML, like Gecko) Chrome/150.0.7871.186 Mobile Safari/537.36 (compatible; Googlebot/2.1; +http://www.google.com/bot.html)"
66.249.70.68 - - [15/Aug/2026:20:12:42 +0200] "GET /shop/customer/bookmark.php?items/D160024172/ HTTP/1.1" 500 - "-" "Mozilla/5.0 (compatible; Googlebot/2.1; +http://www.google.com/bot.html)"
66.249.70.68 - - [15/Aug/2026:20:13:44 +0200] "GET /shop/customer/bookmark.php?items/M16021073547/ HTTP/1.1" 500 - "-" "Mozilla/5.0 (compatible; Googlebot/2.1; +http://www.google.com/bot.html)"
66.249.70.67 - - [15/Aug/2026:20:16:19 +0200] "GET /shop/customer/bookmark.php?items/T16052594371/ HTTP/1.1" 500 - "-" "Mozilla/5.0 (compatible; Googlebot/2.1; +http://www.google.com/bot.html)"
66.249.70.68 - - [15/Aug/2026:20:16:45 +0200] "GET /shop/customer/bookmark.php?items/E16042315348/ HTTP/1.1" 500 - "-" "Mozilla/5.0 (compatible; Googlebot/2.1; +http://www.google.com/bot.html)"
114.119.162.251 - - [15/Aug/2026:20:16:56 +0200] "GET /sitemap_5.xml HTTP/1.1" 500 - "-" "Mozilla/5.0 (Linux; Android 7.0;) AppleWebKit/537.36 (KHTML, like Gecko) Mobile Safari/537.36 (compatible; PetalBot;+https://webmaster.petalsearch.com/site/petalbot)"
66.249.70.67 - - [15/Aug/2026:20:17:08 +0200] "GET /shop/customer/bookmark.php?items/P1600318556/ HTTP/1.1" 500 - "-" "Mozilla/5.0 (compatible; Googlebot/2.1; +http://www.google.com/bot.html)"
69.171.231.28 - - [15/Aug/2026:20:17:15 +0200] "GET /robots.txt HTTP/1.1" 200 408 "-" "facebookexternalhit/1.1 (+http://www.facebook.com/externalhit_uatext.php)"
66.249.70.67 - - [15/Aug/2026:20:18:26 +0200] "GET /shop/customer/bookmark.php?items/N1600378790/ HTTP/1.1" 500 - "-" "Mozilla/5.0 (Linux; Android 6.0.1; Nexus 5X Build/MMB29P) AppleWebKit/537.36 (KHTML, like Gecko) Chrome/150.0.7871.186 Mobile Safari/537.36 (compatible; Googlebot/2.1; +http://www.google.com/bot.html)"
66.249.70.69 - - [15/Aug/2026:20:19:01 +0200] "GET /shop/customer/bookmark.php?items/O16062818189/ HTTP/1.1" 500 - "-" "Mozilla/5.0 (compatible; Googlebot/2.1; +http://www.google.com/bot.html)"
45.138.16.110 - - [15/Aug/2026:20:20:13 +0200] "GET /wp-content/themes/seotheme/db.php?u HTTP/1.1" 500 - "www.google.com" "Mozlila/5.0 (Linux; Android 7.0; SM-G892A Bulid/NRD90M; wv) AppleWebKit/537.36 (KHTML, like Gecko) Version/4.0 Chrome/60.0.3112.107 Moblie Safari/537.36"
45.138.16.110 - - [15/Aug/2026:20:20:13 +0200] "POST /ALFA_DATA/alfacgiapi/perl.alfa HTTP/1.1" 500 - "www.google.com" "Mozlila/5.0 (Linux; Android 7.0; SM-G892A Bulid/NRD90M; wv) AppleWebKit/537.36 (KHTML, like Gecko) Version/4.0 Chrome/60.0.3112.107 Moblie Safari/537.36"
45.138.16.110 - - [15/Aug/2026:20:20:14 +0200] "GET / HTTP/1.1" 500 - "-" "Mozlila/5.0 (Linux; Android 7.0; SM-G892A Bulid/NRD90M; wv) AppleWebKit/537.36 (KHTML, like Gecko) Version/4.0 Chrome/60.0.3112.107 Moblie Safari/537.36"
45.138.16.110 - - [15/Aug/2026:20:20:13 +0200] "POST /wp-plain.php HTTP/1.1" 500 - "www.google.com" "Mozilla/5.0 (Linux; Android 7.0; SM-G892A Bulid/NRD90M; wv) AppleWebKit/537.36 (KHTML, like Gecko) Version/4.0 Chrome/60.0.3112.107 Moblie Safari/537.36"
66.249.70.69 - - [15/Aug/2026:20:20:21 +0200] "GET /shop/customer/bookmark.php?items/O16062818189/ HTTP/1.1" 500 - "-" "Mozilla/5.0 (Linux; Android 6.0.1; Nexus 5X Build/MMB29P) AppleWebKit/537.36 (KHTML, like Gecko) Chrome/150.0.7871.186 Mobile Safari/537.36 (compatible; Googlebot/2.1; +http://www.google.com/bot.html)"
45.138.16.110 - - [15/Aug/2026:20:20:14 +0200] "GET /wp-content/plugins/fix/up.php HTTP/1.1" 500 - "-" "Mozilla/5.0 (Windows NT 10.0; Win64; x64) AppleWebKit/537.36 (KHTML, like Gecko) Chrome/85.0.4183.102 Safari/537.36"
45.138.16.110 - - [15/Aug/2026:20:20:27 +0200] "GET /wp-content/plugins/fix/up.php HTTP/1.1" 500 - "-" "Mozilla/5.0 (Windows NT 10.0; Win64; x64) AppleWebKit/537.36 (KHTML, like Gecko) Chrome/85.0.4183.102 Safari/537.36"
45.138.16.110 - - [15/Aug/2026:20:20:21 +0200] "POST /alfacgiapi/perl.alfa HTTP/1.1" 500 - "www.google.com" "Mozlila/5.0 (Linux; Android 7.0; SM-G892A Bulid/NRD90M; wv) AppleWebKit/537.36 (KHTML, like Gecko) Version/4.0 Chrome/60.0.3112.107 Moblie Safari/537.36"
45.138.16.110 - - [15/Aug/2026:20:20:21 +0200] "GET /wp-content/plugins/fix/up.php HTTP/1.1" 500 - "-" "Mozilla/5.0 (Windows NT 10.0; Win64; x64) AppleWebKit/537.36 (KHTML, like Gecko) Chrome/85.0.4183.102 Safari/537.36"
66.249.70.68 - - [15/Aug/2026:20:20:58 +0200] "GET /shop/customer/bookmark.php?items/C16042039189/ HTTP/1.1" 500 - "-" "Mozilla/5.0 (Linux; Android 6.0.1; Nexus 5X Build/MMB29P) AppleWebKit/537.36 (KHTML, like Gecko) Chrome/150.0.7871.186 Mobile Safari/537.36 (compatible; Googlebot/2.1; +http://www.google.com/bot.html)"
66.249.70.67 - - [15/Aug/2026:20:21:06 +0200] "GET /shop/customer/bookmark.php?items/F1681850840/ HTTP/1.1" 500 - "-" "Mozilla/5.0 (compatible; Googlebot/2.1; +http://www.google.com/bot.html)"
86.106.176.217 - - [15/Aug/2026:20:21:40 +0200] "GET /app-ads.txt HTTP/1.1" 500 - "-" "Mozilla/5.0 (Macintosh; Intel Mac OS X 10_15_7) AppleWebKit/537.36 (KHTML, like Gecko) Chrome/124.0.0.0 Safari/537.36"
216.73.216.213 - - [15/Aug/2026:20:21:52 +0200] "GET /robots.txt HTTP/1.1" 200 408 "-" "Mozilla/5.0 AppleWebKit/537.36 (KHTML, like Gecko; compatible; ClaudeBot/1.0; +claudebot@anthropic.com)"
216.73.216.213 - - [15/Aug/2026:20:22:03 +0200] "GET /sitemap.xml HTTP/1.1" 500 - "-" "Mozilla/5.0 AppleWebKit/537.36 (KHTML, like Gecko; compatible; ClaudeBot/1.0; +claudebot@anthropic.com)"
216.73.216.213 - - [15/Aug/2026:20:22:56 +0200] "GET /sitemap_4.xml HTTP/1.1" 500 - "-" "Mozilla/5.0 AppleWebKit/537.36 (KHTML, like Gecko; compatible; ClaudeBot/1.0; +claudebot@anthropic.com)"
66.249.70.69 - - [15/Aug/2026:20:23:20 +0200] "GET /shop/customer/bookmark.php?items/K160049033/ HTTP/1.1" 500 - "-" "Mozilla/5.0 (compatible; Googlebot/2.1; +http://www.google.com/bot.html)"
216.73.216.213 - - [15/Aug/2026:20:23:49 +0200] "GET /sitemap_7.xml HTTP/1.1" 500 - "-" "Mozilla/5.0 AppleWebKit/537.36 (KHTML, like Gecko; compatible; ClaudeBot/1.0; +claudebot@anthropic.com)"
216.73.216.213 - - [15/Aug/2026:20:22:53 +0200] "GET /sitemap_5.xml HTTP/1.1" 200 - "-" "Mozilla/5.0 AppleWebKit/537.36 (KHTML, like Gecko; compatible; ClaudeBot/1.0; +claudebot@anthropic.com)"
66.249.70.69 - - [15/Aug/2026:20:24:13 +0200] "GET /shop/customer/bookmark.php?items/K160049033/ HTTP/1.1" 500 - "-" "Mozilla/5.0 (Linux; Android 6.0.1; Nexus 5X Build/MMB29P) AppleWebKit/537.36 (KHTML, like Gecko) Chrome/150.0.7871.186 Mobile Safari/537.36 (compatible; Googlebot/2.1; +http://www.google.com/bot.html)"
66.249.70.68 - - [15/Aug/2026:20:24:24 +0200] "GET /shop/customer/bookmark.php?items/K16042062360/ HTTP/1.1" 500 - "-" "Mozilla/5.0 (Linux; Android 6.0.1; Nexus 5X Build/MMB29P) AppleWebKit/537.36 (KHTML, like Gecko) Chrome/150.0.7871.186 Mobile Safari/537.36 (compatible; Googlebot/2.1; +http://www.google.com/bot.html)"
1.15.52.154 - - [15/Aug/2026:20:24:59 +0200] "GET / HTTP/1.1" 500 - "-" "Mozilla/5.0 (iPhone; CPU iPhone OS 13_2_3 like Mac OS X) AppleWebKit/605.1.15 (KHTML, like Gecko) Version/13.0.3 Mobile/15E148 Safari/604.1"
66.249.70.67 - - [15/Aug/2026:20:25:22 +0200] "GET /shop/customer/bookmark.php?items/F1681850840/ HTTP/1.1" 500 - "-" "Mozilla/5.0 (Linux; Android 6.0.1; Nexus 5X Build/MMB29P) AppleWebKit/537.36 (KHTML, like Gecko) Chrome/150.0.7871.186 Mobile Safari/537.36 (compatible; Googlebot/2.1; +http://www.google.com/bot.html)"
216.73.216.213 - - [15/Aug/2026:20:25:34 +0200] "GET /sitemap_3.xml HTTP/1.1" 500 - "-" "Mozilla/5.0 AppleWebKit/537.36 (KHTML, like Gecko; compatible; ClaudeBot/1.0; +claudebot@anthropic.com)"
216.73.216.213 - - [15/Aug/2026:20:26:19 +0200] "GET /sitemap_1.xml HTTP/1.1" 500 - "-" "Mozilla/5.0 AppleWebKit/537.36 (KHTML, like Gecko; compatible; ClaudeBot/1.0; +claudebot@anthropic.com)"
66.249.70.68 - - [15/Aug/2026:20:26:37 +0200] "GET /shop/customer/bookmark.php?items/Q1601631526/ HTTP/1.1" 500 - "-" "Mozilla/5.0 (Linux; Android 6.0.1; Nexus 5X Build/MMB29P) AppleWebKit/537.36 (KHTML, like Gecko) Chrome/150.0.7871.186 Mobile Safari/537.36 (compatible; Googlebot/2.1; +http://www.google.com/bot.html)"
66.249.70.67 - - [15/Aug/2026:20:26:55 +0200] "GET /shop/customer/bookmark.php?items/Q1601631526/ HTTP/1.1" 500 - "-" "Mozilla/5.0 (compatible; Googlebot/2.1; +http://www.google.com/bot.html)"
66.249.70.67 - - [15/Aug/2026:20:27:52 +0200] "GET /shop/customer/bookmark.php?items/S16021062138/ HTTP/1.1" 500 - "-" "Mozilla/5.0 (Linux; Android 6.0.1; Nexus 5X Build/MMB29P) AppleWebKit/537.36 (KHTML, like Gecko) Chrome/150.0.7871.186 Mobile Safari/537.36 (compatible; Googlebot/2.1; +http://www.google.com/bot.html)"
66.249.70.68 - - [15/Aug/2026:20:29:30 +0200] "GET /shop/customer/bookmark.php?items/W16042434377/ HTTP/1.1" 500 - "-" "Mozilla/5.0 (Linux; Android 6.0.1; Nexus 5X Build/MMB29P) AppleWebKit/537.36 (KHTML, like Gecko) Chrome/150.0.7871.186 Mobile Safari/537.36 (compatible; Googlebot/2.1; +http://www.google.com/bot.html)"
114.119.129.175 - - [15/Aug/2026:20:30:00 +0200] "GET /robots.txt HTTP/1.1" 200 350 "http://www.pixelika.net/robots.txt" "Mozilla/5.0 (compatible;PetalBot;+https://webmaster.petalsearch.com/site/petalbot)"
66.249.70.69 - - [15/Aug/2026:20:32:13 +0200] "GET /shop/customer/bookmark.php?items/Y16063208521/ HTTP/1.1" 500 - "-" "Mozilla/5.0 (compatible; Googlebot/2.1; +http://www.google.com/bot.html)"
66.249.70.68 - - [15/Aug/2026:20:33:10 +0200] "GET /shop/customer/bookmark.php?items/T16021414698/ HTTP/1.1" 500 - "-" "Mozilla/5.0 (Linux; Android 6.0.1; Nexus 5X Build/MMB29P) AppleWebKit/537.36 (KHTML, like Gecko) Chrome/150.0.7871.186 Mobile Safari/537.36 (compatible; Googlebot/2.1; +http://www.google.com/bot.html)"
66.249.70.67 - - [15/Aug/2026:20:34:03 +0200] "GET /shop/customer/bookmark.php?items/A16062757342/ HTTP/1.1" 500 - "-" "Mozilla/5.0 (compatible; Googlebot/2.1; +http://www.google.com/bot.html)"
66.249.70.68 - - [15/Aug/2026:20:34:36 +0200] "GET /shop/customer/bookmark.php?items/A16062757342/ HTTP/1.1" 500 - "-" "Mozilla/5.0 (Linux; Android 6.0.1; Nexus 5X Build/MMB29P) AppleWebKit/537.36 (KHTML, like Gecko) Chrome/150.0.7871.186 Mobile Safari/537.36 (compatible; Googlebot/2.1; +http://www.google.com/bot.html)"
66.249.70.67 - - [15/Aug/2026:20:34:49 +0200] "GET /shop/customer/bookmark.php?items/D16063032706/ HTTP/1.1" 500 - "-" "Mozilla/5.0 (Linux; Android 6.0.1; Nexus 5X Build/MMB29P) AppleWebKit/537.36 (KHTML, like Gecko) Chrome/150.0.7871.186 Mobile Safari/537.36 (compatible; Googlebot/2.1; +http://www.google.com/bot.html)"
20.218.66.54 - - [15/Aug/2026:20:35:30 +0200] "GET /wp-content/plugins/hellopress/wp_filemanager.php HTTP/1.1" 500 - "-" "-"
66.249.70.67 - - [15/Aug/2026:20:35:46 +0200] "GET /shop/customer/bookmark.php?items/D16063032706/ HTTP/1.1" 500 - "-" "Mozilla/5.0 (compatible; Googlebot/2.1; +http://www.google.com/bot.html)"
20.218.66.54 - - [15/Aug/2026:20:35:42 +0200] "GET /this_is_a_new_hello_world.php HTTP/1.1" 500 - "-" "-"
20.218.66.54 - - [15/Aug/2026:20:35:52 +0200] "GET /--wp-lgj.php HTTP/1.1" 500 - "-" "-"
20.218.66.54 - - [15/Aug/2026:20:35:56 +0200] "GET /lkui.php HTTP/1.1" 500 - "-" "-"
20.218.66.54 - - [15/Aug/2026:20:36:07 +0200] "GET /h2a2ck.php HTTP/1.1" 500 - "-" "-"
66.249.70.67 - - [15/Aug/2026:20:35:58 +0200] "GET /shop/customer/bookmark.php?items/S16021445391/ HTTP/1.1" 500 - "-" "Mozilla/5.0 (Linux; Android 6.0.1; Nexus 5X Build/MMB29P) AppleWebKit/537.36 (KHTML, like Gecko) Chrome/150.0.7871.186 Mobile Safari/537.36 (compatible; Googlebot/2.1; +http://www.google.com/bot.html)"
20.218.66.54 - - [15/Aug/2026:20:36:10 +0200] "GET /worksec.php HTTP/1.1" 500 - "-" "-"
20.218.66.54 - - [15/Aug/2026:20:36:20 +0200] "GET /byp8.php HTTP/1.1" 500 - "-" "-"
20.218.66.54 - - [15/Aug/2026:20:36:20 +0200] "GET /ws58.php HTTP/1.1" 500 - "-" "-"
20.218.66.54 - - [15/Aug/2026:20:36:36 +0200] "GET /dhlcu.php HTTP/1.1" 500 - "-" "-"
20.218.66.54 - - [15/Aug/2026:20:36:39 +0200] "GET /Qdkv4tOtNdefault.php HTTP/1.1" 500 - "-" "-"
20.218.66.54 - - [15/Aug/2026:20:36:41 +0200] "GET /.well-known/wp-links-opml.php HTTP/1.1" 500 - "-" "-"
20.218.66.54 - - [15/Aug/2026:20:36:43 +0200] "GET /32O7x8UeIG.php HTTP/1.1" 500 - "-" "-"
20.218.66.54 - - [15/Aug/2026:20:36:53 +0200] "GET /calmjpss.php HTTP/1.1" 500 - "-" "-"
20.218.66.54 - - [15/Aug/2026:20:37:04 +0200] "GET /modules/revslider/ HTTP/1.1" 500 - "-" "-"
20.218.66.54 - - [15/Aug/2026:20:37:06 +0200] "GET /modules/revsliderprestashop/ HTTP/1.1" 500 - "-" "-"
20.218.66.54 - - [15/Aug/2026:20:37:08 +0200] "GET /lm13.php HTTP/1.1" 500 - "-" "-"
66.249.70.68 - - [15/Aug/2026:20:37:18 +0200] "GET /shop/customer/bookmark.php?items/P16063192195/ HTTP/1.1" 500 - "-" "Mozilla/5.0 (compatible; Googlebot/2.1; +http://www.google.com/bot.html)"
20.218.66.54 - - [15/Aug/2026:20:37:09 +0200] "GET /wp-link10.php HTTP/1.1" 500 - "-" "-"
20.218.66.54 - - [15/Aug/2026:20:37:20 +0200] "GET /thui.php HTTP/1.1" 500 - "-" "-"
20.218.66.54 - - [15/Aug/2026:20:36:21 +0200] "GET /xiugai.php HTTP/1.1" 500 - "-" "-"
20.218.66.54 - - [15/Aug/2026:20:37:21 +0200] "GET /sump.php HTTP/1.1" 500 - "-" "-"
66.249.70.67 - - [15/Aug/2026:20:37:25 +0200] "GET /shop/customer/bookmark.php?items/C16021014064/ HTTP/1.1" 500 - "-" "Mozilla/5.0 (Linux; Android 6.0.1; Nexus 5X Build/MMB29P) AppleWebKit/537.36 (KHTML, like Gecko) Chrome/150.0.7871.186 Mobile Safari/537.36 (compatible; Googlebot/2.1; +http://www.google.com/bot.html)"
20.218.66.54 - - [15/Aug/2026:20:37:30 +0200] "GET /BtOCXH4W1V5.php HTTP/1.1" 500 - "-" "-"
20.218.66.54 - - [15/Aug/2026:20:37:42 +0200] "GET /galer.php HTTP/1.1" 500 - "-" "-"
66.249.70.67 - - [15/Aug/2026:20:37:55 +0200] "GET /shop/customer/bookmark.php?items/C16021014064/ HTTP/1.1" 500 - "-" "Mozilla/5.0 (compatible; Googlebot/2.1; +http://www.google.com/bot.html)"
20.218.66.54 - - [15/Aug/2026:20:37:53 +0200] "GET /xeqdlun.php HTTP/1.1" 500 - "-" "-"
20.218.66.54 - - [15/Aug/2026:20:38:04 +0200] "GET /class629.php HTTP/1.1" 500 - "-" "-"
20.218.66.54 - - [15/Aug/2026:20:38:06 +0200] "GET /davoeqyv.php HTTP/1.1" 500 - "-" "-"
20.218.66.54 - - [15/Aug/2026:20:38:21 +0200] "GET /cron-tab.php HTTP/1.1" 500 - "-" "-"
20.218.66.54 - - [15/Aug/2026:20:38:23 +0200] "GET /maraz.php HTTP/1.1" 500 - "-" "-"
20.218.66.54 - - [15/Aug/2026:20:38:33 +0200] "GET /echkm.php HTTP/1.1" 500 - "-" "-"
20.218.66.54 - - [15/Aug/2026:20:38:44 +0200] "GET /lzmelu.php HTTP/1.1" 500 - "-" "-"
20.218.66.54 - - [15/Aug/2026:20:38:46 +0200] "GET /dragonshell.php HTTP/1.1" 500 - "-" "-"
20.218.66.54 - - [15/Aug/2026:20:38:48 +0200] "GET /fungsi.php HTTP/1.1" 500 - "-" "-"
20.218.66.54 - - [15/Aug/2026:20:38:51 +0200] "GET /anbieterkennzeichnung.php HTTP/1.1" 500 - "-" "-"
20.218.66.54 - - [15/Aug/2026:20:38:54 +0200] "GET /ws33.php HTTP/1.1" 500 - "-" "-"
20.218.66.54 - - [15/Aug/2026:20:39:06 +0200] "GET /cytyr.php HTTP/1.1" 500 - "-" "-"
20.218.66.54 - - [15/Aug/2026:20:39:08 +0200] "GET /pbck.php HTTP/1.1" 500 - "-" "-"
20.218.66.54 - - [15/Aug/2026:20:39:11 +0200] "GET /3pjcpmfsd8b.php HTTP/1.1" 500 - "-" "-"
20.218.66.54 - - [15/Aug/2026:20:39:14 +0200] "GET /1xmomo.php HTTP/1.1" 500 - "-" "-"
20.218.66.54 - - [15/Aug/2026:20:39:18 +0200] "GET /mentos.php HTTP/1.1" 500 - "-" "-"
20.218.66.54 - - [15/Aug/2026:20:39:22 +0200] "GET /909.php HTTP/1.1" 500 - "-" "-"
20.218.66.54 - - [15/Aug/2026:20:39:33 +0200] "GET /wp-kaori.php HTTP/1.1" 500 - "-" "-"
20.218.66.54 - - [15/Aug/2026:20:39:44 +0200] "GET /d62.php HTTP/1.1" 500 - "-" "-"
20.218.66.54 - - [15/Aug/2026:20:39:55 +0200] "GET /w1px.php HTTP/1.1" 500 - "-" "-"
20.218.66.54 - - [15/Aug/2026:20:40:21 +0200] "GET /dyt8mjxc3yofbkoriukvgjaCdefault.php HTTP/1.1" 500 - "-" "-"
20.218.66.54 - - [15/Aug/2026:20:40:22 +0200] "GET /hmsaozzm.php HTTP/1.1" 500 - "-" "-"
20.218.66.54 - - [15/Aug/2026:20:40:06 +0200] "GET /aboud.php HTTP/1.1" 500 - "-" "-"
20.218.66.54 - - [15/Aug/2026:20:40:24 +0200] "GET /wp-ws38.php?p= HTTP/1.1" 500 - "-" "-"
20.218.66.54 - - [15/Aug/2026:20:40:26 +0200] "GET /inso.php HTTP/1.1" 500 - "-" "-"
20.218.66.54 - - [15/Aug/2026:20:40:29 +0200] "GET /promma.php HTTP/1.1" 500 - "-" "-"
20.218.66.54 - - [15/Aug/2026:20:40:32 +0200] "GET /wyzer3.php HTTP/1.1" 500 - "-" "-"
20.218.66.54 - - [15/Aug/2026:20:40:34 +0200] "GET /584062352875874akp.php HTTP/1.1" 500 - "-" "-"
20.218.66.54 - - [15/Aug/2026:20:40:37 +0200] "GET /ahda.php HTTP/1.1" 500 - "-" "-"
66.249.70.69 - - [15/Aug/2026:20:40:45 +0200] "GET /shop/customer/bookmark.php?items/N16063116311/ HTTP/1.1" 500 - "-" "Mozilla/5.0 (Linux; Android 6.0.1; Nexus 5X Build/MMB29P) AppleWebKit/537.36 (KHTML, like Gecko) Chrome/150.0.7871.186 Mobile Safari/537.36 (compatible; Googlebot/2.1; +http://www.google.com/bot.html)"
20.218.66.54 - - [15/Aug/2026:20:40:39 +0200] "GET /wp-wpbak.php HTTP/1.1" 500 - "-" "-"
66.249.70.67 - - [15/Aug/2026:20:41:02 +0200] "GET /shop/customer/bookmark.php?items/T1601719854/ HTTP/1.1" 500 - "-" "Mozilla/5.0 (compatible; Googlebot/2.1; +http://www.google.com/bot.html)"
20.218.66.54 - - [15/Aug/2026:20:40:54 +0200] "GET /ws68.php HTTP/1.1" 500 - "-" "-"
20.218.66.54 - - [15/Aug/2026:20:41:05 +0200] "GET /olvxz.php HTTP/1.1" 500 - "-" "-"
20.218.66.54 - - [15/Aug/2026:20:41:15 +0200] "GET /last.php HTTP/1.1" 500 - "-" "-"
20.218.66.54 - - [15/Aug/2026:20:41:17 +0200] "GET /i99z7zzbwtpteujvv6s8hiCdefault.php?p= HTTP/1.1" 500 - "-" "-"
20.218.66.54 - - [15/Aug/2026:20:41:28 +0200] "GET /selesai.php HTTP/1.1" 500 - "-" "-"
20.218.66.54 - - [15/Aug/2026:20:41:30 +0200] "GET /qiumnpor3orjwr6me3zmgqCdefault.php HTTP/1.1" 500 - "-" "-"
20.218.66.54 - - [15/Aug/2026:20:41:33 +0200] "GET /kq1.php HTTP/1.1" 500 - "-" "-"
20.218.66.54 - - [15/Aug/2026:20:41:35 +0200] "GET /kgoc6awap3napxxxdCdefault.php HTTP/1.1" 500 - "-" "-"
20.218.66.54 - - [15/Aug/2026:20:41:47 +0200] "GET /zpslrqry.php HTTP/1.1" 500 - "-" "-"
43.228.157.174 - - [15/Aug/2026:20:41:55 +0200] "POST /ALFA_DATA/alfacgiapi/perl.alfa HTTP/1.1" 500 - "www.google.com" "Mozlila/5.0 (Linux; Android 7.0; SM-G892A Bulid/NRD90M; wv) AppleWebKit/537.36 (KHTML, like Gecko) Version/4.0 Chrome/60.0.3112.107 Moblie Safari/537.36"
43.228.157.174 - - [15/Aug/2026:20:41:55 +0200] "GET /wp-content/themes/seotheme/db.php?u HTTP/1.1" 500 - "www.google.com" "Mozlila/5.0 (Linux; Android 7.0; SM-G892A Bulid/NRD90M; wv) AppleWebKit/537.36 (KHTML, like Gecko) Version/4.0 Chrome/60.0.3112.107 Moblie Safari/537.36"
43.228.157.174 - - [15/Aug/2026:20:41:55 +0200] "GET /wp-content/plugins/fix/up.php HTTP/1.1" 500 - "-" "Mozilla/5.0 (Windows NT 10.0; Win64; x64) AppleWebKit/537.36 (KHTML, like Gecko) Chrome/85.0.4183.102 Safari/537.36"
43.228.157.174 - - [15/Aug/2026:20:41:58 +0200] "GET / HTTP/1.1" 500 - "-" "Mozlila/5.0 (Linux; Android 7.0; SM-G892A Bulid/NRD90M; wv) AppleWebKit/537.36 (KHTML, like Gecko) Version/4.0 Chrome/60.0.3112.107 Moblie Safari/537.36"
20.218.66.54 - - [15/Aug/2026:20:41:50 +0200] "GET /lanka.php HTTP/1.1" 500 - "-" "-"
20.218.66.54 - - [15/Aug/2026:20:42:02 +0200] "GET /Jcrop.php HTTP/1.1" 500 - "-" "-"
20.218.66.54 - - [15/Aug/2026:20:42:04 +0200] "GET /modules/appagebuilder/ HTTP/1.1" 500 - "-" "-"
20.218.66.54 - - [15/Aug/2026:20:42:06 +0200] "GET /zu.php HTTP/1.1" 500 - "-" "-"
66.249.70.68 - - [15/Aug/2026:20:42:05 +0200] "GET /shop/customer/bookmark.php?items/Y16052504164/ HTTP/1.1" 500 - "-" "Mozilla/5.0 (compatible; Googlebot/2.1; +http://www.google.com/bot.html)"
20.218.66.54 - - [15/Aug/2026:20:42:08 +0200] "GET /oracle-software-annandale-programmer/ HTTP/1.1" 500 - "-" "-"
20.218.66.54 - - [15/Aug/2026:20:42:19 +0200] "GET /.well-known/acme-challenge/disagrsxr.php HTTP/1.1" 500 - "-" "-"
20.218.66.54 - - [15/Aug/2026:20:42:22 +0200] "GET /ws45.php HTTP/1.1" 500 - "-" "-"
20.218.66.54 - - [15/Aug/2026:20:42:24 +0200] "GET /pt.php HTTP/1.1" 500 - "-" "-"
20.218.66.54 - - [15/Aug/2026:20:42:27 +0200] "GET /tinynologin.php HTTP/1.1" 500 - "-" "-"
20.218.66.54 - - [15/Aug/2026:20:42:38 +0200] "GET /dp.php HTTP/1.1" 500 - "-" "-"
20.218.66.54 - - [15/Aug/2026:20:42:40 +0200] "GET /treaq.php HTTP/1.1" 500 - "-" "-"
20.218.66.54 - - [15/Aug/2026:20:42:50 +0200] "GET /Engine.php HTTP/1.1" 500 - "-" "-"
20.218.66.54 - - [15/Aug/2026:20:42:52 +0200] "GET /metamers.php HTTP/1.1" 500 - "-" "-"
20.218.66.54 - - [15/Aug/2026:20:43:03 +0200] "GET /wp-style.php HTTP/1.1" 500 - "-" "-"
66.249.70.68 - - [15/Aug/2026:20:43:21 +0200] "GET /shop/customer/bookmark.php?items/L16031768373/ HTTP/1.1" 500 - "-" "Mozilla/5.0 (Linux; Android 6.0.1; Nexus 5X Build/MMB29P) AppleWebKit/537.36 (KHTML, like Gecko) Chrome/150.0.7871.186 Mobile Safari/537.36 (compatible; Googlebot/2.1; +http://www.google.com/bot.html)"
20.218.66.54 - - [15/Aug/2026:20:43:14 +0200] "GET /singlex.php HTTP/1.1" 500 - "-" "-"
20.218.66.54 - - [15/Aug/2026:20:43:24 +0200] "GET /67.php HTTP/1.1" 500 - "-" "-"
20.218.66.54 - - [15/Aug/2026:20:43:26 +0200] "GET /fffm.php?p= HTTP/1.1" 500 - "-" "-"
66.249.70.68 - - [15/Aug/2026:20:43:25 +0200] "GET /shop/customer/bookmark.php?items/K16042427610/ HTTP/1.1" 500 - "-" "Mozilla/5.0 (compatible; Googlebot/2.1; +http://www.google.com/bot.html)"
20.218.66.54 - - [15/Aug/2026:20:43:28 +0200] "GET /zxekqlxb.php HTTP/1.1" 500 - "-" "-"
20.218.66.54 - - [15/Aug/2026:20:43:38 +0200] "GET /wp-9p3vdgw.php HTTP/1.1" 500 - "-" "-"
20.218.66.54 - - [15/Aug/2026:20:43:49 +0200] "GET /BbiNip.php HTTP/1.1" 500 - "-" "-"
20.218.66.54 - - [15/Aug/2026:20:43:50 +0200] "GET /wdone1.php HTTP/1.1" 500 - "-" "-"
20.218.66.54 - - [15/Aug/2026:20:43:52 +0200] "GET /100.kb.php HTTP/1.1" 500 - "-" "-"
20.218.66.54 - - [15/Aug/2026:20:43:55 +0200] "GET /8daf1238_1774208172.php HTTP/1.1" 500 - "-" "-"
20.218.66.54 - - [15/Aug/2026:20:44:06 +0200] "GET /tx38.php HTTP/1.1" 500 - "-" "-"
20.218.66.54 - - [15/Aug/2026:20:44:16 +0200] "GET /ms-new.php HTTP/1.1" 500 - "-" "-"
20.218.66.54 - - [15/Aug/2026:20:44:18 +0200] "GET /oracle-software-west-sacramento-programmer/ HTTP/1.1" 500 - "-" "-"
20.218.66.54 - - [15/Aug/2026:20:44:29 +0200] "GET /dex.php HTTP/1.1" 500 - "-" "-"
20.218.66.54 - - [15/Aug/2026:20:44:38 +0200] "GET /001.php HTTP/1.1" 500 - "-" "-"
66.249.70.67 - - [15/Aug/2026:20:44:30 +0200] "GET /shop/customer/bookmark.php?items/I16063122714/ HTTP/1.1" 500 - "-" "Mozilla/5.0 (Linux; Android 6.0.1; Nexus 5X Build/MMB29P) AppleWebKit/537.36 (KHTML, like Gecko) Chrome/150.0.7871.186 Mobile Safari/537.36 (compatible; Googlebot/2.1; +http://www.google.com/bot.html)"
20.218.66.54 - - [15/Aug/2026:20:44:39 +0200] "GET /oussdz.php HTTP/1.1" 500 - "-" "-"
20.218.66.54 - - [15/Aug/2026:20:44:49 +0200] "GET /billur.php HTTP/1.1" 500 - "-" "-"
20.218.66.54 - - [15/Aug/2026:20:45:00 +0200] "GET /ws69.php HTTP/1.1" 500 - "-" "-"
20.218.66.54 - - [15/Aug/2026:20:45:03 +0200] "GET /ws37.php HTTP/1.1" 500 - "-" "-"
20.218.66.54 - - [15/Aug/2026:20:45:05 +0200] "GET /INFECTED.php HTTP/1.1" 500 - "-" "-"
20.218.66.54 - - [15/Aug/2026:20:45:07 +0200] "GET /nhvoanpl.php HTTP/1.1" 500 - "-" "-"
20.218.66.54 - - [15/Aug/2026:20:45:09 +0200] "GET /EravVS.php HTTP/1.1" 500 - "-" "-"
20.218.66.54 - - [15/Aug/2026:20:45:12 +0200] "GET /6bcwiqwj.php HTTP/1.1" 500 - "-" "-"
20.218.66.54 - - [15/Aug/2026:20:45:15 +0200] "GET /kerang.php HTTP/1.1" 500 - "-" "-"
20.218.66.54 - - [15/Aug/2026:20:45:24 +0200] "GET /genco.php HTTP/1.1" 500 - "-" "-"
20.218.66.54 - - [15/Aug/2026:20:45:25 +0200] "GET /a332.php HTTP/1.1" 500 - "-" "-"
20.218.66.54 - - [15/Aug/2026:20:45:25 +0200] "GET /bzjdlofz.php HTTP/1.1" 500 - "-" "-"
66.249.70.68 - - [15/Aug/2026:20:45:33 +0200] "GET /shop/customer/bookmark.php?items/R16062898130/ HTTP/1.1" 500 - "-" "Mozilla/5.0 (compatible; Googlebot/2.1; +http://www.google.com/bot.html)"
20.218.66.54 - - [15/Aug/2026:20:45:26 +0200] "GET /moon3.php HTTP/1.1" 500 - "-" "-"
20.218.66.54 - - [15/Aug/2026:20:45:36 +0200] "GET /002.php?p= HTTP/1.1" 500 - "-" "-"
20.218.66.54 - - [15/Aug/2026:20:45:38 +0200] "GET /pe9rsn.php HTTP/1.1" 500 - "-" "-"
20.218.66.54 - - [15/Aug/2026:20:45:50 +0200] "GET /site2.php HTTP/1.1" 500 - "-" "-"
20.218.66.54 - - [15/Aug/2026:20:46:01 +0200] "GET /zkotynva.php HTTP/1.1" 500 - "-" "-"
20.218.66.54 - - [15/Aug/2026:20:46:04 +0200] "GET /ccou.php HTTP/1.1" 500 - "-" "-"
20.218.66.54 - - [15/Aug/2026:20:46:07 +0200] "GET /zc-942.php HTTP/1.1" 500 - "-" "-"
20.218.66.54 - - [15/Aug/2026:20:46:18 +0200] "GET /tinysd.php HTTP/1.1" 500 - "-" "-"
20.218.66.54 - - [15/Aug/2026:20:46:21 +0200] "GET /wp-content/OMrMKfSU.php HTTP/1.1" 500 - "-" "-"
20.218.66.54 - - [15/Aug/2026:20:46:24 +0200] "GET /2c88361384index.php HTTP/1.1" 500 - "-" "-"
20.218.66.54 - - [15/Aug/2026:20:46:35 +0200] "GET /xr.php HTTP/1.1" 500 - "-" "-"
20.218.66.54 - - [15/Aug/2026:20:46:38 +0200] "GET /admin-author.php HTTP/1.1" 500 - "-" "-"
20.218.66.54 - - [15/Aug/2026:20:46:49 +0200] "GET /.well-known/disagrsxr.php HTTP/1.1" 500 - "-" "-"
20.218.66.54 - - [15/Aug/2026:20:46:51 +0200] "GET /2352356666.php HTTP/1.1" 500 - "-" "-"
20.218.66.54 - - [15/Aug/2026:20:46:54 +0200] "GET /gxjybsva.php HTTP/1.1" 500 - "-" "-"
20.218.66.54 - - [15/Aug/2026:20:47:05 +0200] "GET /abruzi.php HTTP/1.1" 500 - "-" "-"
20.218.66.54 - - [15/Aug/2026:20:47:16 +0200] "GET /rrlnblhy.php HTTP/1.1" 500 - "-" "-"
20.218.66.54 - - [15/Aug/2026:20:47:20 +0200] "GET /apikey/mar.php HTTP/1.1" 500 - "-" "-"
66.249.70.69 - - [15/Aug/2026:20:47:37 +0200] "GET /shop/customer/bookmark.php?items/V16052717322/ HTTP/1.1" 500 - "-" "Mozilla/5.0 (Linux; Android 6.0.1; Nexus 5X Build/MMB29P) AppleWebKit/537.36 (KHTML, like Gecko) Chrome/150.0.7871.186 Mobile Safari/537.36 (compatible; Googlebot/2.1; +http://www.google.com/bot.html)"
20.218.66.54 - - [15/Aug/2026:20:47:31 +0200] "GET /twivahpi.php HTTP/1.1" 500 - "-" "-"
20.218.66.54 - - [15/Aug/2026:20:47:43 +0200] "GET /lobster.php?p= HTTP/1.1" 500 - "-" "-"
20.218.66.54 - - [15/Aug/2026:20:47:53 +0200] "GET /aar.php HTTP/1.1" 500 - "-" "-"
20.218.66.54 - - [15/Aug/2026:20:48:04 +0200] "GET /mimpi.php HTTP/1.1" 500 - "-" "-"
20.218.66.54 - - [15/Aug/2026:20:48:07 +0200] "GET /CDX1.php HTTP/1.1" 500 - "-" "-"
66.249.70.69 - - [15/Aug/2026:20:48:11 +0200] "GET /shop/customer/bookmark.php?items/J16052540405/ HTTP/1.1" 500 - "-" "Mozilla/5.0 (Linux; Android 6.0.1; Nexus 5X Build/MMB29P) AppleWebKit/537.36 (KHTML, like Gecko) Chrome/150.0.7871.186 Mobile Safari/537.36 (compatible; Googlebot/2.1; +http://www.google.com/bot.html)"
20.218.66.54 - - [15/Aug/2026:20:48:09 +0200] "GET /lyns.php HTTP/1.1" 500 - "-" "-"
20.218.66.54 - - [15/Aug/2026:20:48:20 +0200] "GET /dkSUq.php HTTP/1.1" 500 - "-" "-"
20.218.66.54 - - [15/Aug/2026:20:48:22 +0200] "GET /babu.php HTTP/1.1" 500 - "-" "-"
20.218.66.54 - - [15/Aug/2026:20:48:24 +0200] "GET /UT6UJndefault.php HTTP/1.1" 500 - "-" "-"
66.249.70.68 - - [15/Aug/2026:20:48:18 +0200] "GET /shop/customer/bookmark.php?items/Z16042042840/ HTTP/1.1" 500 - "-" "Mozilla/5.0 (compatible; Googlebot/2.1; +http://www.google.com/bot.html)"
20.218.66.54 - - [15/Aug/2026:20:48:27 +0200] "GET /eSAnNNH.php HTTP/1.1" 500 - "-" "-"
20.218.66.54 - - [15/Aug/2026:20:48:29 +0200] "GET /UuAFIYGYKdefault.php HTTP/1.1" 500 - "-" "-"
20.218.66.54 - - [15/Aug/2026:20:48:39 +0200] "GET /qterm.php HTTP/1.1" 500 - "-" "-"
20.218.66.54 - - [15/Aug/2026:20:48:41 +0200] "GET /track.php HTTP/1.1" 500 - "-" "-"
20.218.66.54 - - [15/Aug/2026:20:48:43 +0200] "GET /suit5y.php HTTP/1.1" 500 - "-" "-"
20.218.66.54 - - [15/Aug/2026:20:48:45 +0200] "GET /kua.php HTTP/1.1" 500 - "-" "-"
20.218.66.54 - - [15/Aug/2026:20:48:55 +0200] "GET /user3.php HTTP/1.1" 500 - "-" "-"
20.218.66.54 - - [15/Aug/2026:20:49:06 +0200] "GET /logs1.php HTTP/1.1" 500 - "-" "-"
20.218.66.54 - - [15/Aug/2026:20:49:17 +0200] "GET /wcas.php HTTP/1.1" 500 - "-" "-"
20.218.66.54 - - [15/Aug/2026:20:49:28 +0200] "GET /un.php HTTP/1.1" 500 - "-" "-"
66.249.70.67 - - [15/Aug/2026:20:49:47 +0200] "GET /shop/customer/bookmark.php?items/F16021174644/ HTTP/1.1" 500 - "-" "Mozilla/5.0 (Linux; Android 6.0.1; Nexus 5X Build/MMB29P) AppleWebKit/537.36 (KHTML, like Gecko) Chrome/150.0.7871.186 Mobile Safari/537.36 (compatible; Googlebot/2.1; +http://www.google.com/bot.html)"
114.119.152.69 - - [15/Aug/2026:20:50:15 +0200] "GET /sitemap_4.xml HTTP/1.1" 200 - "-" "Mozilla/5.0 (Linux; Android 7.0;) AppleWebKit/537.36 (KHTML, like Gecko) Mobile Safari/537.36 (compatible; PetalBot;+https://webmaster.petalsearch.com/site/petalbot)"
66.249.70.67 - - [15/Aug/2026:20:50:32 +0200] "GET /shop/customer/bookmark.php?items/V1601759679/ HTTP/1.1" 500 - "-" "Mozilla/5.0 (compatible; Googlebot/2.1; +http://www.google.com/bot.html)"
66.249.70.67 - - [15/Aug/2026:20:50:53 +0200] "GET /shop/customer/bookmark.php?items/K16021180870/ HTTP/1.1" 500 - "-" "Mozilla/5.0 (compatible; Googlebot/2.1; +http://www.google.com/bot.html)"
66.249.70.67 - - [15/Aug/2026:20:51:12 +0200] "GET /shop/customer/bookmark.php?items/J1600386662/ HTTP/1.1" 500 - "-" "Mozilla/5.0 (Linux; Android 6.0.1; Nexus 5X Build/MMB29P) AppleWebKit/537.36 (KHTML, like Gecko) Chrome/150.0.7871.186 Mobile Safari/537.36 (compatible; Googlebot/2.1; +http://www.google.com/bot.html)"
66.249.70.67 - - [15/Aug/2026:20:52:29 +0200] "GET /shop/customer/bookmark.php?items/D16021349617/ HTTP/1.1" 500 - "-" "Mozilla/5.0 (Linux; Android 6.0.1; Nexus 5X Build/MMB29P) AppleWebKit/537.36 (KHTML, like Gecko) Chrome/150.0.7871.186 Mobile Safari/537.36 (compatible; Googlebot/2.1; +http://www.google.com/bot.html)"
66.249.70.68 - - [15/Aug/2026:20:52:39 +0200] "GET /shop/customer/bookmark.php?items/O1601683054/ HTTP/1.1" 500 - "-" "Mozilla/5.0 (compatible; Googlebot/2.1; +http://www.google.com/bot.html)"
66.249.70.67 - - [15/Aug/2026:20:52:48 +0200] "GET /shop/customer/bookmark.php?items/G16021300820/ HTTP/1.1" 500 - "-" "Mozilla/5.0 (Linux; Android 6.0.1; Nexus 5X Build/MMB29P) AppleWebKit/537.36 (KHTML, like Gecko) Chrome/150.0.7871.186 Mobile Safari/537.36 (compatible; Googlebot/2.1; +http://www.google.com/bot.html)"
66.249.70.69 - - [15/Aug/2026:20:53:58 +0200] "GET /shop/customer/bookmark.php?items/G16021300820/ HTTP/1.1" 500 - "-" "Mozilla/5.0 (compatible; Googlebot/2.1; +http://www.google.com/bot.html)"
66.249.70.68 - - [15/Aug/2026:20:54:09 +0200] "GET /shop/customer/bookmark.php?items/U1601695428/ HTTP/1.1" 500 - "-" "Mozilla/5.0 (compatible; Googlebot/2.1; +http://www.google.com/bot.html)"
66.249.70.67 - - [15/Aug/2026:20:54:18 +0200] "GET /shop/customer/bookmark.php?items/Z16042441328/ HTTP/1.1" 500 - "-" "Mozilla/5.0 (Linux; Android 6.0.1; Nexus 5X Build/MMB29P) AppleWebKit/537.36 (KHTML, like Gecko) Chrome/150.0.7871.186 Mobile Safari/537.36 (compatible; Googlebot/2.1; +http://www.google.com/bot.html)"
66.249.70.67 - - [15/Aug/2026:20:54:38 +0200] "GET /shop/customer/bookmark.php?items/U1601695428/ HTTP/1.1" 500 - "-" "Mozilla/5.0 (Linux; Android 6.0.1; Nexus 5X Build/MMB29P) AppleWebKit/537.36 (KHTML, like Gecko) Chrome/150.0.7871.186 Mobile Safari/537.36 (compatible; Googlebot/2.1; +http://www.google.com/bot.html)"
66.249.70.67 - - [15/Aug/2026:20:55:10 +0200] "GET /shop/customer/bookmark.php?items/O16052527108/ HTTP/1.1" 500 - "-" "Mozilla/5.0 (compatible; Googlebot/2.1; +http://www.google.com/bot.html)"
66.249.70.68 - - [15/Aug/2026:20:57:03 +0200] "GET /shop/customer/bookmark.php?items/O1600451981/ HTTP/1.1" 500 - "-" "Mozilla/5.0 (compatible; Googlebot/2.1; +http://www.google.com/bot.html)"
66.249.70.68 - - [15/Aug/2026:20:57:49 +0200] "GET /shop/customer/bookmark.php?items/Q1600349885/ HTTP/1.1" 500 - "-" "Mozilla/5.0 (Linux; Android 6.0.1; Nexus 5X Build/MMB29P) AppleWebKit/537.36 (KHTML, like Gecko) Chrome/150.0.7871.186 Mobile Safari/537.36 (compatible; Googlebot/2.1; +http://www.google.com/bot.html)"
66.249.70.69 - - [15/Aug/2026:20:58:01 +0200] "GET /shop/customer/bookmark.php?items/M16052667237/ HTTP/1.1" 500 - "-" "Mozilla/5.0 (compatible; Googlebot/2.1; +http://www.google.com/bot.html)"
66.249.70.68 - - [15/Aug/2026:20:58:50 +0200] "GET /shop/customer/bookmark.php?goods=1917451&crsirefo_hidden=0219d3605c2e10d51c688f939542ce4335d5a8dcccdeb9746951d1e0aede9bab HTTP/1.1" 500 - "-" "Mozilla/5.0 (Linux; Android 6.0.1; Nexus 5X Build/MMB29P) AppleWebKit/537.36 (KHTML, like Gecko) Chrome/150.0.7871.186 Mobile Safari/537.36 (compatible; Googlebot/2.1; +http://www.google.com/bot.html)"
66.249.70.67 - - [15/Aug/2026:20:59:41 +0200] "GET /shop/customer/bookmark.php?items/U16063071359/ HTTP/1.1" 500 - "-" "Mozilla/5.0 (compatible; Googlebot/2.1; +http://www.google.com/bot.html)"
66.249.70.67 - - [15/Aug/2026:21:00:33 +0200] "GET /shop/customer/bookmark.php?items/U16063071359/ HTTP/1.1" 500 - "-" "Mozilla/5.0 (Linux; Android 6.0.1; Nexus 5X Build/MMB29P) AppleWebKit/537.36 (KHTML, like Gecko) Chrome/150.0.7871.186 Mobile Safari/537.36 (compatible; Googlebot/2.1; +http://www.google.com/bot.html)"
66.249.70.68 - - [15/Aug/2026:21:01:03 +0200] "GET /shop/customer/bookmark.php?items/D16063032706/ HTTP/1.1" 500 - "-" "Mozilla/5.0 (compatible; Googlebot/2.1; +http://www.google.com/bot.html)"
66.249.70.68 - - [15/Aug/2026:21:01:13 +0200] "GET /shop/customer/bookmark.php?items/P1600370005/ HTTP/1.1" 500 - "-" "Mozilla/5.0 (compatible; Googlebot/2.1; +http://www.google.com/bot.html)"
66.249.70.69 - - [15/Aug/2026:21:02:32 +0200] "GET /shop/customer/bookmark.php?items/T16063181806/ HTTP/1.1" 500 - "-" "Mozilla/5.0 (compatible; Googlebot/2.1; +http://www.google.com/bot.html)"
66.249.70.68 - - [15/Aug/2026:21:04:04 +0200] "GET /shop/customer/bookmark.php?items/J16042132947/ HTTP/1.1" 500 - "-" "Mozilla/5.0 (compatible; Googlebot/2.1; +http://www.google.com/bot.html)"
66.249.70.67 - - [15/Aug/2026:21:06:19 +0200] "GET /shop/customer/bookmark.php?items/Y16042103146/ HTTP/1.1" 500 - "-" "Mozilla/5.0 (Linux; Android 6.0.1; Nexus 5X Build/MMB29P) AppleWebKit/537.36 (KHTML, like Gecko) Chrome/150.0.7871.186 Mobile Safari/537.36 (compatible; Googlebot/2.1; +http://www.google.com/bot.html)"
66.249.70.68 - - [15/Aug/2026:21:07:31 +0200] "GET /shop/customer/bookmark.php?items/Z16042005505/ HTTP/1.1" 500 - "-" "Mozilla/5.0 (Linux; Android 6.0.1; Nexus 5X Build/MMB29P) AppleWebKit/537.36 (KHTML, like Gecko) Chrome/150.0.7871.186 Mobile Safari/537.36 (compatible; Googlebot/2.1; +http://www.google.com/bot.html)"
66.249.70.67 - - [15/Aug/2026:21:09:03 +0200] "GET /shop/customer/bookmark.php?items/R1601828714/ HTTP/1.1" 500 - "-" "Mozilla/5.0 (Linux; Android 6.0.1; Nexus 5X Build/MMB29P) AppleWebKit/537.36 (KHTML, like Gecko) Chrome/150.0.7871.186 Mobile Safari/537.36 (compatible; Googlebot/2.1; +http://www.google.com/bot.html)"
66.249.70.69 - - [15/Aug/2026:21:10:38 +0200] "GET /shop/customer/bookmark.php?items/V16042030276/ HTTP/1.1" 500 - "-" "Mozilla/5.0 (Linux; Android 6.0.1; Nexus 5X Build/MMB29P) AppleWebKit/537.36 (KHTML, like Gecko) Chrome/150.0.7871.186 Mobile Safari/537.36 (compatible; Googlebot/2.1; +http://www.google.com/bot.html)"
66.249.70.67 - - [15/Aug/2026:21:12:12 +0200] "GET /shop/customer/bookmark.php?items/E16042105620/ HTTP/1.1" 500 - "-" "Mozilla/5.0 (Linux; Android 6.0.1; Nexus 5X Build/MMB29P) AppleWebKit/537.36 (KHTML, like Gecko) Chrome/150.0.7871.186 Mobile Safari/537.36 (compatible; Googlebot/2.1; +http://www.google.com/bot.html)"
66.249.70.68 - - [15/Aug/2026:21:13:10 +0200] "GET /shop/customer/bookmark.php?items/F16021213382/ HTTP/1.1" 500 - "-" "Mozilla/5.0 (Linux; Android 6.0.1; Nexus 5X Build/MMB29P) AppleWebKit/537.36 (KHTML, like Gecko) Chrome/150.0.7871.186 Mobile Safari/537.36 (compatible; Googlebot/2.1; +http://www.google.com/bot.html)"
66.249.70.67 - - [15/Aug/2026:21:14:25 +0200] "GET /shop/pg/1601600236 HTTP/1.1" 500 - "-" "Mozilla/5.0 (compatible; Googlebot/2.1; +http://www.google.com/bot.html)"
66.249.70.67 - - [15/Aug/2026:21:14:36 +0200] "GET /shop/customer/bookmark.php?items/P1601631045/ HTTP/1.1" 500 - "-" "Mozilla/5.0 (Linux; Android 6.0.1; Nexus 5X Build/MMB29P) AppleWebKit/537.36 (KHTML, like Gecko) Chrome/150.0.7871.186 Mobile Safari/537.36 (compatible; Googlebot/2.1; +http://www.google.com/bot.html)"
66.249.70.67 - - [15/Aug/2026:21:15:05 +0200] "GET /shop/customer/bookmark.php?items/T16042275353/ HTTP/1.1" 500 - "-" "Mozilla/5.0 (Linux; Android 6.0.1; Nexus 5X Build/MMB29P) AppleWebKit/537.36 (KHTML, like Gecko) Chrome/150.0.7871.186 Mobile Safari/537.36 (compatible; Googlebot/2.1; +http://www.google.com/bot.html)"
66.249.70.67 - - [15/Aug/2026:21:15:34 +0200] "GET /shop/customer/bookmark.php?items/I16021201982/ HTTP/1.1" 500 - "-" "Mozilla/5.0 (compatible; Googlebot/2.1; +http://www.google.com/bot.html)"
66.249.70.67 - - [15/Aug/2026:21:17:39 +0200] "GET /shop/customer/bookmark.php?items/R16021075285/ HTTP/1.1" 500 - "-" "Mozilla/5.0 (Linux; Android 6.0.1; Nexus 5X Build/MMB29P) AppleWebKit/537.36 (KHTML, like Gecko) Chrome/150.0.7871.186 Mobile Safari/537.36 (compatible; Googlebot/2.1; +http://www.google.com/bot.html)"
66.249.70.69 - - [15/Aug/2026:21:19:11 +0200] "GET /shop/customer/bookmark.php?items/B16042373810/ HTTP/1.1" 500 - "-" "Mozilla/5.0 (Linux; Android 6.0.1; Nexus 5X Build/MMB29P) AppleWebKit/537.36 (KHTML, like Gecko) Chrome/150.0.7871.186 Mobile Safari/537.36 (compatible; Googlebot/2.1; +http://www.google.com/bot.html)"
169.58.146.38 - - [15/Aug/2026:21:19:21 +0200] "GET /wp-admin/css/ HTTP/1.1" 500 - "-" "Mozilla/5.0 (Windows NT 10.0; Win64; x64) AppleWebKit/537.36 (KHTML, like Gecko) Chrome/120.0.0.0 Safari/537.36"
169.58.146.38 - - [15/Aug/2026:21:19:38 +0200] "GET /wp-admin/css/colors/blue/ HTTP/1.1" 500 - "-" "Mozilla/5.0 (Windows NT 10.0; Win64; x64) AppleWebKit/537.36 (KHTML, like Gecko) Chrome/120.0.0.0 Safari/537.36"
66.249.70.68 - - [15/Aug/2026:21:20:03 +0200] "GET /shop/customer/bookmark.php?items/B16042373810/ HTTP/1.1" 500 - "-" "Mozilla/5.0 (compatible; Googlebot/2.1; +http://www.google.com/bot.html)"
169.58.146.38 - - [15/Aug/2026:21:19:58 +0200] "GET /wp-admin/maint/ HTTP/1.1" 500 - "-" "Mozilla/5.0 (Windows NT 10.0; Win64; x64) AppleWebKit/537.36 (KHTML, like Gecko) Chrome/120.0.0.0 Safari/537.36"
169.58.146.38 - - [15/Aug/2026:21:20:17 +0200] "GET /wp-admin/js/widgets/ HTTP/1.1" 500 - "-" "Mozilla/5.0 (Windows NT 10.0; Win64; x64) AppleWebKit/537.36 (KHTML, like Gecko) Chrome/120.0.0.0 Safari/537.36"
169.58.146.38 - - [15/Aug/2026:21:20:31 +0200] "GET /wp-admin/network/ HTTP/1.1" 500 - "-" "Mozilla/5.0 (Windows NT 10.0; Win64; x64) AppleWebKit/537.36 (KHTML, like Gecko) Chrome/120.0.0.0 Safari/537.36"
169.58.146.38 - - [15/Aug/2026:21:20:49 +0200] "GET /wp-includes/ HTTP/1.1" 500 - "-" "Mozilla/5.0 (Windows NT 10.0; Win64; x64) AppleWebKit/537.36 (KHTML, like Gecko) Chrome/120.0.0.0 Safari/537.36"
169.58.146.38 - - [15/Aug/2026:21:21:07 +0200] "GET /wp-includes/Text/Diff/ HTTP/1.1" 500 - "-" "Mozilla/5.0 (Windows NT 10.0; Win64; x64) AppleWebKit/537.36 (KHTML, like Gecko) Chrome/120.0.0.0 Safari/537.36"
66.249.70.68 - - [15/Aug/2026:21:21:23 +0200] "GET /shop/customer/bookmark.php?items/M16062771211/ HTTP/1.1" 500 - "-" "Mozilla/5.0 (compatible; Googlebot/2.1; +http://www.google.com/bot.html)"
169.58.146.38 - - [15/Aug/2026:21:21:23 +0200] "GET /wp-includes/css/dist/ HTTP/1.1" 500 - "-" "Mozilla/5.0 (Windows NT 10.0; Win64; x64) AppleWebKit/537.36 (KHTML, like Gecko) Chrome/120.0.0.0 Safari/537.36"
169.58.146.38 - - [15/Aug/2026:21:21:42 +0200] "GET /wp-includes/ID3/ HTTP/1.1" 500 - "-" "Mozilla/5.0 (Windows NT 10.0; Win64; x64) AppleWebKit/537.36 (KHTML, like Gecko) Chrome/120.0.0.0 Safari/537.36"
169.58.146.38 - - [15/Aug/2026:21:21:54 +0200] "GET /wp-includes/sitemaps/providers/ HTTP/1.1" 500 - "-" "Mozilla/5.0 (Windows NT 10.0; Win64; x64) AppleWebKit/537.36 (KHTML, like Gecko) Chrome/120.0.0.0 Safari/537.36"
169.58.146.38 - - [15/Aug/2026:21:22:16 +0200] "GET /wp-includes/images/ HTTP/1.1" 500 - "-" "Mozilla/5.0 (Windows NT 10.0; Win64; x64) AppleWebKit/537.36 (KHTML, like Gecko) Chrome/120.0.0.0 Safari/537.36"
169.58.146.38 - - [15/Aug/2026:21:22:33 +0200] "GET /wp-includes/pomo/ HTTP/1.1" 500 - "-" "Mozilla/5.0 (Windows NT 10.0; Win64; x64) AppleWebKit/537.36 (KHTML, like Gecko) Chrome/120.0.0.0 Safari/537.36"
106.52.171.40 - - [15/Aug/2026:21:22:34 +0200] "HEAD / HTTP/1.1" 500 - "https://m.baidu.com/s?word=www.ksr4k.cn" "Mozilla/5.0 (Linux; Android 7.1.1; OPPO A83 Build/N6F26Q; wv) AppleWebKit/537.36 (KHTML, like Gecko) Version/4.0 Chrome/76.0.3809.89 Mobile Safari/537.36 T7/11.18 SP-engine/2.14.0 baiduboxapp/11.18.0.12 (Baidu; P1 7.1.1)"
169.58.146.38 - - [15/Aug/2026:21:22:47 +0200] "GET /wp-includes/js/ HTTP/1.1" 500 - "-" "Mozilla/5.0 (Windows NT 10.0; Win64; x64) AppleWebKit/537.36 (KHTML, like Gecko) Chrome/120.0.0.0 Safari/537.36"
66.249.70.68 - - [15/Aug/2026:21:22:58 +0200] "GET /shop/customer/bookmark.php?items/K16021197829/ HTTP/1.1" 500 - "-" "Mozilla/5.0 (compatible; Googlebot/2.1; +http://www.google.com/bot.html)"
169.58.146.38 - - [15/Aug/2026:21:23:05 +0200] "GET /wp-includes/js/codemirror/ HTTP/1.1" 500 - "-" "Mozilla/5.0 (Windows NT 10.0; Win64; x64) AppleWebKit/537.36 (KHTML, like Gecko) Chrome/120.0.0.0 Safari/537.36"
66.249.70.68 - - [15/Aug/2026:21:23:09 +0200] "GET /shop/customer/bookmark.php?items/V1601887280/ HTTP/1.1" 500 - "-" "Mozilla/5.0 (compatible; Googlebot/2.1; +http://www.google.com/bot.html)"
169.58.146.38 - - [15/Aug/2026:21:23:19 +0200] "GET /wp-includes/widgets/ HTTP/1.1" 500 - "-" "Mozilla/5.0 (Windows NT 10.0; Win64; x64) AppleWebKit/537.36 (KHTML, like Gecko) Chrome/120.0.0.0 Safari/537.36"
169.58.146.38 - - [15/Aug/2026:21:23:37 +0200] "GET /wp-content/languages/ HTTP/1.1" 500 - "-" "Mozilla/5.0 (Windows NT 10.0; Win64; x64) AppleWebKit/537.36 (KHTML, like Gecko) Chrome/120.0.0.0 Safari/537.36"
169.58.146.38 - - [15/Aug/2026:21:23:31 +0200] "GET /wp-content/ HTTP/1.1" 500 - "-" "Mozilla/5.0 (Windows NT 10.0; Win64; x64) AppleWebKit/537.36 (KHTML, like Gecko) Chrome/120.0.0.0 Safari/537.36"
114.119.166.88 - - [15/Aug/2026:21:23:36 +0200] "GET /sitemap_3.xml HTTP/1.1" 200 - "-" "Mozilla/5.0 (Linux; Android 7.0;) AppleWebKit/537.36 (KHTML, like Gecko) Mobile Safari/537.36 (compatible; PetalBot;+https://webmaster.petalsearch.com/site/petalbot)"
169.58.146.38 - - [15/Aug/2026:21:23:56 +0200] "GET /wp-content/uploads/ HTTP/1.1" 500 - "-" "Mozilla/5.0 (Windows NT 10.0; Win64; x64) AppleWebKit/537.36 (KHTML, like Gecko) Chrome/120.0.0.0 Safari/537.36"
169.58.146.38 - - [15/Aug/2026:21:24:10 +0200] "GET /wp-content/plugins/ HTTP/1.1" 500 - "-" "Mozilla/5.0 (Windows NT 10.0; Win64; x64) AppleWebKit/537.36 (KHTML, like Gecko) Chrome/120.0.0.0 Safari/537.36"
66.249.70.67 - - [15/Aug/2026:21:24:09 +0200] "GET /shop/customer/bookmark.php?items/I16947398766/ HTTP/1.1" 500 - "-" "Mozilla/5.0 (Linux; Android 6.0.1; Nexus 5X Build/MMB29P) AppleWebKit/537.36 (KHTML, like Gecko) Chrome/150.0.7871.186 Mobile Safari/537.36 (compatible; Googlebot/2.1; +http://www.google.com/bot.html)"
169.58.146.38 - - [15/Aug/2026:21:24:25 +0200] "GET /.well-known/ HTTP/1.1" 500 - "-" "Mozilla/5.0 (Windows NT 10.0; Win64; x64) AppleWebKit/537.36 (KHTML, like Gecko) Chrome/120.0.0.0 Safari/537.36"
66.249.70.67 - - [15/Aug/2026:21:24:33 +0200] "GET /shop/customer/bookmark.php?items/A16052566531/ HTTP/1.1" 500 - "-" "Mozilla/5.0 (Linux; Android 6.0.1; Nexus 5X Build/MMB29P) AppleWebKit/537.36 (KHTML, like Gecko) Chrome/150.0.7871.186 Mobile Safari/537.36 (compatible; Googlebot/2.1; +http://www.google.com/bot.html)"
169.58.146.38 - - [15/Aug/2026:21:24:43 +0200] "GET /files/ HTTP/1.1" 500 - "-" "Mozilla/5.0 (Windows NT 10.0; Win64; x64) AppleWebKit/537.36 (KHTML, like Gecko) Chrome/120.0.0.0 Safari/537.36"
169.58.146.38 - - [15/Aug/2026:21:24:53 +0200] "GET /file/ HTTP/1.1" 500 - "-" "Mozilla/5.0 (Windows NT 10.0; Win64; x64) AppleWebKit/537.36 (KHTML, like Gecko) Chrome/120.0.0.0 Safari/537.36"
169.58.146.38 - - [15/Aug/2026:21:25:04 +0200] "GET /images/ HTTP/1.1" 500 - "-" "Mozilla/5.0 (Windows NT 10.0; Win64; x64) AppleWebKit/537.36 (KHTML, like Gecko) Chrome/120.0.0.0 Safari/537.36"
169.58.146.38 - - [15/Aug/2026:21:25:26 +0200] "GET /cgi-bin/ HTTP/1.1" 500 - "-" "Mozilla/5.0 (Windows NT 10.0; Win64; x64) AppleWebKit/537.36 (KHTML, like Gecko) Chrome/120.0.0.0 Safari/537.36"
43.133.221.163 - - [15/Aug/2026:21:26:48 +0200] "GET / HTTP/1.1" 500 - "http://wekkj.cn" "Mozilla/5.0 (iPhone; CPU iPhone OS 18_7 like Mac OS X) AppleWebKit/605.1.15 (KHTML, like Gecko) Version/26.5 Mobile/15E148 Safari/604.1"
66.249.70.67 - - [15/Aug/2026:21:28:22 +0200] "GET /shop/detail/K16989301037/ HTTP/1.1" 500 - "-" "Mozilla/5.0 (compatible; Googlebot/2.1; +http://www.google.com/bot.html)"
66.249.70.67 - - [15/Aug/2026:21:28:43 +0200] "GET /shop/detail/K16989301037/ HTTP/1.1" 500 - "-" "Mozilla/5.0 (Linux; Android 6.0.1; Nexus 5X Build/MMB29P) AppleWebKit/537.36 (KHTML, like Gecko) Chrome/150.0.7871.186 Mobile Safari/537.36 (compatible; Googlebot/2.1; +http://www.google.com/bot.html)"
66.249.70.69 - - [15/Aug/2026:21:29:40 +0200] "GET /shop/customer/bookmark.php?items/V1600107930/ HTTP/1.1" 500 - "-" "Mozilla/5.0 (compatible; Googlebot/2.1; +http://www.google.com/bot.html)"
66.249.70.68 - - [15/Aug/2026:21:31:23 +0200] "GET /shop/customer/bookmark.php?items/V16042132696/ HTTP/1.1" 500 - "-" "Mozilla/5.0 (compatible; Googlebot/2.1; +http://www.google.com/bot.html)"
66.249.70.68 - - [15/Aug/2026:21:32:00 +0200] "GET /shop/customer/bookmark.php?items/I16063140341/ HTTP/1.1" 500 - "-" "Mozilla/5.0 (Linux; Android 6.0.1; Nexus 5X Build/MMB29P) AppleWebKit/537.36 (KHTML, like Gecko) Chrome/150.0.7871.186 Mobile Safari/537.36 (compatible; Googlebot/2.1; +http://www.google.com/bot.html)"
185.217.0.59 - - [15/Aug/2026:21:32:05 +0200] "GET / HTTP/1.1" 500 - "-" "Mozilla/5.0 (Windows NT 10.0; Win64; x64) AppleWebKit/537.36 Chrome/120.0.0.0 Safari/537.36"
66.249.70.68 - - [15/Aug/2026:21:32:31 +0200] "GET /shop/customer/bookmark.php?items/U1600165018/ HTTP/1.1" 500 - "-" "Mozilla/5.0 (Linux; Android 6.0.1; Nexus 5X Build/MMB29P) AppleWebKit/537.36 (KHTML, like Gecko) Chrome/150.0.7871.186 Mobile Safari/537.36 (compatible; Googlebot/2.1; +http://www.google.com/bot.html)"
66.249.70.68 - - [15/Aug/2026:21:33:54 +0200] "GET /shop/customer/bookmark.php?items/Y1600327524/ HTTP/1.1" 500 - "-" "Mozilla/5.0 (compatible; Googlebot/2.1; +http://www.google.com/bot.html)"
66.249.70.69 - - [15/Aug/2026:21:34:52 +0200] "GET /shop/customer/bookmark.php?items/U16999571230/ HTTP/1.1" 500 - "-" "Mozilla/5.0 (Linux; Android 6.0.1; Nexus 5X Build/MMB29P) AppleWebKit/537.36 (KHTML, like Gecko) Chrome/150.0.7871.186 Mobile Safari/537.36 (compatible; Googlebot/2.1; +http://www.google.com/bot.html)"
66.249.70.68 - - [15/Aug/2026:21:34:59 +0200] "GET /shop/customer/bookmark.php?items/H1601919655/ HTTP/1.1" 500 - "-" "Mozilla/5.0 (compatible; Googlebot/2.1; +http://www.google.com/bot.html)"
66.249.70.67 - - [15/Aug/2026:21:35:27 +0200] "GET /shop/customer/bookmark.php?items/Y16042476526/ HTTP/1.1" 500 - "-" "Mozilla/5.0 (compatible; Googlebot/2.1; +http://www.google.com/bot.html)"
66.249.70.67 - - [15/Aug/2026:21:35:32 +0200] "GET /shop/customer/bookmark.php?items/J1601688026/ HTTP/1.1" 500 - "-" "Mozilla/5.0 (compatible; Googlebot/2.1; +http://www.google.com/bot.html)"
