66.249.70.67 - - [15/Aug/2026:16:20:00 +0200] "GET /shop/customer/bookmark.php?items/T16021030224/ HTTP/1.1" 500 - "-" "Mozilla/5.0 (compatible; Googlebot/2.1; +http://www.google.com/bot.html)"
66.249.70.67 - - [15/Aug/2026:16:20:05 +0200] "GET /shop/customer/bookmark.php?items/C16042338744/ HTTP/1.1" 500 - "-" "Mozilla/5.0 (compatible; Googlebot/2.1; +http://www.google.com/bot.html)"
66.249.70.67 - - [15/Aug/2026:16:20:14 +0200] "GET /shop/customer/bookmark.php?items/O16062831699/ HTTP/1.1" 500 - "-" "Mozilla/5.0 (compatible; Googlebot/2.1; +http://www.google.com/bot.html)"
66.249.70.67 - - [15/Aug/2026:16:20:26 +0200] "GET /shop/customer/bookmark.php?items/Z16042481807/ HTTP/1.1" 500 - "-" "Mozilla/5.0 (Linux; Android 6.0.1; Nexus 5X Build/MMB29P) AppleWebKit/537.36 (KHTML, like Gecko) Chrome/150.0.7871.186 Mobile Safari/537.36 (compatible; Googlebot/2.1; +http://www.google.com/bot.html)"
66.249.70.67 - - [15/Aug/2026:16:20:29 +0200] "GET /shop/customer/bookmark.php?items/Z16042481807/ HTTP/1.1" 500 - "-" "Mozilla/5.0 (compatible; Googlebot/2.1; +http://www.google.com/bot.html)"
66.249.70.67 - - [15/Aug/2026:16:20:33 +0200] "GET /shop/customer/bookmark.php?items/Q16062912298/ HTTP/1.1" 500 - "-" "Mozilla/5.0 (Linux; Android 6.0.1; Nexus 5X Build/MMB29P) AppleWebKit/537.36 (KHTML, like Gecko) Chrome/150.0.7871.186 Mobile Safari/537.36 (compatible; Googlebot/2.1; +http://www.google.com/bot.html)"
36.112.209.154 - - [15/Aug/2026:16:20:35 +0200] "GET / HTTP/1.1" 500 - "-" "Mozilla/5.0 Firefox/35.0"
66.249.70.67 - - [15/Aug/2026:16:20:58 +0200] "GET /shop/customer/bookmark.php?items/E16052522391/ HTTP/1.1" 500 - "-" "Mozilla/5.0 (compatible; Googlebot/2.1; +http://www.google.com/bot.html)"
66.249.70.67 - - [15/Aug/2026:16:20:53 +0200] "GET /shop/customer/bookmark.php?items/B16063163937/ HTTP/1.1" 500 - "-" "Mozilla/5.0 (compatible; Googlebot/2.1; +http://www.google.com/bot.html)"
66.249.70.67 - - [15/Aug/2026:16:21:07 +0200] "GET /shop/customer/bookmark.php?items/S16052739263/ HTTP/1.1" 500 - "-" "Mozilla/5.0 (Linux; Android 6.0.1; Nexus 5X Build/MMB29P) AppleWebKit/537.36 (KHTML, like Gecko) Chrome/150.0.7871.186 Mobile Safari/537.36 (compatible; Googlebot/2.1; +http://www.google.com/bot.html)"
66.249.70.68 - - [15/Aug/2026:16:21:02 +0200] "GET /shop/customer/bookmark.php?items/O16062831699/ HTTP/1.1" 500 - "-" "Mozilla/5.0 (Linux; Android 6.0.1; Nexus 5X Build/MMB29P) AppleWebKit/537.36 (KHTML, like Gecko) Chrome/150.0.7871.186 Mobile Safari/537.36 (compatible; Googlebot/2.1; +http://www.google.com/bot.html)"
66.249.70.67 - - [15/Aug/2026:16:21:17 +0200] "GET /shop/customer/bookmark.php?items/R1600455008/ HTTP/1.1" 500 - "-" "Mozilla/5.0 (Linux; Android 6.0.1; Nexus 5X Build/MMB29P) AppleWebKit/537.36 (KHTML, like Gecko) Chrome/150.0.7871.186 Mobile Safari/537.36 (compatible; Googlebot/2.1; +http://www.google.com/bot.html)"
66.249.70.67 - - [15/Aug/2026:16:21:12 +0200] "GET /shop/customer/bookmark.php?items/B16063163937/ HTTP/1.1" 500 - "-" "Mozilla/5.0 (Linux; Android 6.0.1; Nexus 5X Build/MMB29P) AppleWebKit/537.36 (KHTML, like Gecko) Chrome/150.0.7871.186 Mobile Safari/537.36 (compatible; Googlebot/2.1; +http://www.google.com/bot.html)"
66.249.70.67 - - [15/Aug/2026:16:21:22 +0200] "GET /shop/customer/bookmark.php?items/R1600455008/ HTTP/1.1" 500 - "-" "Mozilla/5.0 (compatible; Googlebot/2.1; +http://www.google.com/bot.html)"
66.249.70.67 - - [15/Aug/2026:16:21:33 +0200] "GET /shop/customer/bookmark.php?items/V1600206654/ HTTP/1.1" 500 - "-" "Mozilla/5.0 (compatible; Googlebot/2.1; +http://www.google.com/bot.html)"
66.249.70.67 - - [15/Aug/2026:16:21:36 +0200] "GET /shop/customer/bookmark.php?items/S16052739263/ HTTP/1.1" 500 - "-" "Mozilla/5.0 (Linux; Android 6.0.1; Nexus 5X Build/MMB29P) AppleWebKit/537.36 (KHTML, like Gecko) Chrome/150.0.7871.186 Mobile Safari/537.36 (compatible; Googlebot/2.1; +http://www.google.com/bot.html)"
66.249.70.67 - - [15/Aug/2026:16:21:47 +0200] "GET /shop/customer/bookmark.php?items/A16062915202/ HTTP/1.1" 500 - "-" "Mozilla/5.0 (Linux; Android 6.0.1; Nexus 5X Build/MMB29P) AppleWebKit/537.36 (KHTML, like Gecko) Chrome/150.0.7871.186 Mobile Safari/537.36 (compatible; Googlebot/2.1; +http://www.google.com/bot.html)"
66.249.70.68 - - [15/Aug/2026:16:22:13 +0200] "GET /shop/customer/bookmark.php?items/N16021460538/ HTTP/1.1" 500 - "-" "Mozilla/5.0 (compatible; Googlebot/2.1; +http://www.google.com/bot.html)"
193.37.32.211 - - [15/Aug/2026:16:22:28 +0200] "GET /wp-includes/core.php HTTP/1.1" 500 - "-" "Go-http-client/1.1"
193.37.32.208 - - [15/Aug/2026:16:22:32 +0200] "GET /3PJcpMFsD8B.php HTTP/1.1" 500 - "-" "Go-http-client/1.1"
193.37.32.217 - - [15/Aug/2026:16:22:42 +0200] "GET /goods.php HTTP/1.1" 500 - "-" "Go-http-client/1.1"
193.37.32.189 - - [15/Aug/2026:16:22:37 +0200] "GET /admin.php HTTP/1.1" 500 - "-" "Go-http-client/1.1"
193.37.32.210 - - [15/Aug/2026:16:22:52 +0200] "GET /filemanager.php HTTP/1.1" 500 - "-" "Go-http-client/1.1"
193.37.32.205 - - [15/Aug/2026:16:22:47 +0200] "GET /edit-tags.php HTTP/1.1" 500 - "-" "Go-http-client/1.1"
66.249.70.67 - - [15/Aug/2026:16:22:53 +0200] "GET /shop/customer/bookmark.php?items/S160088627/ HTTP/1.1" 500 - "-" "Mozilla/5.0 (compatible; Googlebot/2.1; +http://www.google.com/bot.html)"
193.37.32.199 - - [15/Aug/2026:16:23:06 +0200] "GET /wp-content/plugins/enhanced-text-widget/analyst/src/403.php HTTP/1.1" 500 - "-" "Go-http-client/1.1"
193.37.32.223 - - [15/Aug/2026:16:22:56 +0200] "GET /wp-content/ HTTP/1.1" 500 - "-" "Go-http-client/1.1"
66.249.70.67 - - [15/Aug/2026:16:23:09 +0200] "GET /shop/customer/bookmark.php?items/X160023306/ HTTP/1.1" 500 - "-" "Mozilla/5.0 (Linux; Android 6.0.1; Nexus 5X Build/MMB29P) AppleWebKit/537.36 (KHTML, like Gecko) Chrome/150.0.7871.186 Mobile Safari/537.36 (compatible; Googlebot/2.1; +http://www.google.com/bot.html)"
193.37.32.188 - - [15/Aug/2026:16:23:01 +0200] "GET /wp-config-sample.php HTTP/1.1" 500 - "-" "Go-http-client/1.1"
66.249.70.67 - - [15/Aug/2026:16:23:12 +0200] "GET /shop/customer/bookmark.php?items/Q16021100310/ HTTP/1.1" 500 - "-" "Mozilla/5.0 (compatible; Googlebot/2.1; +http://www.google.com/bot.html)"
66.249.70.69 - - [15/Aug/2026:16:22:08 +0200] "GET /shop/customer/bookmark.php?items/A16062915202/ HTTP/1.1" 500 - "-" "Mozilla/5.0 (compatible; Googlebot/2.1; +http://www.google.com/bot.html)"
193.37.32.221 - - [15/Aug/2026:16:23:10 +0200] "GET /wp-admin/images/admin.php HTTP/1.1" 500 - "-" "Go-http-client/1.1"
193.37.32.221 - - [15/Aug/2026:16:23:20 +0200] "GET /item.php HTTP/1.1" 500 - "-" "Go-http-client/1.1"
193.37.32.219 - - [15/Aug/2026:16:23:15 +0200] "GET /wp-content/uploads/ HTTP/1.1" 500 - "-" "Go-http-client/1.1"
193.37.32.182 - - [15/Aug/2026:16:23:24 +0200] "GET /adminfuns.php HTTP/1.1" 500 - "-" "Go-http-client/1.1"
66.249.70.67 - - [15/Aug/2026:16:23:22 +0200] "GET /shop/customer/bookmark.php?items/U16052626180/ HTTP/1.1" 500 - "-" "Mozilla/5.0 (compatible; Googlebot/2.1; +http://www.google.com/bot.html)"
66.249.70.67 - - [15/Aug/2026:16:23:31 +0200] "GET /shop/customer/bookmark.php?items/E16021179901/ HTTP/1.1" 500 - "-" "Mozilla/5.0 (compatible; Googlebot/2.1; +http://www.google.com/bot.html)"
193.37.32.227 - - [15/Aug/2026:16:23:34 +0200] "GET /files.php HTTP/1.1" 500 - "-" "Go-http-client/1.1"
193.37.32.186 - - [15/Aug/2026:16:23:29 +0200] "GET /wpx/ HTTP/1.1" 500 - "-" "Go-http-client/1.1"
193.37.32.199 - - [15/Aug/2026:16:23:37 +0200] "GET /wp-content/themes/news-portal/zdata.php HTTP/1.1" 500 - "-" "Go-http-client/1.1"
193.37.32.183 - - [15/Aug/2026:16:23:47 +0200] "GET /classwithtostring.php HTTP/1.1" 500 - "-" "Go-http-client/1.1"
193.37.32.179 - - [15/Aug/2026:16:23:42 +0200] "GET /wp-includes/css/ HTTP/1.1" 500 - "-" "Go-http-client/1.1"
193.37.32.208 - - [15/Aug/2026:16:23:51 +0200] "GET /wp-admin/css/ HTTP/1.1" 500 - "-" "Go-http-client/1.1"
66.249.70.67 - - [15/Aug/2026:16:23:51 +0200] "GET /shop/customer/bookmark.php?items/L16062767236/ HTTP/1.1" 500 - "-" "Mozilla/5.0 (Linux; Android 6.0.1; Nexus 5X Build/MMB29P) AppleWebKit/537.36 (KHTML, like Gecko) Chrome/150.0.7871.186 Mobile Safari/537.36 (compatible; Googlebot/2.1; +http://www.google.com/bot.html)"
193.37.32.229 - - [15/Aug/2026:16:24:00 +0200] "GET /fm.php HTTP/1.1" 500 - "-" "Go-http-client/1.1"
193.37.32.200 - - [15/Aug/2026:16:23:55 +0200] "GET /wp-content/admin.php HTTP/1.1" 500 - "-" "Go-http-client/1.1"
193.37.32.209 - - [15/Aug/2026:16:24:06 +0200] "GET /wp-admin/ HTTP/1.1" 500 - "-" "Go-http-client/1.1"
66.249.70.69 - - [15/Aug/2026:16:24:00 +0200] "GET /shop/customer/bookmark.php?items/E160064838/ HTTP/1.1" 500 - "-" "Mozilla/5.0 (Linux; Android 6.0.1; Nexus 5X Build/MMB29P) AppleWebKit/537.36 (KHTML, like Gecko) Chrome/150.0.7871.186 Mobile Safari/537.36 (compatible; Googlebot/2.1; +http://www.google.com/bot.html)"
193.37.32.219 - - [15/Aug/2026:16:24:10 +0200] "GET /wp-admin/js/widgets/ HTTP/1.1" 500 - "-" "Go-http-client/1.1"
193.37.32.227 - - [15/Aug/2026:16:24:14 +0200] "GET /222.php HTTP/1.1" 500 - "-" "Go-http-client/1.1"
66.249.70.67 - - [15/Aug/2026:16:24:07 +0200] "GET /shop/customer/bookmark.php?items/E160064838/ HTTP/1.1" 500 - "-" "Mozilla/5.0 (compatible; Googlebot/2.1; +http://www.google.com/bot.html)"
193.37.32.203 - - [15/Aug/2026:16:24:18 +0200] "GET /aaa.php HTTP/1.1" 500 - "-" "Go-http-client/1.1"
66.249.70.67 - - [15/Aug/2026:16:24:20 +0200] "GET /shop/customer/bookmark.php?items/H1600114591/ HTTP/1.1" 500 - "-" "Mozilla/5.0 (Linux; Android 6.0.1; Nexus 5X Build/MMB29P) AppleWebKit/537.36 (KHTML, like Gecko) Chrome/150.0.7871.186 Mobile Safari/537.36 (compatible; Googlebot/2.1; +http://www.google.com/bot.html)"
66.249.70.67 - - [15/Aug/2026:16:24:24 +0200] "GET /shop/customer/bookmark.php?items/F16042377007/ HTTP/1.1" 500 - "-" "Mozilla/5.0 (compatible; Googlebot/2.1; +http://www.google.com/bot.html)"
193.37.32.228 - - [15/Aug/2026:16:24:22 +0200] "GET /wp-admin/css/admin.php HTTP/1.1" 500 - "-" "Go-http-client/1.1"
193.37.32.195 - - [15/Aug/2026:16:24:27 +0200] "GET /inputs.php HTTP/1.1" 500 - "-" "Go-http-client/1.1"
193.37.32.205 - - [15/Aug/2026:16:24:36 +0200] "GET /wp-includes/speculative8.php HTTP/1.1" 500 - "-" "Go-http-client/1.1"
193.37.32.211 - - [15/Aug/2026:16:24:39 +0200] "GET /radio.php HTTP/1.1" 500 - "-" "Go-http-client/1.1"
193.37.32.197 - - [15/Aug/2026:16:24:32 +0200] "GET /about.php HTTP/1.1" 500 - "-" "Go-http-client/1.1"
66.249.70.67 - - [15/Aug/2026:16:24:34 +0200] "GET /shop/customer/bookmark.php?items/H1600114591/ HTTP/1.1" 500 - "-" "Mozilla/5.0 (compatible; Googlebot/2.1; +http://www.google.com/bot.html)"
193.37.32.189 - - [15/Aug/2026:16:24:43 +0200] "GET /wp-admin/js/ HTTP/1.1" 500 - "-" "Go-http-client/1.1"
66.249.70.67 - - [15/Aug/2026:16:24:39 +0200] "GET /shop/customer/bookmark.php?items/D1601838493/ HTTP/1.1" 500 - "-" "Mozilla/5.0 (compatible; Googlebot/2.1; +http://www.google.com/bot.html)"
66.249.70.67 - - [15/Aug/2026:16:24:53 +0200] "GET /shop/customer/bookmark.php?items/C16063054796/ HTTP/1.1" 500 - "-" "Mozilla/5.0 (compatible; Googlebot/2.1; +http://www.google.com/bot.html)"
193.37.32.178 - - [15/Aug/2026:16:24:46 +0200] "GET /wp-content/updates.php HTTP/1.1" 500 - "-" "Go-http-client/1.1"
193.37.32.227 - - [15/Aug/2026:16:24:51 +0200] "GET /wp-admin/css/colors/blue/ HTTP/1.1" 500 - "-" "Go-http-client/1.1"
193.37.32.208 - - [15/Aug/2026:16:25:01 +0200] "GET /wp-content/themes/ HTTP/1.1" 500 - "-" "Go-http-client/1.1"
66.249.70.68 - - [15/Aug/2026:16:25:03 +0200] "GET /shop/customer/bookmark.php?items/P1600439171/ HTTP/1.1" 500 - "-" "Mozilla/5.0 (Linux; Android 6.0.1; Nexus 5X Build/MMB29P) AppleWebKit/537.36 (KHTML, like Gecko) Chrome/150.0.7871.186 Mobile Safari/537.36 (compatible; Googlebot/2.1; +http://www.google.com/bot.html)"
193.37.32.216 - - [15/Aug/2026:16:24:56 +0200] "GET /wp-includes/theme-compat/ HTTP/1.1" 500 - "-" "Go-http-client/1.1"
66.249.70.67 - - [15/Aug/2026:16:24:58 +0200] "GET /shop/customer/bookmark.php?items/J16031886548/ HTTP/1.1" 500 - "-" "Mozilla/5.0 (compatible; Googlebot/2.1; +http://www.google.com/bot.html)"
193.37.32.224 - - [15/Aug/2026:16:25:06 +0200] "GET /wp-content/languages/plugins/ HTTP/1.1" 500 - "-" "Go-http-client/1.1"
66.249.70.68 - - [15/Aug/2026:16:25:12 +0200] "GET /shop/customer/bookmark.php?items/F16021055179/ HTTP/1.1" 500 - "-" "Mozilla/5.0 (compatible; Googlebot/2.1; +http://www.google.com/bot.html)"
114.119.158.217 - - [15/Aug/2026:16:25:13 +0200] "GET /sitemap_7.xml HTTP/1.1" 500 - "-" "Mozilla/5.0 (Linux; Android 7.0;) AppleWebKit/537.36 (KHTML, like Gecko) Mobile Safari/537.36 (compatible; PetalBot;+https://webmaster.petalsearch.com/site/petalbot)"
193.37.32.213 - - [15/Aug/2026:16:25:10 +0200] "GET /ioxi-o.php HTTP/1.1" 500 - "-" "Go-http-client/1.1"
193.37.32.215 - - [15/Aug/2026:16:25:15 +0200] "GET /wp-includes/IXR/ HTTP/1.1" 500 - "-" "Go-http-client/1.1"
193.37.32.188 - - [15/Aug/2026:16:25:25 +0200] "GET /mah.php HTTP/1.1" 500 - "-" "Go-http-client/1.1"
66.249.70.67 - - [15/Aug/2026:16:25:17 +0200] "GET /shop/customer/bookmark.php?items/K1681960552/ HTTP/1.1" 500 - "-" "Mozilla/5.0 (Linux; Android 6.0.1; Nexus 5X Build/MMB29P) AppleWebKit/537.36 (KHTML, like Gecko) Chrome/150.0.7871.186 Mobile Safari/537.36 (compatible; Googlebot/2.1; +http://www.google.com/bot.html)"
66.249.70.67 - - [15/Aug/2026:16:25:29 +0200] "GET /shop/customer/bookmark.php?items/Z1601907449/ HTTP/1.1" 500 - "-" "Mozilla/5.0 (compatible; Googlebot/2.1; +http://www.google.com/bot.html)"
193.37.32.182 - - [15/Aug/2026:16:25:20 +0200] "GET /404.php HTTP/1.1" 500 - "-" "Go-http-client/1.1"
193.37.32.187 - - [15/Aug/2026:16:25:29 +0200] "GET /wp-content/plugins/ HTTP/1.1" 500 - "-" "Go-http-client/1.1"
66.249.70.67 - - [15/Aug/2026:16:25:32 +0200] "GET /shop/customer/bookmark.php?items/A16021034028/ HTTP/1.1" 500 - "-" "Mozilla/5.0 (compatible; Googlebot/2.1; +http://www.google.com/bot.html)"
69.171.234.112 - - [15/Aug/2026:16:25:37 +0200] "GET / HTTP/1.1" 500 - "-" "meta-externalagent/1.1 (+https://developers.facebook.com/docs/sharing/webmasters/crawler)"
193.37.32.229 - - [15/Aug/2026:16:25:34 +0200] "GET /wp.php HTTP/1.1" 500 - "-" "Go-http-client/1.1"
193.37.32.220 - - [15/Aug/2026:16:25:39 +0200] "GET /wp-content/plugins/hello-plus/classes/ehp-sarang.php HTTP/1.1" 500 - "-" "Go-http-client/1.1"
193.37.32.195 - - [15/Aug/2026:16:25:44 +0200] "GET /wp-content/themes/twentytwentyone/content-index.php HTTP/1.1" 500 - "-" "Go-http-client/1.1"
66.249.70.67 - - [15/Aug/2026:16:25:45 +0200] "GET /shop/customer/bookmark.php?items/F16052623197/ HTTP/1.1" 500 - "-" "Mozilla/5.0 (compatible; Googlebot/2.1; +http://www.google.com/bot.html)"
193.37.32.183 - - [15/Aug/2026:16:25:49 +0200] "GET /wp-includes/admin.php HTTP/1.1" 500 - "-" "Go-http-client/1.1"
193.37.32.187 - - [15/Aug/2026:16:25:59 +0200] "GET /file.php HTTP/1.1" 500 - "-" "Go-http-client/1.1"
66.249.70.67 - - [15/Aug/2026:16:25:59 +0200] "GET /shop/customer/bookmark.php?items/B16042388959/ HTTP/1.1" 500 - "-" "Mozilla/5.0 (Linux; Android 6.0.1; Nexus 5X Build/MMB29P) AppleWebKit/537.36 (KHTML, like Gecko) Chrome/150.0.7871.186 Mobile Safari/537.36 (compatible; Googlebot/2.1; +http://www.google.com/bot.html)"
193.37.32.186 - - [15/Aug/2026:16:25:54 +0200] "GET /wp-content/themes/404.php HTTP/1.1" 500 - "-" "Go-http-client/1.1"
193.37.32.189 - - [15/Aug/2026:16:26:09 +0200] "GET /wp-includes/ HTTP/1.1" 500 - "-" "Go-http-client/1.1"
66.249.70.67 - - [15/Aug/2026:16:26:04 +0200] "GET /shop/customer/bookmark.php?items/Z16042011145/ HTTP/1.1" 500 - "-" "Mozilla/5.0 (compatible; Googlebot/2.1; +http://www.google.com/bot.html)"
193.37.32.189 - - [15/Aug/2026:16:26:04 +0200] "GET /wp-content/chosen.php HTTP/1.1" 500 - "-" "Go-http-client/1.1"
193.37.32.212 - - [15/Aug/2026:16:26:18 +0200] "GET /wp-content/themes/fukasawa/inc/classes/403.php HTTP/1.1" 500 - "-" "Go-http-client/1.1"
193.37.32.222 - - [15/Aug/2026:16:26:21 +0200] "GET /wp-content/themes/alera/gecko.php HTTP/1.1" 500 - "-" "Go-http-client/1.1"
193.37.32.229 - - [15/Aug/2026:16:26:13 +0200] "GET /1.php HTTP/1.1" 500 - "-" "Go-http-client/1.1"
66.249.70.67 - - [15/Aug/2026:16:26:15 +0200] "GET /shop/customer/bookmark.php?items/V16062984311/ HTTP/1.1" 500 - "-" "Mozilla/5.0 (Linux; Android 6.0.1; Nexus 5X Build/MMB29P) AppleWebKit/537.36 (KHTML, like Gecko) Chrome/150.0.7871.186 Mobile Safari/537.36 (compatible; Googlebot/2.1; +http://www.google.com/bot.html)"
66.249.70.67 - - [15/Aug/2026:16:26:28 +0200] "GET /shop/customer/bookmark.php?items/W16021128103/ HTTP/1.1" 500 - "-" "Mozilla/5.0 (Linux; Android 6.0.1; Nexus 5X Build/MMB29P) AppleWebKit/537.36 (KHTML, like Gecko) Chrome/150.0.7871.186 Mobile Safari/537.36 (compatible; Googlebot/2.1; +http://www.google.com/bot.html)"
193.37.32.214 - - [15/Aug/2026:16:26:22 +0200] "GET /wp-content/plugins/so-pinyin-slugs/inc/main_json.php HTTP/1.1" 500 - "-" "Go-http-client/1.1"
193.37.32.222 - - [15/Aug/2026:16:26:27 +0200] "GET /wp-includes/assets/ HTTP/1.1" 500 - "-" "Go-http-client/1.1"
193.37.32.212 - - [15/Aug/2026:16:26:32 +0200] "GET /wp-content/plugins/hello.php HTTP/1.1" 500 - "-" "Go-http-client/1.1"
193.37.32.218 - - [15/Aug/2026:16:26:42 +0200] "GET /wordpress/wp-admin/maint/ HTTP/1.1" 500 - "-" "Go-http-client/1.1"
193.37.32.227 - - [15/Aug/2026:16:26:37 +0200] "GET /wp-admin/maint/ HTTP/1.1" 500 - "-" "Go-http-client/1.1"
193.37.32.187 - - [15/Aug/2026:16:26:46 +0200] "GET /wp-content/uploads/admin.php HTTP/1.1" 500 - "-" "Go-http-client/1.1"
66.249.70.67 - - [15/Aug/2026:16:26:46 +0200] "GET /shop/customer/bookmark.php?items/T16021240951/ HTTP/1.1" 500 - "-" "Mozilla/5.0 (Linux; Android 6.0.1; Nexus 5X Build/MMB29P) AppleWebKit/537.36 (KHTML, like Gecko) Chrome/150.0.7871.186 Mobile Safari/537.36 (compatible; Googlebot/2.1; +http://www.google.com/bot.html)"
193.37.32.209 - - [15/Aug/2026:16:26:50 +0200] "GET /wp-content/plugins/admin.php HTTP/1.1" 500 - "-" "Go-http-client/1.1"
66.249.70.67 - - [15/Aug/2026:16:26:51 +0200] "GET /shop/customer/bookmark.php?items/A16021197461/ HTTP/1.1" 500 - "-" "Mozilla/5.0 (compatible; Googlebot/2.1; +http://www.google.com/bot.html)"
193.37.32.201 - - [15/Aug/2026:16:26:58 +0200] "GET /wp-includes/blocks/archives/ HTTP/1.1" 500 - "-" "Go-http-client/1.1"
193.37.32.204 - - [15/Aug/2026:16:27:01 +0200] "GET /wp-admin/includes/ HTTP/1.1" 500 - "-" "Go-http-client/1.1"
193.37.32.214 - - [15/Aug/2026:16:26:53 +0200] "GET /edit.php HTTP/1.1" 500 - "-" "Go-http-client/1.1"
193.37.32.197 - - [15/Aug/2026:16:27:04 +0200] "GET /x.php HTTP/1.1" 500 - "-" "Go-http-client/1.1"
66.249.70.67 - - [15/Aug/2026:16:27:14 +0200] "GET /shop/customer/bookmark.php?items/E16062953060/ HTTP/1.1" 500 - "-" "Mozilla/5.0 (compatible; Googlebot/2.1; +http://www.google.com/bot.html)"
193.37.32.213 - - [15/Aug/2026:16:27:07 +0200] "GET /wp-content/themes/admin.php HTTP/1.1" 500 - "-" "Go-http-client/1.1"
193.37.32.227 - - [15/Aug/2026:16:27:17 +0200] "GET /wp-admin.php HTTP/1.1" 500 - "-" "Go-http-client/1.1"
193.37.32.220 - - [15/Aug/2026:16:27:12 +0200] "GET /wp-admin/css/colors/light/ HTTP/1.1" 500 - "-" "Go-http-client/1.1"
193.37.32.197 - - [15/Aug/2026:16:27:25 +0200] "GET /wp-file.php HTTP/1.1" 500 - "-" "Go-http-client/1.1"
66.249.70.67 - - [15/Aug/2026:16:27:28 +0200] "GET /shop/customer/bookmark.php?items/C16052702366/ HTTP/1.1" 500 - "-" "Mozilla/5.0 (Linux; Android 6.0.1; Nexus 5X Build/MMB29P) AppleWebKit/537.36 (KHTML, like Gecko) Chrome/150.0.7871.186 Mobile Safari/537.36 (compatible; Googlebot/2.1; +http://www.google.com/bot.html)"
193.37.32.179 - - [15/Aug/2026:16:27:20 +0200] "GET /wa/ HTTP/1.1" 500 - "-" "Go-http-client/1.1"
66.249.70.67 - - [15/Aug/2026:16:27:37 +0200] "GET /shop/customer/bookmark.php?items/W16021128103/ HTTP/1.1" 500 - "-" "Mozilla/5.0 (Linux; Android 6.0.1; Nexus 5X Build/MMB29P) AppleWebKit/537.36 (KHTML, like Gecko) Chrome/150.0.7871.186 Mobile Safari/537.36 (compatible; Googlebot/2.1; +http://www.google.com/bot.html)"
193.37.32.215 - - [15/Aug/2026:16:27:28 +0200] "GET /info.php HTTP/1.1" 500 - "-" "Go-http-client/1.1"
193.37.32.206 - - [15/Aug/2026:16:27:37 +0200] "GET /index/function.php HTTP/1.1" 500 - "-" "Go-http-client/1.1"
66.249.70.67 - - [15/Aug/2026:16:27:32 +0200] "GET /shop/customer/bookmark.php?items/O16021338315/ HTTP/1.1" 500 - "-" "Mozilla/5.0 (compatible; Googlebot/2.1; +http://www.google.com/bot.html)"
193.37.32.212 - - [15/Aug/2026:16:27:32 +0200] "GET /wp-includes/ID3/ HTTP/1.1" 500 - "-" "Go-http-client/1.1"
193.37.32.190 - - [15/Aug/2026:16:27:46 +0200] "GET /wp-content/edit-tags.php HTTP/1.1" 500 - "-" "Go-http-client/1.1"
66.249.70.67 - - [15/Aug/2026:16:27:46 +0200] "GET /shop/customer/bookmark.php?items/S1601598002/ HTTP/1.1" 500 - "-" "Mozilla/5.0 (Linux; Android 6.0.1; Nexus 5X Build/MMB29P) AppleWebKit/537.36 (KHTML, like Gecko) Chrome/150.0.7871.186 Mobile Safari/537.36 (compatible; Googlebot/2.1; +http://www.google.com/bot.html)"
193.37.32.181 - - [15/Aug/2026:16:27:49 +0200] "GET /log.php HTTP/1.1" 500 - "-" "Go-http-client/1.1"
193.37.32.183 - - [15/Aug/2026:16:27:41 +0200] "GET /wp-content/upgrade/ HTTP/1.1" 500 - "-" "Go-http-client/1.1"
193.37.32.229 - - [15/Aug/2026:16:27:59 +0200] "GET /wp-includes/Text/ HTTP/1.1" 500 - "-" "Go-http-client/1.1"
66.249.70.67 - - [15/Aug/2026:16:27:59 +0200] "GET /shop/customer/bookmark.php?items/T16947081339/ HTTP/1.1" 500 - "-" "Mozilla/5.0 (compatible; Googlebot/2.1; +http://www.google.com/bot.html)"
193.37.32.202 - - [15/Aug/2026:16:27:54 +0200] "GET /bless.php HTTP/1.1" 500 - "-" "Go-http-client/1.1"
193.37.32.211 - - [15/Aug/2026:16:28:02 +0200] "GET /wp-content/languages/themes/ HTTP/1.1" 500 - "-" "Go-http-client/1.1"
193.37.32.222 - - [15/Aug/2026:16:28:07 +0200] "GET /wp-content/plugins/file-upload-types/assets/css/403.php HTTP/1.1" 500 - "-" "Go-http-client/1.1"
66.249.70.67 - - [15/Aug/2026:16:28:12 +0200] "GET /shop/customer/bookmark.php?items/S1601647794/ HTTP/1.1" 500 - "-" "Mozilla/5.0 (compatible; Googlebot/2.1; +http://www.google.com/bot.html)"
66.249.70.67 - - [15/Aug/2026:16:28:08 +0200] "GET /shop/customer/bookmark.php?items/J16021439483/ HTTP/1.1" 500 - "-" "Mozilla/5.0 (compatible; Googlebot/2.1; +http://www.google.com/bot.html)"
66.249.70.67 - - [15/Aug/2026:16:28:17 +0200] "GET /shop/customer/bookmark.php?items/Q16021206157/ HTTP/1.1" 500 - "-" "Mozilla/5.0 (compatible; Googlebot/2.1; +http://www.google.com/bot.html)"
193.37.32.226 - - [15/Aug/2026:16:28:10 +0200] "GET /wp-content/plugins/autoload_classmap.php HTTP/1.1" 500 - "-" "Go-http-client/1.1"
193.37.32.205 - - [15/Aug/2026:16:28:20 +0200] "GET /wp-admin/maint/chosen.php HTTP/1.1" 500 - "-" "Go-http-client/1.1"
193.37.32.225 - - [15/Aug/2026:16:28:24 +0200] "GET /xmlrpc.php HTTP/1.1" 500 - "-" "Go-http-client/1.1"
193.37.32.198 - - [15/Aug/2026:16:28:15 +0200] "GET /bolt.php HTTP/1.1" 500 - "-" "Go-http-client/1.1"
193.37.32.201 - - [15/Aug/2026:16:28:27 +0200] "GET /worksec.php HTTP/1.1" 500 - "-" "Go-http-client/1.1"
193.37.32.216 - - [15/Aug/2026:16:28:36 +0200] "GET /wp-includes/chosen.php HTTP/1.1" 500 - "-" "Go-http-client/1.1"
193.37.32.207 - - [15/Aug/2026:16:28:30 +0200] "GET /wp-content.php HTTP/1.1" 500 - "-" "Go-http-client/1.1"
193.37.32.189 - - [15/Aug/2026:16:28:40 +0200] "GET /wp-includes/js/tinymce/themes/about.php HTTP/1.1" 500 - "-" "Go-http-client/1.1"
66.249.70.67 - - [15/Aug/2026:16:28:40 +0200] "GET /shop/customer/bookmark.php?items/M16042491813/ HTTP/1.1" 500 - "-" "Mozilla/5.0 (Linux; Android 6.0.1; Nexus 5X Build/MMB29P) AppleWebKit/537.36 (KHTML, like Gecko) Chrome/150.0.7871.186 Mobile Safari/537.36 (compatible; Googlebot/2.1; +http://www.google.com/bot.html)"
193.37.32.193 - - [15/Aug/2026:16:28:50 +0200] "GET /wp-includes/css/dist/components/ HTTP/1.1" 500 - "-" "Go-http-client/1.1"
193.37.32.227 - - [15/Aug/2026:16:28:53 +0200] "GET /files/ HTTP/1.1" 500 - "-" "Go-http-client/1.1"
193.37.32.226 - - [15/Aug/2026:16:28:45 +0200] "GET /wp-content/plugins/ssss/src.php HTTP/1.1" 500 - "-" "Go-http-client/1.1"
66.249.70.67 - - [15/Aug/2026:16:28:45 +0200] "GET /shop/customer/bookmark.php?items/N16052538621/ HTTP/1.1" 500 - "-" "Mozilla/5.0 (compatible; Googlebot/2.1; +http://www.google.com/bot.html)"
66.249.70.67 - - [15/Aug/2026:16:28:54 +0200] "GET /shop/customer/bookmark.php?items/H160063214/ HTTP/1.1" 500 - "-" "Mozilla/5.0 (Linux; Android 6.0.1; Nexus 5X Build/MMB29P) AppleWebKit/537.36 (KHTML, like Gecko) Chrome/150.0.7871.186 Mobile Safari/537.36 (compatible; Googlebot/2.1; +http://www.google.com/bot.html)"
66.249.70.69 - - [15/Aug/2026:16:29:05 +0200] "GET /shop/customer/bookmark.php?items/V1600318103/ HTTP/1.1" 500 - "-" "Mozilla/5.0 (Linux; Android 6.0.1; Nexus 5X Build/MMB29P) AppleWebKit/537.36 (KHTML, like Gecko) Chrome/150.0.7871.186 Mobile Safari/537.36 (compatible; Googlebot/2.1; +http://www.google.com/bot.html)"
193.37.32.206 - - [15/Aug/2026:16:28:57 +0200] "GET /wp-includes/themes.php HTTP/1.1" 500 - "-" "Go-http-client/1.1"
193.37.32.179 - - [15/Aug/2026:16:29:02 +0200] "GET /ahax.php HTTP/1.1" 500 - "-" "Go-http-client/1.1"
66.249.70.68 - - [15/Aug/2026:16:29:15 +0200] "GET /shop/customer/bookmark.php?items/V1600318103/ HTTP/1.1" 500 - "-" "Mozilla/5.0 (compatible; Googlebot/2.1; +http://www.google.com/bot.html)"
193.37.32.184 - - [15/Aug/2026:16:29:06 +0200] "GET /wp-admin/images/ HTTP/1.1" 500 - "-" "Go-http-client/1.1"
193.37.32.216 - - [15/Aug/2026:16:29:17 +0200] "GET /wp-admin/css/colors/coffee/ HTTP/1.1" 500 - "-" "Go-http-client/1.1"
66.249.70.67 - - [15/Aug/2026:16:29:20 +0200] "GET /shop/customer/bookmark.php?shop/detail/L17009990290/ HTTP/1.1" 500 - "-" "Mozilla/5.0 (Linux; Android 6.0.1; Nexus 5X Build/MMB29P) AppleWebKit/537.36 (KHTML, like Gecko) Chrome/150.0.7871.186 Mobile Safari/537.36 (compatible; Googlebot/2.1; +http://www.google.com/bot.html)"
193.37.32.201 - - [15/Aug/2026:16:29:20 +0200] "GET /wp-includes/customize/ HTTP/1.1" 500 - "-" "Go-http-client/1.1"
193.37.32.194 - - [15/Aug/2026:16:29:12 +0200] "GET /wp-includes/blocks/preformatted/ HTTP/1.1" 500 - "-" "Go-http-client/1.1"
193.37.32.216 - - [15/Aug/2026:16:29:21 +0200] "GET /wp-includes/classwithtostring.php HTTP/1.1" 500 - "-" "Go-http-client/1.1"
193.37.32.182 - - [15/Aug/2026:16:29:23 +0200] "GET /wp-includes/blocks/gallery/ HTTP/1.1" 500 - "-" "Go-http-client/1.1"
193.37.32.214 - - [15/Aug/2026:16:29:28 +0200] "GET /wp-admin/js/widgets/images/ HTTP/1.1" 500 - "-" "Go-http-client/1.1"
193.37.32.204 - - [15/Aug/2026:16:29:33 +0200] "GET /wp-includes/js/imgareaselect/ HTTP/1.1" 500 - "-" "Go-http-client/1.1"
193.37.32.224 - - [15/Aug/2026:16:29:38 +0200] "GET /wp-includes/wp-conflg.php HTTP/1.1" 500 - "-" "Go-http-client/1.1"
193.37.32.205 - - [15/Aug/2026:16:29:43 +0200] "GET /wp-content/plugins/shell/ HTTP/1.1" 500 - "-" "Go-http-client/1.1"
66.249.70.67 - - [15/Aug/2026:16:29:53 +0200] "GET /shop/customer/bookmark.php?items/L1600405598/ HTTP/1.1" 500 - "-" "Mozilla/5.0 (Linux; Android 6.0.1; Nexus 5X Build/MMB29P) AppleWebKit/537.36 (KHTML, like Gecko) Chrome/150.0.7871.186 Mobile Safari/537.36 (compatible; Googlebot/2.1; +http://www.google.com/bot.html)"
66.249.70.67 - - [15/Aug/2026:16:29:47 +0200] "GET /shop/customer/bookmark.php?items/H16042284735/ HTTP/1.1" 500 - "-" "Mozilla/5.0 (compatible; Googlebot/2.1; +http://www.google.com/bot.html)"
193.37.32.216 - - [15/Aug/2026:16:29:48 +0200] "GET /mini.php HTTP/1.1" 500 - "-" "Go-http-client/1.1"
193.37.32.189 - - [15/Aug/2026:16:29:53 +0200] "GET /admin/function.php HTTP/1.1" 500 - "-" "Go-http-client/1.1"
193.37.32.216 - - [15/Aug/2026:16:30:03 +0200] "GET /m.php HTTP/1.1" 500 - "-" "Go-http-client/1.1"
193.37.32.214 - - [15/Aug/2026:16:29:58 +0200] "GET /wp-content/uploads/config.php HTTP/1.1" 500 - "-" "Go-http-client/1.1"
193.37.32.212 - - [15/Aug/2026:16:30:08 +0200] "GET /wp-content/languages/ HTTP/1.1" 500 - "-" "Go-http-client/1.1"
193.37.32.192 - - [15/Aug/2026:16:30:12 +0200] "GET /wp-content/about.php HTTP/1.1" 500 - "-" "Go-http-client/1.1"
66.249.70.68 - - [15/Aug/2026:16:30:21 +0200] "GET /shop/customer/bookmark.php?items/Z1600438697/ HTTP/1.1" 500 - "-" "Mozilla/5.0 (Linux; Android 6.0.1; Nexus 5X Build/MMB29P) AppleWebKit/537.36 (KHTML, like Gecko) Chrome/150.0.7871.186 Mobile Safari/537.36 (compatible; Googlebot/2.1; +http://www.google.com/bot.html)"
193.37.32.222 - - [15/Aug/2026:16:30:17 +0200] "GET /wp-content/packed.php HTTP/1.1" 500 - "-" "Go-http-client/1.1"
193.37.32.226 - - [15/Aug/2026:16:30:27 +0200] "GET /wp-content/plugins/enhanced-text-widget/analyst/src/403x.php HTTP/1.1" 500 - "-" "Go-http-client/1.1"
193.37.32.217 - - [15/Aug/2026:16:30:22 +0200] "GET /wp-content/themes/twentytwentyfive/ HTTP/1.1" 500 - "-" "Go-http-client/1.1"
66.249.70.69 - - [15/Aug/2026:16:30:23 +0200] "GET /shop/customer/bookmark.php?items/F1600381019/ HTTP/1.1" 500 - "-" "Mozilla/5.0 (compatible; Googlebot/2.1; +http://www.google.com/bot.html)"
66.249.70.67 - - [15/Aug/2026:16:30:26 +0200] "GET /shop/customer/bookmark.php?items/W1601879130/ HTTP/1.1" 500 - "-" "Mozilla/5.0 (compatible; Googlebot/2.1; +http://www.google.com/bot.html)"
193.37.32.191 - - [15/Aug/2026:16:30:35 +0200] "GET /wp-includes/Text/Diff/ HTTP/1.1" 500 - "-" "Go-http-client/1.1"
66.249.70.67 - - [15/Aug/2026:16:30:37 +0200] "GET /shop/customer/bookmark.php?items/J16021107935/ HTTP/1.1" 500 - "-" "Mozilla/5.0 (compatible; Googlebot/2.1; +http://www.google.com/bot.html)"
193.37.32.225 - - [15/Aug/2026:16:30:38 +0200] "GET /wp-includes/sodium_compat/namespaced/Core/ChaCha20/ HTTP/1.1" 500 - "-" "Go-http-client/1.1"
193.37.32.220 - - [15/Aug/2026:16:30:30 +0200] "GET /wp-admin/user/upgrade/ HTTP/1.1" 500 - "-" "Go-http-client/1.1"
66.249.70.67 - - [15/Aug/2026:16:30:49 +0200] "GET /shop/detail/Z16968019960/ HTTP/1.1" 500 - "-" "Mozilla/5.0 (compatible; Googlebot/2.1; +http://www.google.com/bot.html)"
193.37.32.186 - - [15/Aug/2026:16:30:42 +0200] "GET /we.php HTTP/1.1" 500 - "-" "Go-http-client/1.1"
193.37.32.215 - - [15/Aug/2026:16:30:52 +0200] "GET /wp-includes/css/dist/ HTTP/1.1" 500 - "-" "Go-http-client/1.1"
193.37.32.209 - - [15/Aug/2026:16:30:55 +0200] "GET /wp-includes/blocks/media-text/ HTTP/1.1" 500 - "-" "Go-http-client/1.1"
193.37.32.183 - - [15/Aug/2026:16:30:47 +0200] "GET /wp-content/themes/neve/assets/apps/dashboard/build/ HTTP/1.1" 500 - "-" "Go-http-client/1.1"
66.249.70.67 - - [15/Aug/2026:16:30:52 +0200] "GET /shop/customer/bookmark.php?items/Z16021240466/ HTTP/1.1" 500 - "-" "Mozilla/5.0 (Linux; Android 6.0.1; Nexus 5X Build/MMB29P) AppleWebKit/537.36 (KHTML, like Gecko) Chrome/150.0.7871.186 Mobile Safari/537.36 (compatible; Googlebot/2.1; +http://www.google.com/bot.html)"
193.37.32.178 - - [15/Aug/2026:16:31:04 +0200] "GET /wp-includes/rest-api/fields/ HTTP/1.1" 500 - "-" "Go-http-client/1.1"
66.249.70.67 - - [15/Aug/2026:16:31:04 +0200] "GET /shop/customer/bookmark.php?items/J16062782572/ HTTP/1.1" 500 - "-" "Mozilla/5.0 (compatible; Googlebot/2.1; +http://www.google.com/bot.html)"
66.249.70.68 - - [15/Aug/2026:16:31:07 +0200] "GET /shop/customer/bookmark.php?items/X1601660955/ HTTP/1.1" 500 - "-" "Mozilla/5.0 (Linux; Android 6.0.1; Nexus 5X Build/MMB29P) AppleWebKit/537.36 (KHTML, like Gecko) Chrome/150.0.7871.186 Mobile Safari/537.36 (compatible; Googlebot/2.1; +http://www.google.com/bot.html)"
193.37.32.179 - - [15/Aug/2026:16:30:59 +0200] "GET /wp-includes/Text/Diff/Renderer/ HTTP/1.1" 500 - "-" "Go-http-client/1.1"
193.37.32.194 - - [15/Aug/2026:16:31:08 +0200] "GET /wp-content/themes/twentynineteen/sass/site/ HTTP/1.1" 500 - "-" "Go-http-client/1.1"
66.249.70.67 - - [15/Aug/2026:16:31:09 +0200] "GET /shop/customer/bookmark.php?items/D16042478376/ HTTP/1.1" 500 - "-" "Mozilla/5.0 (Linux; Android 6.0.1; Nexus 5X Build/MMB29P) AppleWebKit/537.36 (KHTML, like Gecko) Chrome/150.0.7871.186 Mobile Safari/537.36 (compatible; Googlebot/2.1; +http://www.google.com/bot.html)"
66.249.70.67 - - [15/Aug/2026:16:31:14 +0200] "GET /shop/customer/bookmark.php?items/W16062881292/ HTTP/1.1" 500 - "-" "Mozilla/5.0 (compatible; Googlebot/2.1; +http://www.google.com/bot.html)"
193.37.32.228 - - [15/Aug/2026:16:31:16 +0200] "GET /wp-content/plugins/filester/assets/css/404.php HTTP/1.1" 500 - "-" "Go-http-client/1.1"
193.37.32.221 - - [15/Aug/2026:16:31:19 +0200] "GET /wp-admin/wp-conflg.php HTTP/1.1" 500 - "-" "Go-http-client/1.1"
193.37.32.219 - - [15/Aug/2026:16:31:11 +0200] "GET /wp-content/themes/fukasawa/inc/classes/403x.php HTTP/1.1" 500 - "-" "Go-http-client/1.1"
66.249.70.67 - - [15/Aug/2026:16:31:23 +0200] "GET /shop/customer/bookmark.php?items/B16021052354/ HTTP/1.1" 500 - "-" "Mozilla/5.0 (compatible; Googlebot/2.1; +http://www.google.com/bot.html)"
66.249.70.67 - - [15/Aug/2026:16:31:18 +0200] "GET /shop/customer/bookmark.php?items/Q16052603740/ HTTP/1.1" 500 - "-" "Mozilla/5.0 (Linux; Android 6.0.1; Nexus 5X Build/MMB29P) AppleWebKit/537.36 (KHTML, like Gecko) Chrome/150.0.7871.186 Mobile Safari/537.36 (compatible; Googlebot/2.1; +http://www.google.com/bot.html)"
66.249.70.67 - - [15/Aug/2026:16:31:28 +0200] "GET /shop/customer/bookmark.php?items/L16042176089/ HTTP/1.1" 500 - "-" "Mozilla/5.0 (compatible; Googlebot/2.1; +http://www.google.com/bot.html)"
193.37.32.226 - - [15/Aug/2026:16:31:28 +0200] "GET /wp-admin/maint/includes/ HTTP/1.1" 500 - "-" "Go-http-client/1.1"
193.37.32.226 - - [15/Aug/2026:16:31:33 +0200] "GET /wp-includes/blocks/comment-date/ HTTP/1.1" 500 - "-" "Go-http-client/1.1"
193.37.32.209 - - [15/Aug/2026:16:31:38 +0200] "GET /wp-includes/js/tinymce/skins/lightgray/ HTTP/1.1" 500 - "-" "Go-http-client/1.1"
66.249.70.67 - - [15/Aug/2026:16:31:41 +0200] "GET /shop/customer/bookmark.php?items/A16042348321/ HTTP/1.1" 500 - "-" "Mozilla/5.0 (Linux; Android 6.0.1; Nexus 5X Build/MMB29P) AppleWebKit/537.36 (KHTML, like Gecko) Chrome/150.0.7871.186 Mobile Safari/537.36 (compatible; Googlebot/2.1; +http://www.google.com/bot.html)"
66.249.70.67 - - [15/Aug/2026:16:31:50 +0200] "GET /shop/customer/bookmark.php?items/W16062881292/ HTTP/1.1" 500 - "-" "Mozilla/5.0 (Linux; Android 6.0.1; Nexus 5X Build/MMB29P) AppleWebKit/537.36 (KHTML, like Gecko) Chrome/150.0.7871.186 Mobile Safari/537.36 (compatible; Googlebot/2.1; +http://www.google.com/bot.html)"
193.37.32.178 - - [15/Aug/2026:16:31:43 +0200] "GET /wp-includes/widgets/chosen.php HTTP/1.1" 500 - "-" "Go-http-client/1.1"
193.37.32.191 - - [15/Aug/2026:16:31:53 +0200] "GET /css.php HTTP/1.1" 500 - "-" "Go-http-client/1.1"
193.37.32.220 - - [15/Aug/2026:16:31:56 +0200] "GET /wp-includes/blocks/admin.php HTTP/1.1" 500 - "-" "Go-http-client/1.1"
193.37.32.210 - - [15/Aug/2026:16:31:48 +0200] "GET /wp-content/themes/theme-check/main.php HTTP/1.1" 500 - "-" "Go-http-client/1.1"
193.37.32.209 - - [15/Aug/2026:16:31:59 +0200] "GET /wp-content/uploads/2025/ HTTP/1.1" 500 - "-" "Go-http-client/1.1"
66.249.70.69 - - [15/Aug/2026:16:32:00 +0200] "GET /shop/customer/bookmark.php?items/K16062821339/ HTTP/1.1" 500 - "-" "Mozilla/5.0 (Linux; Android 6.0.1; Nexus 5X Build/MMB29P) AppleWebKit/537.36 (KHTML, like Gecko) Chrome/150.0.7871.186 Mobile Safari/537.36 (compatible; Googlebot/2.1; +http://www.google.com/bot.html)"
193.37.32.224 - - [15/Aug/2026:16:32:04 +0200] "GET /wp-includes/blocks/comment-content/ HTTP/1.1" 500 - "-" "Go-http-client/1.1"
66.249.70.68 - - [15/Aug/2026:16:32:06 +0200] "GET /shop/customer/bookmark.php?items/I16021079446/ HTTP/1.1" 500 - "-" "Mozilla/5.0 (Linux; Android 6.0.1; Nexus 5X Build/MMB29P) AppleWebKit/537.36 (KHTML, like Gecko) Chrome/150.0.7871.186 Mobile Safari/537.36 (compatible; Googlebot/2.1; +http://www.google.com/bot.html)"
193.37.32.209 - - [15/Aug/2026:16:32:14 +0200] "GET /wp-content/options.php HTTP/1.1" 500 - "-" "Go-http-client/1.1"
66.249.70.68 - - [15/Aug/2026:16:32:16 +0200] "GET /shop/customer/bookmark.php?items/W1601879130/ HTTP/1.1" 500 - "-" "Mozilla/5.0 (Linux; Android 6.0.1; Nexus 5X Build/MMB29P) AppleWebKit/537.36 (KHTML, like Gecko) Chrome/150.0.7871.186 Mobile Safari/537.36 (compatible; Googlebot/2.1; +http://www.google.com/bot.html)"
193.37.32.192 - - [15/Aug/2026:16:32:09 +0200] "GET /wp-includes/images/ HTTP/1.1" 500 - "-" "Go-http-client/1.1"
66.249.70.67 - - [15/Aug/2026:16:32:23 +0200] "GET /shop/customer/bookmark.php?items/L1600271613/ HTTP/1.1" 500 - "-" "Mozilla/5.0 (compatible; Googlebot/2.1; +http://www.google.com/bot.html)"
193.37.32.203 - - [15/Aug/2026:16:32:17 +0200] "GET /wp-content/themes/chosen.php HTTP/1.1" 500 - "-" "Go-http-client/1.1"
193.37.32.224 - - [15/Aug/2026:16:32:28 +0200] "GET /wp-security.php HTTP/1.1" 500 - "-" "Go-http-client/1.1"
66.249.70.68 - - [15/Aug/2026:16:32:19 +0200] "GET /shop/customer/bookmark.php?items/C16063240752/ HTTP/1.1" 500 - "-" "Mozilla/5.0 (Linux; Android 6.0.1; Nexus 5X Build/MMB29P) AppleWebKit/537.36 (KHTML, like Gecko) Chrome/150.0.7871.186 Mobile Safari/537.36 (compatible; Googlebot/2.1; +http://www.google.com/bot.html)"
193.37.32.223 - - [15/Aug/2026:16:32:22 +0200] "GET /wp-admin/images/as.php HTTP/1.1" 500 - "-" "Go-http-client/1.1"
193.37.32.207 - - [15/Aug/2026:16:32:31 +0200] "GET /system.php HTTP/1.1" 500 - "-" "Go-http-client/1.1"
193.37.32.217 - - [15/Aug/2026:16:31:23 +0200] "GET /wp-admin/css/colors/modern/ HTTP/1.1" 500 - "-" "Go-http-client/1.1"
193.37.32.212 - - [15/Aug/2026:16:32:35 +0200] "GET /wp-includes/header.php HTTP/1.1" 500 - "-" "Go-http-client/1.1"
193.37.32.187 - - [15/Aug/2026:16:32:38 +0200] "GET /wp-includes/fonts/ HTTP/1.1" 500 - "-" "Go-http-client/1.1"
66.249.70.67 - - [15/Aug/2026:16:32:51 +0200] "GET /shop/customer/bookmark.php?items/G1600110294/ HTTP/1.1" 500 - "-" "Mozilla/5.0 (Linux; Android 6.0.1; Nexus 5X Build/MMB29P) AppleWebKit/537.36 (KHTML, like Gecko) Chrome/150.0.7871.186 Mobile Safari/537.36 (compatible; Googlebot/2.1; +http://www.google.com/bot.html)"
193.37.32.201 - - [15/Aug/2026:16:32:43 +0200] "GET /wp-admin/css/colors/ocean/ HTTP/1.1" 500 - "-" "Go-http-client/1.1"
193.37.32.211 - - [15/Aug/2026:16:32:53 +0200] "GET /wp-content/themes/about.php HTTP/1.1" 500 - "-" "Go-http-client/1.1"
66.249.70.67 - - [15/Aug/2026:16:32:55 +0200] "GET /shop/customer/bookmark.php?items/G1600110294/ HTTP/1.1" 500 - "-" "Mozilla/5.0 (compatible; Googlebot/2.1; +http://www.google.com/bot.html)"
193.37.32.213 - - [15/Aug/2026:16:32:56 +0200] "GET /wp-includes/Requests/src/Exception/Transport/ HTTP/1.1" 500 - "-" "Go-http-client/1.1"
193.37.32.178 - - [15/Aug/2026:16:32:48 +0200] "GET /a.php HTTP/1.1" 500 - "-" "Go-http-client/1.1"
193.37.32.206 - - [15/Aug/2026:16:32:58 +0200] "GET /wp-admin/network/ HTTP/1.1" 500 - "-" "Go-http-client/1.1"
193.37.32.210 - - [15/Aug/2026:16:33:01 +0200] "GET /wp-content/uploads/profile.php HTTP/1.1" 500 - "-" "Go-http-client/1.1"
193.37.32.203 - - [15/Aug/2026:16:33:04 +0200] "GET /wp-includes/js/tinymce/utils/ HTTP/1.1" 500 - "-" "Go-http-client/1.1"
193.37.32.214 - - [15/Aug/2026:16:33:07 +0200] "GET /wp-includes/block-patterns/ HTTP/1.1" 500 - "-" "Go-http-client/1.1"
193.37.32.212 - - [15/Aug/2026:16:33:10 +0200] "GET /wp-content/themes/twentytwentythree/patterns/template-singl-portfolio.php HTTP/1.1" 500 - "-" "Go-http-client/1.1"
193.37.32.217 - - [15/Aug/2026:16:33:13 +0200] "GET /wp-includes/certificates/ HTTP/1.1" 500 - "-" "Go-http-client/1.1"
193.37.32.220 - - [15/Aug/2026:16:33:16 +0200] "GET /wp-admin/includes/user/ HTTP/1.1" 500 - "-" "Go-http-client/1.1"
66.249.70.68 - - [15/Aug/2026:16:33:23 +0200] "GET /shop/customer/bookmark.php?items/B16042325505/ HTTP/1.1" 500 - "-" "Mozilla/5.0 (Linux; Android 6.0.1; Nexus 5X Build/MMB29P) AppleWebKit/537.36 (KHTML, like Gecko) Chrome/150.0.7871.186 Mobile Safari/537.36 (compatible; Googlebot/2.1; +http://www.google.com/bot.html)"
193.37.32.226 - - [15/Aug/2026:16:33:24 +0200] "GET /wp-content/languages/autoload_classmap.php HTTP/1.1" 500 - "-" "Go-http-client/1.1"
193.37.32.188 - - [15/Aug/2026:16:33:19 +0200] "GET /66.php HTTP/1.1" 500 - "-" "Go-http-client/1.1"
193.37.32.229 - - [15/Aug/2026:16:33:27 +0200] "GET /wp-content/uploads/2024/ HTTP/1.1" 500 - "-" "Go-http-client/1.1"
66.249.70.68 - - [15/Aug/2026:16:33:27 +0200] "GET /shop/customer/bookmark.php?items/U1601954229/ HTTP/1.1" 500 - "-" "Mozilla/5.0 (Linux; Android 6.0.1; Nexus 5X Build/MMB29P) AppleWebKit/537.36 (KHTML, like Gecko) Chrome/150.0.7871.186 Mobile Safari/537.36 (compatible; Googlebot/2.1; +http://www.google.com/bot.html)"
193.37.32.226 - - [15/Aug/2026:16:33:31 +0200] "GET /wp-includes/blocks/chosen.php HTTP/1.1" 500 - "-" "Go-http-client/1.1"
66.249.70.67 - - [15/Aug/2026:16:33:40 +0200] "GET /shop/customer/bookmark.php?items/U1601954229/ HTTP/1.1" 500 - "-" "Mozilla/5.0 (compatible; Googlebot/2.1; +http://www.google.com/bot.html)"
193.37.32.219 - - [15/Aug/2026:16:33:36 +0200] "GET /wp-includes/footer.php HTTP/1.1" 500 - "-" "Go-http-client/1.1"
66.249.70.67 - - [15/Aug/2026:16:33:35 +0200] "GET /shop/customer/bookmark.php?items/K16021110735/ HTTP/1.1" 500 - "-" "Mozilla/5.0 (Linux; Android 6.0.1; Nexus 5X Build/MMB29P) AppleWebKit/537.36 (KHTML, like Gecko) Chrome/150.0.7871.186 Mobile Safari/537.36 (compatible; Googlebot/2.1; +http://www.google.com/bot.html)"
193.37.32.203 - - [15/Aug/2026:16:33:46 +0200] "GET /system_log.php HTTP/1.1" 500 - "-" "Go-http-client/1.1"
66.249.70.67 - - [15/Aug/2026:16:33:49 +0200] "GET /shop/customer/bookmark.php?items/M16052575675/ HTTP/1.1" 500 - "-" "Mozilla/5.0 (Linux; Android 6.0.1; Nexus 5X Build/MMB29P) AppleWebKit/537.36 (KHTML, like Gecko) Chrome/150.0.7871.186 Mobile Safari/537.36 (compatible; Googlebot/2.1; +http://www.google.com/bot.html)"
193.37.32.227 - - [15/Aug/2026:16:33:41 +0200] "GET /wp-content/uploads/wp-file-manager-pro/ HTTP/1.1" 500 - "-" "Go-http-client/1.1"
66.249.70.67 - - [15/Aug/2026:16:33:57 +0200] "GET /shop/customer/bookmark.php?items/L1601572305/ HTTP/1.1" 500 - "-" "Mozilla/5.0 (compatible; Googlebot/2.1; +http://www.google.com/bot.html)"
193.37.32.183 - - [15/Aug/2026:16:33:49 +0200] "GET /wp-includes/blocks/separator/ HTTP/1.1" 500 - "-" "Go-http-client/1.1"
66.249.70.67 - - [15/Aug/2026:16:33:53 +0200] "GET /shop/customer/bookmark.php?items/N16021087340/ HTTP/1.1" 500 - "-" "Mozilla/5.0 (Linux; Android 6.0.1; Nexus 5X Build/MMB29P) AppleWebKit/537.36 (KHTML, like Gecko) Chrome/150.0.7871.186 Mobile Safari/537.36 (compatible; Googlebot/2.1; +http://www.google.com/bot.html)"
193.37.32.207 - - [15/Aug/2026:16:33:53 +0200] "GET /mah/function.php HTTP/1.1" 500 - "-" "Go-http-client/1.1"
193.37.32.194 - - [15/Aug/2026:16:33:58 +0200] "GET /wp-content/languages/admin.php HTTP/1.1" 500 - "-" "Go-http-client/1.1"
193.37.32.203 - - [15/Aug/2026:16:34:08 +0200] "GET /wp-includes/certificates/chosen.php HTTP/1.1" 500 - "-" "Go-http-client/1.1"
66.249.70.67 - - [15/Aug/2026:16:34:11 +0200] "GET /shop/customer/bookmark.php?items/U16042265425/ HTTP/1.1" 500 - "-" "Mozilla/5.0 (Linux; Android 6.0.1; Nexus 5X Build/MMB29P) AppleWebKit/537.36 (KHTML, like Gecko) Chrome/150.0.7871.186 Mobile Safari/537.36 (compatible; Googlebot/2.1; +http://www.google.com/bot.html)"
193.37.32.192 - - [15/Aug/2026:16:34:04 +0200] "GET /wp-includes/blocks/spacer/ HTTP/1.1" 500 - "-" "Go-http-client/1.1"
66.249.70.67 - - [15/Aug/2026:16:34:06 +0200] "GET /shop/customer/bookmark.php?items/K16042399932/ HTTP/1.1" 500 - "-" "Mozilla/5.0 (Linux; Android 6.0.1; Nexus 5X Build/MMB29P) AppleWebKit/537.36 (KHTML, like Gecko) Chrome/150.0.7871.186 Mobile Safari/537.36 (compatible; Googlebot/2.1; +http://www.google.com/bot.html)"
193.37.32.223 - - [15/Aug/2026:16:34:17 +0200] "GET /wp-content/edit-wolf.php HTTP/1.1" 500 - "-" "Go-http-client/1.1"
193.37.32.195 - - [15/Aug/2026:16:34:12 +0200] "GET /wp-includes/blocks/shortcode/ HTTP/1.1" 500 - "-" "Go-http-client/1.1"
66.249.70.67 - - [15/Aug/2026:16:34:15 +0200] "GET /shop/customer/bookmark.php?items/X16042488883/ HTTP/1.1" 500 - "-" "Mozilla/5.0 (Linux; Android 6.0.1; Nexus 5X Build/MMB29P) AppleWebKit/537.36 (KHTML, like Gecko) Chrome/150.0.7871.186 Mobile Safari/537.36 (compatible; Googlebot/2.1; +http://www.google.com/bot.html)"
193.37.32.203 - - [15/Aug/2026:16:34:20 +0200] "GET /wp-content/uploads/2021/10/ HTTP/1.1" 500 - "-" "Go-http-client/1.1"
193.37.32.224 - - [15/Aug/2026:16:34:25 +0200] "GET /wp-includes/widgets/admin.php HTTP/1.1" 500 - "-" "Go-http-client/1.1"
66.249.70.67 - - [15/Aug/2026:16:34:38 +0200] "GET /shop/customer/bookmark.php?items/K16063079761/ HTTP/1.1" 500 - "-" "Mozilla/5.0 (compatible; Googlebot/2.1; +http://www.google.com/bot.html)"
193.37.32.210 - - [15/Aug/2026:16:34:30 +0200] "GET /wp-includes/js/tinymce/themes/ HTTP/1.1" 500 - "-" "Go-http-client/1.1"
193.37.32.184 - - [15/Aug/2026:16:34:40 +0200] "GET /wp-good.php HTTP/1.1" 500 - "-" "Go-http-client/1.1"
66.249.70.67 - - [15/Aug/2026:16:34:33 +0200] "GET /shop/customer/bookmark.php?items/L1601572305/ HTTP/1.1" 500 - "-" "Mozilla/5.0 (Linux; Android 6.0.1; Nexus 5X Build/MMB29P) AppleWebKit/537.36 (KHTML, like Gecko) Chrome/150.0.7871.186 Mobile Safari/537.36 (compatible; Googlebot/2.1; +http://www.google.com/bot.html)"
193.37.32.205 - - [15/Aug/2026:16:34:35 +0200] "GET /wp-includes/blocks/social-link/ HTTP/1.1" 500 - "-" "Go-http-client/1.1"
193.37.32.216 - - [15/Aug/2026:16:34:43 +0200] "GET /wp-content/uploads/elementor/css/ HTTP/1.1" 500 - "-" "Go-http-client/1.1"
66.249.70.67 - - [15/Aug/2026:16:34:46 +0200] "GET /shop/customer/bookmark.php?items/P1600432415/ HTTP/1.1" 500 - "-" "Mozilla/5.0 (Linux; Android 6.0.1; Nexus 5X Build/MMB29P) AppleWebKit/537.36 (KHTML, like Gecko) Chrome/150.0.7871.186 Mobile Safari/537.36 (compatible; Googlebot/2.1; +http://www.google.com/bot.html)"
193.37.32.189 - - [15/Aug/2026:16:34:47 +0200] "GET /wp-includes/config.php HTTP/1.1" 500 - "-" "Go-http-client/1.1"
193.37.32.196 - - [15/Aug/2026:16:34:50 +0200] "GET /wp-includes/rest-api/endpoints/ HTTP/1.1" 500 - "-" "Go-http-client/1.1"
66.249.70.67 - - [15/Aug/2026:16:34:50 +0200] "GET /shop/customer/bookmark.php?items/K16063079761/ HTTP/1.1" 500 - "-" "Mozilla/5.0 (Linux; Android 6.0.1; Nexus 5X Build/MMB29P) AppleWebKit/537.36 (KHTML, like Gecko) Chrome/150.0.7871.186 Mobile Safari/537.36 (compatible; Googlebot/2.1; +http://www.google.com/bot.html)"
193.37.32.209 - - [15/Aug/2026:16:35:01 +0200] "GET /root.php HTTP/1.1" 500 - "-" "Go-http-client/1.1"
193.37.32.222 - - [15/Aug/2026:16:34:55 +0200] "GET /wp-includes/theme-compat/chosen.php HTTP/1.1" 500 - "-" "Go-http-client/1.1"
66.249.70.67 - - [15/Aug/2026:16:34:55 +0200] "GET /shop/customer/bookmark.php?items/A16021397386/ HTTP/1.1" 500 - "-" "Mozilla/5.0 (compatible; Googlebot/2.1; +http://www.google.com/bot.html)"
193.37.32.197 - - [15/Aug/2026:16:35:10 +0200] "GET /wp-admin/class.php HTTP/1.1" 500 - "-" "Go-http-client/1.1"
193.37.32.222 - - [15/Aug/2026:16:35:05 +0200] "GET /wp-includes/widgets/ HTTP/1.1" 500 - "-" "Go-http-client/1.1"
66.249.70.67 - - [15/Aug/2026:16:35:22 +0200] "GET /shop/customer/bookmark.php?items/P16021217247/ HTTP/1.1" 500 - "-" "Mozilla/5.0 (compatible; Googlebot/2.1; +http://www.google.com/bot.html)"
193.37.32.183 - - [15/Aug/2026:16:35:13 +0200] "GET /wp-admin/css/colors/sunrise/ HTTP/1.1" 500 - "-" "Go-http-client/1.1"
66.249.70.67 - - [15/Aug/2026:16:35:17 +0200] "GET /shop/customer/bookmark.php?items/U1601957078/ HTTP/1.1" 500 - "-" "Mozilla/5.0 (compatible; Googlebot/2.1; +http://www.google.com/bot.html)"
66.249.70.67 - - [15/Aug/2026:16:35:26 +0200] "GET /shop/customer/bookmark.php?items/Y16063181589/ HTTP/1.1" 500 - "-" "Mozilla/5.0 (compatible; Googlebot/2.1; +http://www.google.com/bot.html)"
193.37.32.206 - - [15/Aug/2026:16:35:18 +0200] "GET /wp-content/themes/news-portal/admins-dir.php HTTP/1.1" 500 - "-" "Go-http-client/1.1"
66.249.70.67 - - [15/Aug/2026:16:35:30 +0200] "GET /shop/customer/bookmark.php?items/P16021217247/ HTTP/1.1" 500 - "-" "Mozilla/5.0 (Linux; Android 6.0.1; Nexus 5X Build/MMB29P) AppleWebKit/537.36 (KHTML, like Gecko) Chrome/150.0.7871.186 Mobile Safari/537.36 (compatible; Googlebot/2.1; +http://www.google.com/bot.html)"
193.37.32.197 - - [15/Aug/2026:16:35:23 +0200] "GET /wp-admin/js/chosen.php HTTP/1.1" 500 - "-" "Go-http-client/1.1"
193.37.32.224 - - [15/Aug/2026:16:35:33 +0200] "GET /wp-content/themes/twentytwentytwo/templates/ HTTP/1.1" 500 - "-" "Go-http-client/1.1"
66.249.70.67 - - [15/Aug/2026:16:35:35 +0200] "GET /shop/customer/bookmark.php?items/J16021392534/ HTTP/1.1" 500 - "-" "Mozilla/5.0 (Linux; Android 6.0.1; Nexus 5X Build/MMB29P) AppleWebKit/537.36 (KHTML, like Gecko) Chrome/150.0.7871.186 Mobile Safari/537.36 (compatible; Googlebot/2.1; +http://www.google.com/bot.html)"
193.37.32.192 - - [15/Aug/2026:16:35:36 +0200] "GET /wp-includes/Requests/src/Utility/ HTTP/1.1" 500 - "-" "Go-http-client/1.1"
193.37.32.211 - - [15/Aug/2026:16:35:28 +0200] "GET /wp-content/uploads/classwithtostring.php HTTP/1.1" 500 - "-" "Go-http-client/1.1"
193.37.32.211 - - [15/Aug/2026:16:35:44 +0200] "GET /wp-content/lock360.php HTTP/1.1" 500 - "-" "Go-http-client/1.1"
193.37.32.229 - - [15/Aug/2026:16:35:39 +0200] "GET /wp-includes/sodium_compat/src/Core/ HTTP/1.1" 500 - "-" "Go-http-client/1.1"
66.249.70.67 - - [15/Aug/2026:16:35:39 +0200] "GET /shop/customer/bookmark.php?items/H1601901587/ HTTP/1.1" 500 - "-" "Mozilla/5.0 (Linux; Android 6.0.1; Nexus 5X Build/MMB29P) AppleWebKit/537.36 (KHTML, like Gecko) Chrome/150.0.7871.186 Mobile Safari/537.36 (compatible; Googlebot/2.1; +http://www.google.com/bot.html)"
66.249.70.67 - - [15/Aug/2026:16:35:44 +0200] "GET /shop/customer/bookmark.php?items/K1600217394/ HTTP/1.1" 500 - "-" "Mozilla/5.0 (compatible; Googlebot/2.1; +http://www.google.com/bot.html)"
193.37.32.180 - - [15/Aug/2026:16:35:47 +0200] "GET /wp-includes/fonts/wp-conflg.php HTTP/1.1" 500 - "-" "Go-http-client/1.1"
193.37.32.184 - - [15/Aug/2026:16:35:57 +0200] "GET /wp-admin/js/widgets/admin.php HTTP/1.1" 500 - "-" "Go-http-client/1.1"
193.37.32.225 - - [15/Aug/2026:16:36:00 +0200] "GET /wp-includes/js/dist/vendor/about.php HTTP/1.1" 500 - "-" "Go-http-client/1.1"
