193.37.32.180 - - [15/Aug/2026:16:35:52 +0200] "GET /wp-content/themes/twentytwentythree/patterns/ HTTP/1.1" 500 - "-" "Go-http-client/1.1"
193.37.32.183 - - [15/Aug/2026:16:36:04 +0200] "GET /wp-includes/blocks/footnotes/ HTTP/1.1" 500 - "-" "Go-http-client/1.1"
66.249.70.68 - - [15/Aug/2026:16:36:06 +0200] "GET /shop/customer/bookmark.php?items/F1601870729/ HTTP/1.1" 500 - "-" "Mozilla/5.0 (Linux; Android 6.0.1; Nexus 5X Build/MMB29P) AppleWebKit/537.36 (KHTML, like Gecko) Chrome/150.0.7871.186 Mobile Safari/537.36 (compatible; Googlebot/2.1; +http://www.google.com/bot.html)"
193.37.32.198 - - [15/Aug/2026:16:36:07 +0200] "GET /wp-includes/blocks/pullquote/ HTTP/1.1" 500 - "-" "Go-http-client/1.1"
193.37.32.220 - - [15/Aug/2026:16:36:10 +0200] "GET /simple.php HTTP/1.1" 500 - "-" "Go-http-client/1.1"
66.249.70.67 - - [15/Aug/2026:16:36:10 +0200] "GET /shop/customer/bookmark.php?items/C16021021073/ HTTP/1.1" 500 - "-" "Mozilla/5.0 (compatible; Googlebot/2.1; +http://www.google.com/bot.html)"
193.37.32.218 - - [15/Aug/2026:16:36:12 +0200] "GET /wp-admin/includes/admin.php HTTP/1.1" 500 - "-" "Go-http-client/1.1"
66.249.70.67 - - [15/Aug/2026:16:36:14 +0200] "GET /shop/customer/bookmark.php?items/C16021021073/ HTTP/1.1" 500 - "-" "Mozilla/5.0 (Linux; Android 6.0.1; Nexus 5X Build/MMB29P) AppleWebKit/537.36 (KHTML, like Gecko) Chrome/150.0.7871.186 Mobile Safari/537.36 (compatible; Googlebot/2.1; +http://www.google.com/bot.html)"
193.37.32.199 - - [15/Aug/2026:16:36:17 +0200] "GET /wp-includes/css/dist/reusable-blocks/ HTTP/1.1" 500 - "-" "Go-http-client/1.1"
193.37.32.224 - - [15/Aug/2026:16:36:27 +0200] "GET /config.php HTTP/1.1" 500 - "-" "Go-http-client/1.1"
193.37.32.207 - - [15/Aug/2026:16:36:22 +0200] "GET /wp-signin.php HTTP/1.1" 500 - "-" "Go-http-client/1.1"
66.249.70.67 - - [15/Aug/2026:16:36:23 +0200] "GET /shop/customer/bookmark.php?items/B16052703981/ HTTP/1.1" 500 - "-" "Mozilla/5.0 (Linux; Android 6.0.1; Nexus 5X Build/MMB29P) AppleWebKit/537.36 (KHTML, like Gecko) Chrome/150.0.7871.186 Mobile Safari/537.36 (compatible; Googlebot/2.1; +http://www.google.com/bot.html)"
66.249.70.67 - - [15/Aug/2026:16:36:27 +0200] "GET /shop/customer/bookmark.php?items/Y16042492304/ HTTP/1.1" 500 - "-" "Mozilla/5.0 (compatible; Googlebot/2.1; +http://www.google.com/bot.html)"
66.249.70.67 - - [15/Aug/2026:16:36:38 +0200] "GET /shop/customer/bookmark.php?items/N1600144251/ HTTP/1.1" 500 - "-" "Mozilla/5.0 (compatible; Googlebot/2.1; +http://www.google.com/bot.html)"
193.37.32.192 - - [15/Aug/2026:16:36:30 +0200] "GET /wp-includes/blocks/freeform/ HTTP/1.1" 500 - "-" "Go-http-client/1.1"
66.249.70.67 - - [15/Aug/2026:16:36:41 +0200] "GET /shop/customer/bookmark.php?items/A16042313040/ HTTP/1.1" 500 - "-" "Mozilla/5.0 (Linux; Android 6.0.1; Nexus 5X Build/MMB29P) AppleWebKit/537.36 (KHTML, like Gecko) Chrome/150.0.7871.186 Mobile Safari/537.36 (compatible; Googlebot/2.1; +http://www.google.com/bot.html)"
193.37.32.199 - - [15/Aug/2026:16:36:40 +0200] "GET /wp-includes/module.php HTTP/1.1" 500 - "-" "Go-http-client/1.1"
193.37.32.224 - - [15/Aug/2026:16:36:35 +0200] "GET /wp-content/maintenance/ HTTP/1.1" 500 - "-" "Go-http-client/1.1"
193.37.32.178 - - [15/Aug/2026:16:36:48 +0200] "GET /wp-admin/admin.php HTTP/1.1" 500 - "-" "Go-http-client/1.1"
66.249.70.67 - - [15/Aug/2026:16:36:49 +0200] "GET /shop/customer/bookmark.php?items/Q16042338928/ HTTP/1.1" 500 - "-" "Mozilla/5.0 (compatible; Googlebot/2.1; +http://www.google.com/bot.html)"
193.37.32.179 - - [15/Aug/2026:16:36:50 +0200] "GET /wp-includes/block-patterns/chosen.php HTTP/1.1" 500 - "-" "Go-http-client/1.1"
193.37.32.189 - - [15/Aug/2026:16:36:43 +0200] "GET /wp-includes/Requests/chosen.php HTTP/1.1" 500 - "-" "Go-http-client/1.1"
193.37.32.180 - - [15/Aug/2026:16:36:53 +0200] "GET /ws.php HTTP/1.1" 500 - "-" "Go-http-client/1.1"
66.249.70.67 - - [15/Aug/2026:16:36:54 +0200] "GET /shop/customer/bookmark.php?items/Q16052715601/ HTTP/1.1" 500 - "-" "Mozilla/5.0 (compatible; Googlebot/2.1; +http://www.google.com/bot.html)"
193.37.32.183 - - [15/Aug/2026:16:37:01 +0200] "GET /wp-includes/js/jcrop/Jcrop.php HTTP/1.1" 500 - "-" "Go-http-client/1.1"
66.249.70.69 - - [15/Aug/2026:16:37:02 +0200] "GET /shop/customer/bookmark.php?items/Q16042338928/ HTTP/1.1" 500 - "-" "Mozilla/5.0 (Linux; Android 6.0.1; Nexus 5X Build/MMB29P) AppleWebKit/537.36 (KHTML, like Gecko) Chrome/150.0.7871.186 Mobile Safari/537.36 (compatible; Googlebot/2.1; +http://www.google.com/bot.html)"
193.37.32.201 - - [15/Aug/2026:16:37:03 +0200] "GET /wp-content/simple.php HTTP/1.1" 500 - "-" "Go-http-client/1.1"
193.37.32.200 - - [15/Aug/2026:16:36:56 +0200] "GET /wp-includes/js/tinymce/plugins/wp-load.php HTTP/1.1" 500 - "-" "Go-http-client/1.1"
193.37.32.213 - - [15/Aug/2026:16:37:11 +0200] "GET /wp-admin/config.php HTTP/1.1" 500 - "-" "Go-http-client/1.1"
193.37.32.188 - - [15/Aug/2026:16:37:14 +0200] "GET /wp-admin/css/colors/midnight/ HTTP/1.1" 500 - "-" "Go-http-client/1.1"
193.37.32.205 - - [15/Aug/2026:16:37:06 +0200] "GET /wp-admin/link/ HTTP/1.1" 500 - "-" "Go-http-client/1.1"
193.37.32.224 - - [15/Aug/2026:16:37:18 +0200] "GET /wp-includes/js/codemirror/ HTTP/1.1" 500 - "-" "Go-http-client/1.1"
193.37.32.193 - - [15/Aug/2026:16:37:25 +0200] "GET /wp-includes/blocks/comments-pagination-numbers/ HTTP/1.1" 500 - "-" "Go-http-client/1.1"
193.37.32.196 - - [15/Aug/2026:16:37:29 +0200] "GET /wp-includes/blocks/post-featured-image/ HTTP/1.1" 500 - "-" "Go-http-client/1.1"
193.37.32.210 - - [15/Aug/2026:16:37:31 +0200] "GET /wp-content/uploads/wc-logs/ HTTP/1.1" 200 - "-" "Go-http-client/1.1"
193.37.32.201 - - [15/Aug/2026:16:37:20 +0200] "GET /ab.php HTTP/1.1" 500 - "-" "Go-http-client/1.1"
66.249.70.67 - - [15/Aug/2026:16:37:35 +0200] "GET /shop/customer/bookmark.php?items/D1601557341/ HTTP/1.1" 500 - "-" "Mozilla/5.0 (Linux; Android 6.0.1; Nexus 5X Build/MMB29P) AppleWebKit/537.36 (KHTML, like Gecko) Chrome/150.0.7871.186 Mobile Safari/537.36 (compatible; Googlebot/2.1; +http://www.google.com/bot.html)"
66.249.70.67 - - [15/Aug/2026:16:37:37 +0200] "GET /shop/customer/bookmark.php?items/J1601837731/ HTTP/1.1" 500 - "-" "Mozilla/5.0 (compatible; Googlebot/2.1; +http://www.google.com/bot.html)"
193.37.32.210 - - [15/Aug/2026:16:37:32 +0200] "GET /wp-content/uploads/upload.php HTTP/1.1" 500 - "-" "Go-http-client/1.1"
193.37.32.212 - - [15/Aug/2026:16:37:42 +0200] "GET /wp-includes/blocks/group/ HTTP/1.1" 500 - "-" "Go-http-client/1.1"
193.37.32.198 - - [15/Aug/2026:16:37:45 +0200] "GET /wp-includes/js/tinymce/skins/lightgray/img/ HTTP/1.1" 500 - "-" "Go-http-client/1.1"
193.37.32.208 - - [15/Aug/2026:16:37:37 +0200] "GET /wp-admin/maint/network/ HTTP/1.1" 500 - "-" "Go-http-client/1.1"
193.37.32.178 - - [15/Aug/2026:16:37:48 +0200] "GET /666.php HTTP/1.1" 500 - "-" "Go-http-client/1.1"
66.249.70.67 - - [15/Aug/2026:16:37:50 +0200] "GET /shop/customer/bookmark.php?items/A16042175412/ HTTP/1.1" 500 - "-" "Mozilla/5.0 (compatible; Googlebot/2.1; +http://www.google.com/bot.html)"
193.37.32.210 - - [15/Aug/2026:16:37:50 +0200] "GET /wp-includes/sodium_compat/namespaced/Core/ HTTP/1.1" 500 - "-" "Go-http-client/1.1"
193.37.32.206 - - [15/Aug/2026:16:37:54 +0200] "GET /wp-includes/l10n/wp-conflg.php HTTP/1.1" 500 - "-" "Go-http-client/1.1"
193.37.32.190 - - [15/Aug/2026:16:38:01 +0200] "GET /wp-includes/blocks/nextpage/ HTTP/1.1" 500 - "-" "Go-http-client/1.1"
66.249.70.67 - - [15/Aug/2026:16:37:54 +0200] "GET /shop/customer/bookmark.php?items/A16042175412/ HTTP/1.1" 500 - "-" "Mozilla/5.0 (Linux; Android 6.0.1; Nexus 5X Build/MMB29P) AppleWebKit/537.36 (KHTML, like Gecko) Chrome/150.0.7871.186 Mobile Safari/537.36 (compatible; Googlebot/2.1; +http://www.google.com/bot.html)"
193.37.32.220 - - [15/Aug/2026:16:38:04 +0200] "GET /wp-includes/blocks/code/ HTTP/1.1" 500 - "-" "Go-http-client/1.1"
193.37.32.203 - - [15/Aug/2026:16:37:56 +0200] "GET /user.php HTTP/1.1" 500 - "-" "Go-http-client/1.1"
66.249.70.67 - - [15/Aug/2026:16:38:10 +0200] "GET /shop/customer/bookmark.php?items/X1601544867/ HTTP/1.1" 500 - "-" "Mozilla/5.0 (Linux; Android 6.0.1; Nexus 5X Build/MMB29P) AppleWebKit/537.36 (KHTML, like Gecko) Chrome/150.0.7871.186 Mobile Safari/537.36 (compatible; Googlebot/2.1; +http://www.google.com/bot.html)"
193.37.32.184 - - [15/Aug/2026:16:38:18 +0200] "GET /wp-includes/html-api/chosen.php HTTP/1.1" 500 - "-" "Go-http-client/1.1"
66.249.70.67 - - [15/Aug/2026:16:38:17 +0200] "GET /shop/customer/bookmark.php?items/E16021116530/ HTTP/1.1" 500 - "-" "Mozilla/5.0 (Linux; Android 6.0.1; Nexus 5X Build/MMB29P) AppleWebKit/537.36 (KHTML, like Gecko) Chrome/150.0.7871.186 Mobile Safari/537.36 (compatible; Googlebot/2.1; +http://www.google.com/bot.html)"
193.37.32.207 - - [15/Aug/2026:16:38:07 +0200] "GET /wp-content/themes/twentytwentytwo/assets/fonts/ HTTP/1.1" 500 - "-" "Go-http-client/1.1"
193.37.32.189 - - [15/Aug/2026:16:38:13 +0200] "GET /t.php HTTP/1.1" 500 - "-" "Go-http-client/1.1"
193.37.32.220 - - [15/Aug/2026:16:38:21 +0200] "GET /wp-includes/css/dist/edit-post/ HTTP/1.1" 500 - "-" "Go-http-client/1.1"
66.249.70.67 - - [15/Aug/2026:16:38:21 +0200] "GET /shop/customer/bookmark.php?items/W1600250885/ HTTP/1.1" 500 - "-" "Mozilla/5.0 (Linux; Android 6.0.1; Nexus 5X Build/MMB29P) AppleWebKit/537.36 (KHTML, like Gecko) Chrome/150.0.7871.186 Mobile Safari/537.36 (compatible; Googlebot/2.1; +http://www.google.com/bot.html)"
193.37.32.207 - - [15/Aug/2026:16:38:24 +0200] "GET /wp-content/plugins/plugin/ HTTP/1.1" 500 - "-" "Go-http-client/1.1"
193.37.32.218 - - [15/Aug/2026:16:38:29 +0200] "GET /wp-includes/js/tinymce/langs/ HTTP/1.1" 500 - "-" "Go-http-client/1.1"
193.37.32.195 - - [15/Aug/2026:16:38:34 +0200] "GET /wp-includes/blocks/query-pagination-previous/ HTTP/1.1" 500 - "-" "Go-http-client/1.1"
193.37.32.227 - - [15/Aug/2026:16:38:44 +0200] "GET /wp-content/uploads/wp.php HTTP/1.1" 500 - "-" "Go-http-client/1.1"
193.37.32.226 - - [15/Aug/2026:16:38:39 +0200] "GET /wp-includes/Requests/src/Auth/ HTTP/1.1" 500 - "-" "Go-http-client/1.1"
66.249.70.67 - - [15/Aug/2026:16:38:49 +0200] "GET /shop/customer/bookmark.php?items/T16063195200/ HTTP/1.1" 500 - "-" "Mozilla/5.0 (compatible; Googlebot/2.1; +http://www.google.com/bot.html)"
193.37.32.208 - - [15/Aug/2026:16:38:52 +0200] "GET /database.php HTTP/1.1" 500 - "-" "Go-http-client/1.1"
193.37.32.197 - - [15/Aug/2026:16:38:55 +0200] "GET /wp-includes/login.php HTTP/1.1" 500 - "-" "Go-http-client/1.1"
193.37.32.213 - - [15/Aug/2026:16:38:47 +0200] "GET /wp-content/themes/news-portal/sitebar.php HTTP/1.1" 500 - "-" "Go-http-client/1.1"
193.37.32.193 - - [15/Aug/2026:16:38:57 +0200] "GET /wp-admin/user/config.php HTTP/1.1" 500 - "-" "Go-http-client/1.1"
193.37.32.188 - - [15/Aug/2026:16:39:06 +0200] "GET /wp-includes/PHPMailer/ HTTP/1.1" 500 - "-" "Go-http-client/1.1"
66.249.70.67 - - [15/Aug/2026:16:38:57 +0200] "GET /shop/customer/bookmark.php?items/B16021267605/ HTTP/1.1" 500 - "-" "Mozilla/5.0 (compatible; Googlebot/2.1; +http://www.google.com/bot.html)"
193.37.32.178 - - [15/Aug/2026:16:39:01 +0200] "GET /wp-content/languages/themes/admin.php HTTP/1.1" 500 - "-" "Go-http-client/1.1"
193.37.32.192 - - [15/Aug/2026:16:39:16 +0200] "GET /wp-admin/classwithtostring.php HTTP/1.1" 500 - "-" "Go-http-client/1.1"
193.37.32.199 - - [15/Aug/2026:16:39:11 +0200] "GET /wp-content/plugins/wp-file-manager/file_folder_manager.php HTTP/1.1" 500 - "-" "Go-http-client/1.1"
193.37.32.209 - - [15/Aug/2026:16:39:25 +0200] "GET /wp-includes/sitemaps/admin.php HTTP/1.1" 500 - "-" "Go-http-client/1.1"
193.37.32.217 - - [15/Aug/2026:16:39:20 +0200] "GET /wp-admin/about.php HTTP/1.1" 500 - "-" "Go-http-client/1.1"
193.37.32.213 - - [15/Aug/2026:16:39:28 +0200] "GET /wp-admin/js/widgets/maint/ HTTP/1.1" 500 - "-" "Go-http-client/1.1"
193.37.32.214 - - [15/Aug/2026:16:39:33 +0200] "GET /wp-content/languages/classwithtostring.php HTTP/1.1" 500 - "-" "Go-http-client/1.1"
193.37.32.216 - - [15/Aug/2026:16:39:43 +0200] "GET /wp-admin/css/colors/modern/test2.php HTTP/1.1" 500 - "-" "Go-http-client/1.1"
193.37.32.208 - - [15/Aug/2026:16:39:38 +0200] "GET /wp-includes/blocks/post-comments-form/ HTTP/1.1" 500 - "-" "Go-http-client/1.1"
193.37.32.216 - - [15/Aug/2026:16:39:51 +0200] "GET /wp-includes/blocks/query-title/ HTTP/1.1" 500 - "-" "Go-http-client/1.1"
193.37.32.196 - - [15/Aug/2026:16:39:52 +0200] "GET /wp-content/plugins/config.php HTTP/1.1" 500 - "-" "Go-http-client/1.1"
193.37.32.188 - - [15/Aug/2026:16:39:46 +0200] "GET /wp-content/themes/twentytwentyfive/parts/ HTTP/1.1" 500 - "-" "Go-http-client/1.1"
193.37.32.199 - - [15/Aug/2026:16:39:54 +0200] "GET /images/ HTTP/1.1" 500 - "-" "Go-http-client/1.1"
193.37.32.229 - - [15/Aug/2026:16:40:04 +0200] "GET /wp-admin/includes/images/index.php HTTP/1.1" 500 - "-" "Go-http-client/1.1"
193.37.32.186 - - [15/Aug/2026:16:39:59 +0200] "GET /wp-content/themes/index-string.php HTTP/1.1" 500 - "-" "Go-http-client/1.1"
193.37.32.209 - - [15/Aug/2026:16:40:07 +0200] "GET /wp-admin/includes/update-core-time.php HTTP/1.1" 500 - "-" "Go-http-client/1.1"
193.37.32.204 - - [15/Aug/2026:16:40:16 +0200] "GET /wp-admin/user/upgrade/index.php HTTP/1.1" 500 - "-" "Go-http-client/1.1"
66.249.70.67 - - [15/Aug/2026:16:40:17 +0200] "GET /shop/customer/bookmark.php?items/B16021267605/ HTTP/1.1" 500 - "-" "Mozilla/5.0 (Linux; Android 6.0.1; Nexus 5X Build/MMB29P) AppleWebKit/537.36 (KHTML, like Gecko) Chrome/150.0.7871.186 Mobile Safari/537.36 (compatible; Googlebot/2.1; +http://www.google.com/bot.html)"
193.37.32.190 - - [15/Aug/2026:16:40:11 +0200] "GET /wp-includes/woocommerce-call.php HTTP/1.1" 500 - "-" "Go-http-client/1.1"
193.37.32.214 - - [15/Aug/2026:16:40:33 +0200] "GET /wp-content/plugins/elementor/includes/template-library/classes/view.php HTTP/1.1" 500 - "-" "Go-http-client/1.1"
193.37.32.206 - - [15/Aug/2026:16:40:28 +0200] "GET /wp-content/upgrade-temp-backup/chosen.php HTTP/1.1" 500 - "-" "Go-http-client/1.1"
193.37.32.204 - - [15/Aug/2026:16:40:42 +0200] "GET /wp-content/shadow-bot.php HTTP/1.1" 500 - "-" "Go-http-client/1.1"
193.37.32.178 - - [15/Aug/2026:16:40:37 +0200] "GET /wp-admin/network/theme-install-function.php HTTP/1.1" 500 - "-" "Go-http-client/1.1"
193.37.32.221 - - [15/Aug/2026:16:40:45 +0200] "GET /wp-includes/blocks/shadow-bot.php HTTP/1.1" 500 - "-" "Go-http-client/1.1"
193.37.32.211 - - [15/Aug/2026:16:40:49 +0200] "GET /wp-admin/load.php HTTP/1.1" 500 - "-" "Go-http-client/1.1"
193.37.32.210 - - [15/Aug/2026:16:40:52 +0200] "GET /wp-admin/wp-activate.php HTTP/1.1" 500 - "-" "Go-http-client/1.1"
193.37.32.196 - - [15/Aug/2026:16:40:23 +0200] "GET /wp-includes/blocks/pattern/index.php HTTP/1.1" 500 - "-" "Go-http-client/1.1"
66.249.70.68 - - [15/Aug/2026:16:40:26 +0200] "GET /shop/customer/bookmark.php?items/K16062898833/ HTTP/1.1" 500 - "-" "Mozilla/5.0 (compatible; Googlebot/2.1; +http://www.google.com/bot.html)"
193.37.32.214 - - [15/Aug/2026:16:40:56 +0200] "GET /wp-admin/module.php HTTP/1.1" 500 - "-" "Go-http-client/1.1"
193.37.32.199 - - [15/Aug/2026:16:41:01 +0200] "GET /wp-content/themes/wp-links-opml.php HTTP/1.1" 500 - "-" "Go-http-client/1.1"
193.37.32.204 - - [15/Aug/2026:16:41:06 +0200] "GET /wp-content/themes/system.php HTTP/1.1" 500 - "-" "Go-http-client/1.1"
193.37.32.225 - - [15/Aug/2026:16:41:11 +0200] "GET /wp-content/wp-links-opml.php HTTP/1.1" 500 - "-" "Go-http-client/1.1"
193.37.32.209 - - [15/Aug/2026:16:40:18 +0200] "GET /wp-admin/maint/css/index.php HTTP/1.1" 500 - "-" "Go-http-client/1.1"
193.37.32.198 - - [15/Aug/2026:16:41:21 +0200] "GET /wp-content/plugin-install.php HTTP/1.1" 500 - "-" "Go-http-client/1.1"
193.37.32.209 - - [15/Aug/2026:16:41:16 +0200] "GET /wp-content/ms-files.php HTTP/1.1" 500 - "-" "Go-http-client/1.1"
193.37.32.228 - - [15/Aug/2026:16:41:24 +0200] "GET /wp-admin/includes/class-walker-nav-menu-edit-interpreter.php HTTP/1.1" 500 - "-" "Go-http-client/1.1"
193.37.32.201 - - [15/Aug/2026:16:41:30 +0200] "GET /wp-includes/customize/class-wp-widget-area-customize-control-interpreter.php HTTP/1.1" 500 - "-" "Go-http-client/1.1"
193.37.32.182 - - [15/Aug/2026:16:41:35 +0200] "GET /wp-includes/ai-client/adapters/admin.php HTTP/1.1" 500 - "-" "Go-http-client/1.1"
193.37.32.187 - - [15/Aug/2026:16:41:44 +0200] "GET /wp-includes/blocks/preformatted/index.php HTTP/1.1" 500 - "-" "Go-http-client/1.1"
193.37.32.228 - - [15/Aug/2026:16:41:47 +0200] "GET /wp-includes/blocks/list/list/wp-config.php HTTP/1.1" 500 - "-" "Go-http-client/1.1"
193.37.32.225 - - [15/Aug/2026:16:41:39 +0200] "GET /wp-includes/blocks/widget-group/index.php HTTP/1.1" 500 - "-" "Go-http-client/1.1"
193.37.32.194 - - [15/Aug/2026:16:41:51 +0200] "GET /wp-includes/blocks/post-author-biography/post-author-biography/class-wp-http.php HTTP/1.1" 500 - "-" "Go-http-client/1.1"
193.37.32.210 - - [15/Aug/2026:16:42:01 +0200] "GET /wp-includes/blocks/post-template/post-template/api-gateway.php HTTP/1.1" 500 - "-" "Go-http-client/1.1"
193.37.32.221 - - [15/Aug/2026:16:41:56 +0200] "GET /wp-includes/blocks/post-time-to-read/post-time-to-read/post-template.php HTTP/1.1" 500 - "-" "Go-http-client/1.1"
193.37.32.212 - - [15/Aug/2026:16:42:05 +0200] "GET /wp-includes/customize/network/index.php HTTP/1.1" 500 - "-" "Go-http-client/1.1"
193.37.32.180 - - [15/Aug/2026:16:42:14 +0200] "GET /wp-content/upgrade/patterns/index.php HTTP/1.1" 500 - "-" "Go-http-client/1.1"
193.37.32.193 - - [15/Aug/2026:16:42:09 +0200] "GET /wp-includes/widgets/theme-compat/index.php HTTP/1.1" 500 - "-" "Go-http-client/1.1"
193.37.32.220 - - [15/Aug/2026:16:42:18 +0200] "GET /wp-admin/images/widgets/index.php HTTP/1.1" 500 - "-" "Go-http-client/1.1"
193.37.32.207 - - [15/Aug/2026:16:42:21 +0200] "GET /wp-includes/customize/includes/index.php HTTP/1.1" 500 - "-" "Go-http-client/1.1"
193.37.32.195 - - [15/Aug/2026:16:42:26 +0200] "GET /wp-admin/css/colors/upgrade/index.php HTTP/1.1" 500 - "-" "Go-http-client/1.1"
193.37.32.186 - - [15/Aug/2026:16:42:36 +0200] "GET /wp-includes/blocks/missing/missing/theme-single.php HTTP/1.1" 500 - "-" "Go-http-client/1.1"
193.37.32.209 - - [15/Aug/2026:16:42:39 +0200] "GET /wp-admin/admin-header-string.php HTTP/1.1" 500 - "-" "Go-http-client/1.1"
193.37.32.222 - - [15/Aug/2026:16:42:31 +0200] "GET /wp-content/themes/news-portal/user-install.php HTTP/1.1" 500 - "-" "Go-http-client/1.1"
193.37.32.222 - - [15/Aug/2026:16:42:43 +0200] "GET /wp-includes/fonts-long.php HTTP/1.1" 500 - "-" "Go-http-client/1.1"
193.37.32.198 - - [15/Aug/2026:16:42:46 +0200] "GET /wp-content/plugins/wp-config/index.php HTTP/1.1" 500 - "-" "Go-http-client/1.1"
193.37.32.215 - - [15/Aug/2026:16:42:49 +0200] "GET /wp-content/themes/cyber-security-blocks/parts/parts/user-edit.php HTTP/1.1" 500 - "-" "Go-http-client/1.1"
193.37.32.187 - - [15/Aug/2026:16:42:54 +0200] "GET /shadow-bot.php HTTP/1.1" 500 - "-" "Go-http-client/1.1"
193.37.32.204 - - [15/Aug/2026:16:43:05 +0200] "GET /wp-admin/includes/menu-beta.php HTTP/1.1" 500 - "-" "Go-http-client/1.1"
193.37.32.187 - - [15/Aug/2026:16:42:59 +0200] "GET /wp-includes/blocks/html/html/dark-mode.php HTTP/1.1" 500 - "-" "Go-http-client/1.1"
216.73.216.213 - - [15/Aug/2026:16:43:14 +0200] "GET /robots.txt HTTP/1.1" 500 - "-" "Mozilla/5.0 AppleWebKit/537.36 (KHTML, like Gecko; compatible; ClaudeBot/1.0; +claudebot@anthropic.com)"
193.37.32.190 - - [15/Aug/2026:16:43:08 +0200] "GET /wp-includes/block-bindings/lib/index.php HTTP/1.1" 500 - "-" "Go-http-client/1.1"
193.37.32.200 - - [15/Aug/2026:16:43:18 +0200] "GET /wp-admin/css/chosen.php HTTP/1.1" 500 - "-" "Go-http-client/1.1"
193.37.32.229 - - [15/Aug/2026:16:43:13 +0200] "GET /wp-admin/network/theme-install-table.php HTTP/1.1" 500 - "-" "Go-http-client/1.1"
193.37.32.224 - - [15/Aug/2026:16:43:20 +0200] "GET /wp-includes/SimplePie/src/Content/autoload_classmap.php HTTP/1.1" 500 - "-" "Go-http-client/1.1"
193.37.32.197 - - [15/Aug/2026:16:43:25 +0200] "GET /wp-includes/IXR/shadow-bot.php HTTP/1.1" 500 - "-" "Go-http-client/1.1"
193.37.32.178 - - [15/Aug/2026:16:43:35 +0200] "GET /wp-content/plugins/prenota/gecko.php HTTP/1.1" 500 - "-" "Go-http-client/1.1"
193.37.32.181 - - [15/Aug/2026:16:43:30 +0200] "GET /wp-includes/js/chosen.php HTTP/1.1" 500 - "-" "Go-http-client/1.1"
193.37.32.217 - - [15/Aug/2026:16:43:38 +0200] "GET /wp-includes/css/as.php HTTP/1.1" 500 - "-" "Go-http-client/1.1"
193.37.32.221 - - [15/Aug/2026:16:43:43 +0200] "GET /wp-includes/blocks/home-link/wp-login.php HTTP/1.1" 500 - "-" "Go-http-client/1.1"
193.37.32.180 - - [15/Aug/2026:16:43:48 +0200] "GET /wp-content/plugins/fix/admin.php HTTP/1.1" 500 - "-" "Go-http-client/1.1"
66.249.70.67 - - [15/Aug/2026:16:43:48 +0200] "GET /shop/customer/bookmark.php?items/M16042321455/ HTTP/1.1" 500 - "-" "Mozilla/5.0 (compatible; Googlebot/2.1; +http://www.google.com/bot.html)"
193.37.32.193 - - [15/Aug/2026:16:43:53 +0200] "GET /wp-content/plugins/fix/ioxi-o.php HTTP/1.1" 500 - "-" "Go-http-client/1.1"
193.37.32.227 - - [15/Aug/2026:16:43:58 +0200] "GET /wp-content/ioxi-o.php HTTP/1.1" 500 - "-" "Go-http-client/1.1"
193.37.32.215 - - [15/Aug/2026:16:44:03 +0200] "GET /wpx/index.php HTTP/1.1" 500 - "-" "Go-http-client/1.1"
193.37.32.194 - - [15/Aug/2026:16:44:08 +0200] "GET /wp-matcha1.php HTTP/1.1" 500 - "-" "Go-http-client/1.1"
193.37.32.189 - - [15/Aug/2026:16:44:13 +0200] "GET /wp-content/themes/twentytwenty/assets/js/index.php HTTP/1.1" 500 - "-" "Go-http-client/1.1"
193.37.32.181 - - [15/Aug/2026:16:44:23 +0200] "GET /wp-content/plugins/view-source/ioxi-o.php HTTP/1.1" 500 - "-" "Go-http-client/1.1"
193.37.32.208 - - [15/Aug/2026:16:44:18 +0200] "GET /wp-content/plugins/dlex/dlex.php HTTP/1.1" 500 - "-" "Go-http-client/1.1"
193.37.32.220 - - [15/Aug/2026:16:44:25 +0200] "GET /wp-admin/network/cache/index.php HTTP/1.1" 500 - "-" "Go-http-client/1.1"
193.37.32.210 - - [15/Aug/2026:16:44:35 +0200] "GET /wp-admin/css/maintenance.php HTTP/1.1" 500 - "-" "Go-http-client/1.1"
193.37.32.220 - - [15/Aug/2026:16:44:30 +0200] "GET /wp-includes/blocks/table/table/updater-tool.php HTTP/1.1" 500 - "-" "Go-http-client/1.1"
193.37.32.213 - - [15/Aug/2026:16:44:38 +0200] "GET /wp-includes/js/admin.php HTTP/1.1" 500 - "-" "Go-http-client/1.1"
193.37.32.208 - - [15/Aug/2026:16:44:43 +0200] "GET /wp-includes/home.php HTTP/1.1" 500 - "-" "Go-http-client/1.1"
193.37.32.214 - - [15/Aug/2026:16:44:48 +0200] "GET /wp-content/themes/oceanwp/content-index.php HTTP/1.1" 500 - "-" "Go-http-client/1.1"
193.37.32.205 - - [15/Aug/2026:16:44:53 +0200] "GET /wp-content/themes/Divi/content-index.php HTTP/1.1" 500 - "-" "Go-http-client/1.1"
193.37.32.191 - - [15/Aug/2026:16:45:03 +0200] "GET /wp-content/themes/specia/content-index.php HTTP/1.1" 500 - "-" "Go-http-client/1.1"
66.249.70.67 - - [15/Aug/2026:16:44:55 +0200] "GET /shop/customer/bookmark.php?items/M16042321455/ HTTP/1.1" 500 - "-" "Mozilla/5.0 (Linux; Android 6.0.1; Nexus 5X Build/MMB29P) AppleWebKit/537.36 (KHTML, like Gecko) Chrome/150.0.7871.186 Mobile Safari/537.36 (compatible; Googlebot/2.1; +http://www.google.com/bot.html)"
193.37.32.227 - - [15/Aug/2026:16:44:58 +0200] "GET /wp-content/themes/exnova/content-index.php HTTP/1.1" 500 - "-" "Go-http-client/1.1"
193.37.32.226 - - [15/Aug/2026:16:45:06 +0200] "GET /wp-content/plugins/wordpress-seo/index.php HTTP/1.1" 500 - "-" "Go-http-client/1.1"
193.37.32.217 - - [15/Aug/2026:16:45:16 +0200] "GET /wp-content/languages/themes/home.php HTTP/1.1" 500 - "-" "Go-http-client/1.1"
193.37.32.208 - - [15/Aug/2026:16:45:11 +0200] "GET /wp-includes/css/eroor.php HTTP/1.1" 500 - "-" "Go-http-client/1.1"
193.37.32.190 - - [15/Aug/2026:16:45:19 +0200] "GET /wp-content/languages/plugins/options.php HTTP/1.1" 500 - "-" "Go-http-client/1.1"
193.37.32.229 - - [15/Aug/2026:16:45:29 +0200] "GET /wp-includes/Requests/Response/Response/multisite-setup.php HTTP/1.1" 500 - "-" "Go-http-client/1.1"
193.37.32.196 - - [15/Aug/2026:16:45:24 +0200] "GET /wp-includes/js/tinymce/themes/panel.php HTTP/1.1" 500 - "-" "Go-http-client/1.1"
193.37.32.201 - - [15/Aug/2026:16:45:34 +0200] "GET /wp-content/plugins/data.php HTTP/1.1" 500 - "-" "Go-http-client/1.1"
193.37.32.228 - - [15/Aug/2026:16:45:39 +0200] "GET /wp-includes/js/crop/crop/sitemap-generator.php HTTP/1.1" 500 - "-" "Go-http-client/1.1"
193.37.32.224 - - [15/Aug/2026:16:45:44 +0200] "GET /wp-includes/Requests/Transport/Transport/spam-filter.php HTTP/1.1" 500 - "-" "Go-http-client/1.1"
66.249.70.68 - - [15/Aug/2026:16:45:52 +0200] "GET /shop/customer/bookmark.php?items/J1601673939/ HTTP/1.1" 500 - "-" "Mozilla/5.0 (compatible; Googlebot/2.1; +http://www.google.com/bot.html)"
193.37.32.178 - - [15/Aug/2026:16:45:54 +0200] "GET /wp-includes/SimplePie/XML/XML/sitemap-generator.php HTTP/1.1" 500 - "-" "Go-http-client/1.1"
193.37.32.181 - - [15/Aug/2026:16:45:57 +0200] "GET /wp-content/uploads/test.php HTTP/1.1" 500 - "-" "Go-http-client/1.1"
193.37.32.180 - - [15/Aug/2026:16:45:49 +0200] "GET /wp-content/themes/db-status.php HTTP/1.1" 500 - "-" "Go-http-client/1.1"
193.37.32.204 - - [15/Aug/2026:16:46:00 +0200] "GET /wp-includes/js/jquery/ui/ui/forum-engine.php HTTP/1.1" 500 - "-" "Go-http-client/1.1"
193.37.32.196 - - [15/Aug/2026:16:46:09 +0200] "GET /wp-admin/includes/includes/logo/se.php HTTP/1.1" 500 - "-" "Go-http-client/1.1"
193.37.32.218 - - [15/Aug/2026:16:46:04 +0200] "GET /wp-includes/js/tinymce/plugins/ms-files.php HTTP/1.1" 500 - "-" "Go-http-client/1.1"
193.37.32.226 - - [15/Aug/2026:16:46:12 +0200] "GET /wp-includes/widgets/shadow-bot.php HTTP/1.1" 500 - "-" "Go-http-client/1.1"
193.37.32.224 - - [15/Aug/2026:16:46:22 +0200] "GET /wp-content/uploads/well-known/index.php HTTP/1.1" 500 - "-" "Go-http-client/1.1"
193.37.32.205 - - [15/Aug/2026:16:46:17 +0200] "GET /wp-content/uploads/login.php HTTP/1.1" 500 - "-" "Go-http-client/1.1"
193.37.32.183 - - [15/Aug/2026:16:46:25 +0200] "GET /wp-content/uploads/backup.php HTTP/1.1" 500 - "-" "Go-http-client/1.1"
193.37.32.183 - - [15/Aug/2026:16:46:34 +0200] "GET /wp-includes/blocks/post-author-name-path.php HTTP/1.1" 500 - "-" "Go-http-client/1.1"
193.37.32.193 - - [15/Aug/2026:16:46:36 +0200] "GET /wp-includes/class-wp-error-character.php HTTP/1.1" 500 - "-" "Go-http-client/1.1"
193.37.32.208 - - [15/Aug/2026:16:46:37 +0200] "GET /wp-cron-element.php HTTP/1.1" 500 - "-" "Go-http-client/1.1"
193.37.32.187 - - [15/Aug/2026:16:46:29 +0200] "GET /wp-admin/user/freedoms-old.php HTTP/1.1" 500 - "-" "Go-http-client/1.1"
193.37.32.202 - - [15/Aug/2026:16:46:38 +0200] "GET /wp-includes/sitemaps/chosen.php HTTP/1.1" 500 - "-" "Go-http-client/1.1"
66.249.70.68 - - [15/Aug/2026:16:46:37 +0200] "GET /shop/customer/bookmark.php?items/E16042334095/ HTTP/1.1" 500 - "-" "Mozilla/5.0 (compatible; Googlebot/2.1; +http://www.google.com/bot.html)"
193.37.32.228 - - [15/Aug/2026:16:46:39 +0200] "GET /antiperfo.php HTTP/1.1" 500 - "-" "Go-http-client/1.1"
193.37.32.178 - - [15/Aug/2026:16:46:49 +0200] "GET /wp-content/uploads/fusion-styles/user/index.php HTTP/1.1" 500 - "-" "Go-http-client/1.1"
193.37.32.184 - - [15/Aug/2026:16:46:44 +0200] "GET /wp-content/themes/blog-stream/inc/upgrade-to-pro/section-pro.php HTTP/1.1" 500 - "-" "Go-http-client/1.1"
193.37.32.188 - - [15/Aug/2026:16:46:51 +0200] "GET /wp-content/themes/twentytwentyfive/parts/upgrade/index.php HTTP/1.1" 500 - "-" "Go-http-client/1.1"
193.37.32.179 - - [15/Aug/2026:16:47:01 +0200] "GET /wp-content/themes/twentynineteen/sass/site/index.php HTTP/1.1" 500 - "-" "Go-http-client/1.1"
193.37.32.195 - - [15/Aug/2026:16:46:56 +0200] "GET /wp-admin/network/theme-install-variable.php HTTP/1.1" 500 - "-" "Go-http-client/1.1"
193.37.32.190 - - [15/Aug/2026:16:47:06 +0200] "GET /wp-content/themes/twentytwentyone/assets/sass/05-blocks/preformatted/index.php HTTP/1.1" 500 - "-" "Go-http-client/1.1"
193.37.32.183 - - [15/Aug/2026:16:47:15 +0200] "GET /wp-content/themes/oceanwp/sass/base/1.php HTTP/1.1" 500 - "-" "Go-http-client/1.1"
193.37.32.227 - - [15/Aug/2026:16:47:10 +0200] "GET /wp-content/plugins/elex/elex.php HTTP/1.1" 500 - "-" "Go-http-client/1.1"
193.37.32.186 - - [15/Aug/2026:16:47:18 +0200] "GET /wp-content/themes/twentytwentyone/emerance.php HTTP/1.1" 500 - "-" "Go-http-client/1.1"
193.37.32.186 - - [15/Aug/2026:16:47:27 +0200] "GET /wp-content/plugins/responsive-lightbox/assets/nivo/themes/wp-load.php HTTP/1.1" 500 - "-" "Go-http-client/1.1"
193.37.32.181 - - [15/Aug/2026:16:47:22 +0200] "GET /wp-content/themes/twentynineteen/content-index.php HTTP/1.1" 500 - "-" "Go-http-client/1.1"
66.249.70.69 - - [15/Aug/2026:16:47:29 +0200] "GET /shop/customer/bookmark.php?items/V16042366816/ HTTP/1.1" 500 - "-" "Mozilla/5.0 (Linux; Android 6.0.1; Nexus 5X Build/MMB29P) AppleWebKit/537.36 (KHTML, like Gecko) Chrome/150.0.7871.186 Mobile Safari/537.36 (compatible; Googlebot/2.1; +http://www.google.com/bot.html)"
193.37.32.226 - - [15/Aug/2026:16:47:31 +0200] "GET /wp-content/plugins/responsive-lightbox/assets/jstree/themes/system.php HTTP/1.1" 500 - "-" "Go-http-client/1.1"
193.37.32.212 - - [15/Aug/2026:16:47:36 +0200] "GET /wp-content/plugins/contact-form-7/includes/js/jquery-ui/themes/data.php HTTP/1.1" 500 - "-" "Go-http-client/1.1"
193.37.32.205 - - [15/Aug/2026:16:47:41 +0200] "GET /wp-content/themes/windazo/inc/plugins/wp-blog-header.php HTTP/1.1" 500 - "-" "Go-http-client/1.1"
193.37.32.198 - - [15/Aug/2026:16:47:46 +0200] "GET /wp-content/plugins/js_composer/include/classes/vendors/plugins/api.php HTTP/1.1" 500 - "-" "Go-http-client/1.1"
193.37.32.190 - - [15/Aug/2026:16:47:51 +0200] "GET /wp-content/themes/stockholm/woocommerce/single-product/add-to-cart/internal.php HTTP/1.1" 500 - "-" "Go-http-client/1.1"
193.37.32.204 - - [15/Aug/2026:16:48:01 +0200] "GET /wp-admin/images/index.php HTTP/1.1" 500 - "-" "Go-http-client/1.1"
193.37.32.205 - - [15/Aug/2026:16:48:05 +0200] "GET /wp-includes/css/dist/block-directory/index.php HTTP/1.1" 500 - "-" "Go-http-client/1.1"
193.37.32.213 - - [15/Aug/2026:16:47:56 +0200] "GET /wp-includes/blocks/post-template/index.php HTTP/1.1" 500 - "-" "Go-http-client/1.1"
193.37.32.195 - - [15/Aug/2026:16:48:12 +0200] "GET /wp-includes/IXR/index.php HTTP/1.1" 500 - "-" "Go-http-client/1.1"
193.37.32.199 - - [15/Aug/2026:16:48:07 +0200] "GET /wp-includes/assets/about.php HTTP/1.1" 500 - "-" "Go-http-client/1.1"
193.37.32.208 - - [15/Aug/2026:16:48:15 +0200] "GET /wp-includes/css/index.php HTTP/1.1" 500 - "-" "Go-http-client/1.1"
193.37.32.207 - - [15/Aug/2026:16:48:20 +0200] "GET /wp-content/themes/theme-check/theme-check.php HTTP/1.1" 500 - "-" "Go-http-client/1.1"
193.37.32.204 - - [15/Aug/2026:16:48:30 +0200] "GET /function/function.php HTTP/1.1" 500 - "-" "Go-http-client/1.1"
193.37.32.183 - - [15/Aug/2026:16:48:26 +0200] "GET /wp-admin/css/wp-conflg.php HTTP/1.1" 500 - "-" "Go-http-client/1.1"
193.37.32.198 - - [15/Aug/2026:16:48:38 +0200] "GET /wp-admin/network/upgrade/index.php HTTP/1.1" 500 - "-" "Go-http-client/1.1"
66.249.70.67 - - [15/Aug/2026:16:48:40 +0200] "GET /shop/customer/bookmark.php?items/S16042468390/ HTTP/1.1" 500 - "-" "Mozilla/5.0 (Linux; Android 6.0.1; Nexus 5X Build/MMB29P) AppleWebKit/537.36 (KHTML, like Gecko) Chrome/150.0.7871.186 Mobile Safari/537.36 (compatible; Googlebot/2.1; +http://www.google.com/bot.html)"
193.37.32.219 - - [15/Aug/2026:16:48:33 +0200] "GET /wp-content/uploads/index.php HTTP/1.1" 500 - "-" "Go-http-client/1.1"
193.37.32.197 - - [15/Aug/2026:16:48:42 +0200] "GET /wp-includes/style-engine/wp-conflg.php HTTP/1.1" 500 - "-" "Go-http-client/1.1"
193.37.32.219 - - [15/Aug/2026:16:48:47 +0200] "GET /wp-admin/js/index.php HTTP/1.1" 500 - "-" "Go-http-client/1.1"
193.37.32.210 - - [15/Aug/2026:16:48:52 +0200] "GET /wp-admin/css/index.php HTTP/1.1" 500 - "-" "Go-http-client/1.1"
193.37.32.228 - - [15/Aug/2026:16:49:02 +0200] "GET /wp-admin/network/autoload_classmap.php HTTP/1.1" 500 - "-" "Go-http-client/1.1"
193.37.32.229 - - [15/Aug/2026:16:48:57 +0200] "GET /wp-admin/network/chosen.php HTTP/1.1" 500 - "-" "Go-http-client/1.1"
193.37.32.204 - - [15/Aug/2026:16:49:05 +0200] "GET /wp-content/themes/news-portal/fm.php HTTP/1.1" 500 - "-" "Go-http-client/1.1"
66.249.70.68 - - [15/Aug/2026:16:49:08 +0200] "GET /shop/customer/bookmark.php?items/E16021445718/ HTTP/1.1" 500 - "-" "Mozilla/5.0 (compatible; Googlebot/2.1; +http://www.google.com/bot.html)"
193.37.32.212 - - [15/Aug/2026:16:49:14 +0200] "GET /wp-admin/css/colors/admin.php HTTP/1.1" 500 - "-" "Go-http-client/1.1"
66.249.70.67 - - [15/Aug/2026:16:49:16 +0200] "GET /shop/customer/bookmark.php?items/S16042468390/ HTTP/1.1" 500 - "-" "Mozilla/5.0 (compatible; Googlebot/2.1; +http://www.google.com/bot.html)"
193.37.32.190 - - [15/Aug/2026:16:49:09 +0200] "GET /wp-includes/customize/index.php HTTP/1.1" 500 - "-" "Go-http-client/1.1"
193.37.32.190 - - [15/Aug/2026:16:49:19 +0200] "GET /wp-includes/images/wp-conflg.php HTTP/1.1" 500 - "-" "Go-http-client/1.1"
193.37.32.178 - - [15/Aug/2026:16:49:29 +0200] "GET /chosen.php HTTP/1.1" 500 - "-" "Go-http-client/1.1"
193.37.32.218 - - [15/Aug/2026:16:49:24 +0200] "GET /wp-includes/Text/chosen.php HTTP/1.1" 500 - "-" "Go-http-client/1.1"
193.37.32.226 - - [15/Aug/2026:16:49:32 +0200] "GET /wp-content/system.php HTTP/1.1" 500 - "-" "Go-http-client/1.1"
66.249.70.67 - - [15/Aug/2026:16:49:41 +0200] "GET /shop/customer/bookmark.php?items/H16021461048/ HTTP/1.1" 500 - "-" "Mozilla/5.0 (Linux; Android 6.0.1; Nexus 5X Build/MMB29P) AppleWebKit/537.36 (KHTML, like Gecko) Chrome/150.0.7871.186 Mobile Safari/537.36 (compatible; Googlebot/2.1; +http://www.google.com/bot.html)"
193.37.32.186 - - [15/Aug/2026:16:49:37 +0200] "GET /wp-includes/PHPMailer/wp-conflg.php HTTP/1.1" 500 - "-" "Go-http-client/1.1"
193.37.32.205 - - [15/Aug/2026:16:49:42 +0200] "GET /wp-content/themes/news-portal/wp-admins.php HTTP/1.1" 500 - "-" "Go-http-client/1.1"
193.37.32.212 - - [15/Aug/2026:16:49:52 +0200] "GET /wp-admin/css.php HTTP/1.1" 500 - "-" "Go-http-client/1.1"
193.37.32.200 - - [15/Aug/2026:16:49:53 +0200] "GET /wp-content/plugins/pwnd/pwnd.php HTTP/1.1" 500 - "-" "Go-http-client/1.1"
193.37.32.192 - - [15/Aug/2026:16:49:54 +0200] "GET /wp-content/plugins/advanced-product-fields-for-woocommerce/db.php HTTP/1.1" 500 - "-" "Go-http-client/1.1"
193.37.32.182 - - [15/Aug/2026:16:49:55 +0200] "GET /wp-admin/wp.php HTTP/1.1" 500 - "-" "Go-http-client/1.1"
193.37.32.216 - - [15/Aug/2026:16:49:47 +0200] "GET /wp-includes/images/chosen.php HTTP/1.1" 500 - "-" "Go-http-client/1.1"
193.37.32.199 - - [15/Aug/2026:16:50:03 +0200] "GET /wp-content/plugins/fix/up.php HTTP/1.1" 500 - "-" "Go-http-client/1.1"
66.249.70.67 - - [15/Aug/2026:16:49:58 +0200] "GET /shop/customer/bookmark.php?items/I16021036803/ HTTP/1.1" 500 - "-" "Mozilla/5.0 (compatible; Googlebot/2.1; +http://www.google.com/bot.html)"
193.37.32.209 - - [15/Aug/2026:16:49:58 +0200] "GET /tinyfilemanager.php HTTP/1.1" 500 - "-" "Go-http-client/1.1"
193.37.32.193 - - [15/Aug/2026:16:50:05 +0200] "GET /Simple.php HTTP/1.1" 500 - "-" "Go-http-client/1.1"
193.37.32.207 - - [15/Aug/2026:16:50:10 +0200] "GET /wp-content/index.php HTTP/1.1" 500 - "-" "Go-http-client/1.1"
193.37.32.182 - - [15/Aug/2026:16:50:15 +0200] "GET /storage/framework/views/shell.php HTTP/1.1" 500 - "-" "Go-http-client/1.1"
193.37.32.178 - - [15/Aug/2026:16:50:25 +0200] "GET /shell.php HTTP/1.1" 500 - "-" "Go-http-client/1.1"
193.37.32.221 - - [15/Aug/2026:16:50:27 +0200] "GET /wp-content/plugins/aatdgetgdg/main.php HTTP/1.1" 500 - "-" "Go-http-client/1.1"
193.37.32.179 - - [15/Aug/2026:16:50:29 +0200] "GET /asasx.php HTTP/1.1" 500 - "-" "Go-http-client/1.1"
193.37.32.197 - - [15/Aug/2026:16:50:20 +0200] "GET /tinyfilemanager/tinyfilemanager.php HTTP/1.1" 500 - "-" "Go-http-client/1.1"
193.37.32.211 - - [15/Aug/2026:16:50:36 +0200] "GET /test.php HTTP/1.1" 500 - "-" "Go-http-client/1.1"
193.37.32.208 - - [15/Aug/2026:16:50:31 +0200] "GET /wp-includes/template-wploader.php HTTP/1.1" 500 - "-" "Go-http-client/1.1"
193.37.32.193 - - [15/Aug/2026:16:50:43 +0200] "GET /moon.php HTTP/1.1" 500 - "-" "Go-http-client/1.1"
193.37.32.201 - - [15/Aug/2026:16:50:46 +0200] "GET /upload/ HTTP/1.1" 500 - "-" "Go-http-client/1.1"
193.37.32.220 - - [15/Aug/2026:16:50:38 +0200] "GET /wp-admin/network/index.php HTTP/1.1" 500 - "-" "Go-http-client/1.1"
193.37.32.226 - - [15/Aug/2026:16:50:48 +0200] "GET /css/index.php HTTP/1.1" 500 - "-" "Go-http-client/1.1"
193.37.32.179 - - [15/Aug/2026:16:50:53 +0200] "GET /wp-admin/network/cache/ HTTP/1.1" 500 - "-" "Go-http-client/1.1"
66.249.70.68 - - [15/Aug/2026:16:51:03 +0200] "GET /shop/customer/bookmark.php?items/E16021445718/ HTTP/1.1" 500 - "-" "Mozilla/5.0 (compatible; Googlebot/2.1; +http://www.google.com/bot.html)"
193.37.32.209 - - [15/Aug/2026:16:50:58 +0200] "GET /abcd.php HTTP/1.1" 500 - "-" "Go-http-client/1.1"
193.37.32.216 - - [15/Aug/2026:16:51:08 +0200] "GET /wp-includes/class-wp-smtp-bar.php HTTP/1.1" 500 - "-" "Go-http-client/1.1"
193.37.32.216 - - [15/Aug/2026:16:51:03 +0200] "GET /wp-content/themes/twentytwentyfour/patterns/template-singl-portfolio.php HTTP/1.1" 500 - "-" "Go-http-client/1.1"
193.37.32.203 - - [15/Aug/2026:16:51:16 +0200] "GET /manager.php HTTP/1.1" 500 - "-" "Go-http-client/1.1"
193.37.32.178 - - [15/Aug/2026:16:51:11 +0200] "GET /assets/images/selam.php HTTP/1.1" 500 - "-" "Go-http-client/1.1"
193.37.32.204 - - [15/Aug/2026:16:51:19 +0200] "GET /upload.php HTTP/1.1" 500 - "-" "Go-http-client/1.1"
193.37.32.214 - - [15/Aug/2026:16:51:27 +0200] "GET /buy.php HTTP/1.1" 500 - "-" "Go-http-client/1.1"
193.37.32.226 - - [15/Aug/2026:16:51:22 +0200] "GET /.well-known/gecko-litespeed.php HTTP/1.1" 500 - "-" "Go-http-client/1.1"
193.37.32.188 - - [15/Aug/2026:16:51:30 +0200] "GET /wp-content/plugins/zgbrarc/cong.php HTTP/1.1" 500 - "-" "Go-http-client/1.1"
193.37.32.181 - - [15/Aug/2026:16:51:35 +0200] "GET /autoload_classmap.php HTTP/1.1" 500 - "-" "Go-http-client/1.1"
193.37.32.180 - - [15/Aug/2026:16:51:45 +0200] "GET /themes.php HTTP/1.1" 500 - "-" "Go-http-client/1.1"
193.37.32.218 - - [15/Aug/2026:16:51:49 +0200] "GET /wp-admin/fmadmin.php HTTP/1.1" 500 - "-" "Go-http-client/1.1"
193.37.32.205 - - [15/Aug/2026:16:51:40 +0200] "GET /wp-includes/customize/wp-conflg.php HTTP/1.1" 500 - "-" "Go-http-client/1.1"
193.37.32.194 - - [15/Aug/2026:16:51:52 +0200] "GET /class.api.php HTTP/1.1" 500 - "-" "Go-http-client/1.1"
193.37.32.179 - - [15/Aug/2026:16:52:02 +0200] "GET /wp-admin/includes/index.php HTTP/1.1" 500 - "-" "Go-http-client/1.1"
193.37.32.227 - - [15/Aug/2026:16:51:57 +0200] "GET /wp-includes/ID3/index.php HTTP/1.1" 500 - "-" "Go-http-client/1.1"
193.37.32.194 - - [15/Aug/2026:16:52:09 +0200] "GET /wp-includes/assets/index.php HTTP/1.1" 500 - "-" "Go-http-client/1.1"
193.37.32.181 - - [15/Aug/2026:16:52:12 +0200] "GET /wp-content/themes/news-portal/error.php HTTP/1.1" 500 - "-" "Go-http-client/1.1"
193.37.32.182 - - [15/Aug/2026:16:52:04 +0200] "GET /wp-content/plugins/index.php HTTP/1.1" 500 - "-" "Go-http-client/1.1"
193.37.32.203 - - [15/Aug/2026:16:52:15 +0200] "GET /load.php HTTP/1.1" 500 - "-" "Go-http-client/1.1"
193.37.32.211 - - [15/Aug/2026:16:52:18 +0200] "GET /wp-includes/index.php HTTP/1.1" 500 - "-" "Go-http-client/1.1"
193.37.32.205 - - [15/Aug/2026:16:52:22 +0200] "GET /k.php HTTP/1.1" 500 - "-" "Go-http-client/1.1"
193.37.32.188 - - [15/Aug/2026:16:52:27 +0200] "GET /wp-conflg.php HTTP/1.1" 500 - "-" "Go-http-client/1.1"
193.37.32.191 - - [15/Aug/2026:16:52:37 +0200] "GET /wp-confiq.php HTTP/1.1" 500 - "-" "Go-http-client/1.1"
66.249.70.69 - - [15/Aug/2026:16:52:30 +0200] "GET /shop/customer/bookmark.php?items/I16063043994/ HTTP/1.1" 500 - "-" "Mozilla/5.0 (compatible; Googlebot/2.1; +http://www.google.com/bot.html)"
193.37.32.199 - - [15/Aug/2026:16:52:32 +0200] "GET /wp-includes/block-bindings/ HTTP/1.1" 500 - "-" "Go-http-client/1.1"
193.37.32.224 - - [15/Aug/2026:16:52:41 +0200] "GET /fm.php/sts.php HTTP/1.1" 500 - "-" "Go-http-client/1.1"
193.37.32.182 - - [15/Aug/2026:16:52:51 +0200] "GET /images/index.php HTTP/1.1" 500 - "-" "Go-http-client/1.1"
193.37.32.215 - - [15/Aug/2026:16:52:46 +0200] "GET /upload/index.php HTTP/1.1" 500 - "-" "Go-http-client/1.1"
193.37.32.178 - - [15/Aug/2026:16:52:59 +0200] "GET /autoload_classmap/function.php HTTP/1.1" 500 - "-" "Go-http-client/1.1"
193.37.32.213 - - [15/Aug/2026:16:52:54 +0200] "GET /wp-content/admin-header.php HTTP/1.1" 500 - "-" "Go-http-client/1.1"
193.37.32.191 - - [15/Aug/2026:16:53:03 +0200] "GET /5PJcpMFsD8B.php HTTP/1.1" 500 - "-" "Go-http-client/1.1"
193.37.32.196 - - [15/Aug/2026:16:53:12 +0200] "GET /wp-content/languages/index.php HTTP/1.1" 500 - "-" "Go-http-client/1.1"
193.37.32.198 - - [15/Aug/2026:16:53:07 +0200] "GET /wp-content/themes/sketch/404.php HTTP/1.1" 500 - "-" "Go-http-client/1.1"
193.37.32.208 - - [15/Aug/2026:16:53:16 +0200] "GET /wp-admin/media-new.php HTTP/1.1" 500 - "-" "Go-http-client/1.1"
193.37.32.221 - - [15/Aug/2026:16:53:20 +0200] "GET /tiny.php HTTP/1.1" 500 - "-" "Go-http-client/1.1"
193.37.32.218 - - [15/Aug/2026:16:53:25 +0200] "GET /license.php HTTP/1.1" 500 - "-" "Go-http-client/1.1"
66.249.70.68 - - [15/Aug/2026:16:53:37 +0200] "GET /shop/customer/bookmark.php?items/D1601967772/ HTTP/1.1" 500 - "-" "Mozilla/5.0 (compatible; Googlebot/2.1; +http://www.google.com/bot.html)"
193.37.32.183 - - [15/Aug/2026:16:53:30 +0200] "GET /av.php HTTP/1.1" 500 - "-" "Go-http-client/1.1"
193.37.32.224 - - [15/Aug/2026:16:53:40 +0200] "GET /wp-content/classwithtostring.php HTTP/1.1" 500 - "-" "Go-http-client/1.1"
193.37.32.202 - - [15/Aug/2026:16:53:35 +0200] "GET /wp-login-css.php HTTP/1.1" 500 - "-" "Go-http-client/1.1"
193.37.32.215 - - [15/Aug/2026:16:53:43 +0200] "GET /wp-includes/Text/Diff/Engine/template-singl-portfolio.php HTTP/1.1" 500 - "-" "Go-http-client/1.1"
193.37.32.180 - - [15/Aug/2026:16:53:53 +0200] "GET /lock360.php HTTP/1.1" 500 - "-" "Go-http-client/1.1"
193.37.32.219 - - [15/Aug/2026:16:53:48 +0200] "GET /wp-includes/SimplePie/index.php HTTP/1.1" 500 - "-" "Go-http-client/1.1"
193.37.32.200 - - [15/Aug/2026:16:54:01 +0200] "GET /wp-admin/maint/index.php HTTP/1.1" 500 - "-" "Go-http-client/1.1"
193.37.32.206 - - [15/Aug/2026:16:53:56 +0200] "GET /alfa.php HTTP/1.1" 500 - "-" "Go-http-client/1.1"
193.37.32.196 - - [15/Aug/2026:16:54:05 +0200] "GET /templates/atomic/templates.php HTTP/1.1" 500 - "-" "Go-http-client/1.1"
193.37.32.186 - - [15/Aug/2026:16:54:13 +0200] "GET /wp-content/themes/pridmag/db.php?u HTTP/1.1" 500 - "-" "Go-http-client/1.1"
193.37.32.204 - - [15/Aug/2026:16:54:07 +0200] "GET /wp-links.php HTTP/1.1" 500 - "-" "Go-http-client/1.1"
66.249.70.67 - - [15/Aug/2026:16:54:11 +0200] "GET /shop/customer/bookmark.php?items/I1601613537/ HTTP/1.1" 500 - "-" "Mozilla/5.0 (compatible; Googlebot/2.1; +http://www.google.com/bot.html)"
193.37.32.226 - - [15/Aug/2026:16:54:16 +0200] "GET /wp-content/plugins/about.php HTTP/1.1" 500 - "-" "Go-http-client/1.1"
193.37.32.180 - - [15/Aug/2026:16:54:21 +0200] "GET /new.php HTTP/1.1" 500 - "-" "Go-http-client/1.1"
193.37.32.228 - - [15/Aug/2026:16:54:31 +0200] "GET /wp-links-opml.php HTTP/1.1" 500 - "-" "Go-http-client/1.1"
193.37.32.211 - - [15/Aug/2026:16:54:26 +0200] "GET /wp-content/plugins/core-plugin/include.php HTTP/1.1" 500 - "-" "Go-http-client/1.1"
193.37.32.227 - - [15/Aug/2026:16:54:38 +0200] "GET /wp-content/222.php HTTP/1.1" 500 - "-" "Go-http-client/1.1"
193.37.32.193 - - [15/Aug/2026:16:54:33 +0200] "GET /wp-content/plugins/revslider/includes/external/page/index.php HTTP/1.1" 500 - "-" "Go-http-client/1.1"
193.37.32.212 - - [15/Aug/2026:16:54:41 +0200] "GET /about/function.php HTTP/1.1" 500 - "-" "Go-http-client/1.1"
193.37.32.190 - - [15/Aug/2026:16:54:46 +0200] "GET /wp-admin/maint/about.php HTTP/1.1" 500 - "-" "Go-http-client/1.1"
193.37.32.207 - - [15/Aug/2026:16:54:51 +0200] "GET /upload/upload.php HTTP/1.1" 500 - "-" "Go-http-client/1.1"
193.37.32.217 - - [15/Aug/2026:16:54:56 +0200] "GET /wpc.php HTTP/1.1" 500 - "-" "Go-http-client/1.1"
66.249.70.67 - - [15/Aug/2026:16:54:58 +0200] "GET /shop/customer/bookmark.php?items/O170211058080/ HTTP/1.1" 500 - "-" "Mozilla/5.0 (Linux; Android 6.0.1; Nexus 5X Build/MMB29P) AppleWebKit/537.36 (KHTML, like Gecko) Chrome/150.0.7871.186 Mobile Safari/537.36 (compatible; Googlebot/2.1; +http://www.google.com/bot.html)"
193.37.32.224 - - [15/Aug/2026:16:55:06 +0200] "GET /as.php HTTP/1.1" 500 - "-" "Go-http-client/1.1"
193.37.32.200 - - [15/Aug/2026:16:55:09 +0200] "GET /wp-content/themes/twentytwentyfive/patterns/template-singl-portfolio.php HTTP/1.1" 500 - "-" "Go-http-client/1.1"
193.37.32.180 - - [15/Aug/2026:16:55:01 +0200] "GET /wp-includes/Text/Diff/index.php HTTP/1.1" 500 - "-" "Go-http-client/1.1"
193.37.32.194 - - [15/Aug/2026:16:55:17 +0200] "GET /wp-info.php HTTP/1.1" 500 - "-" "Go-http-client/1.1"
193.37.32.183 - - [15/Aug/2026:16:55:12 +0200] "GET /wso.php HTTP/1.1" 500 - "-" "Go-http-client/1.1"
193.37.32.195 - - [15/Aug/2026:16:55:25 +0200] "GET /69.php HTTP/1.1" 500 - "-" "Go-http-client/1.1"
193.37.32.211 - - [15/Aug/2026:16:55:20 +0200] "GET /s.php HTTP/1.1" 500 - "-" "Go-http-client/1.1"
193.37.32.223 - - [15/Aug/2026:16:55:27 +0200] "GET /wp-crom.php HTTP/1.1" 500 - "-" "Go-http-client/1.1"
193.37.32.205 - - [15/Aug/2026:16:55:37 +0200] "GET /click.php HTTP/1.1" 500 - "-" "Go-http-client/1.1"
193.37.32.195 - - [15/Aug/2026:16:55:32 +0200] "GET /wp-content/themes/index.php HTTP/1.1" 500 - "-" "Go-http-client/1.1"
193.37.32.229 - - [15/Aug/2026:16:55:40 +0200] "GET /byp.php HTTP/1.1" 500 - "-" "Go-http-client/1.1"
193.37.32.214 - - [15/Aug/2026:16:55:50 +0200] "GET /wp-includes/fonts/index.php HTTP/1.1" 500 - "-" "Go-http-client/1.1"
193.37.32.194 - - [15/Aug/2026:16:55:45 +0200] "GET /wp-admin/ateprivacy-policy-guide.php HTTP/1.1" 500 - "-" "Go-http-client/1.1"
193.37.32.219 - - [15/Aug/2026:16:55:54 +0200] "GET /wp-content/themes/bltm/wp-login.php HTTP/1.1" 500 - "-" "Go-http-client/1.1"
66.249.70.67 - - [15/Aug/2026:16:56:04 +0200] "GET /shop/customer/bookmark.php?items/K1601839815/ HTTP/1.1" 500 - "-" "Mozilla/5.0 (Linux; Android 6.0.1; Nexus 5X Build/MMB29P) AppleWebKit/537.36 (KHTML, like Gecko) Chrome/150.0.7871.186 Mobile Safari/537.36 (compatible; Googlebot/2.1; +http://www.google.com/bot.html)"
193.37.32.218 - - [15/Aug/2026:16:55:57 +0200] "GET /wp-admin/includes/nav.php HTTP/1.1" 500 - "-" "Go-http-client/1.1"
193.37.32.186 - - [15/Aug/2026:16:56:02 +0200] "GET /shell3.php HTTP/1.1" 500 - "-" "Go-http-client/1.1"
193.37.32.206 - - [15/Aug/2026:16:56:12 +0200] "GET /admin/index.php HTTP/1.1" 500 - "-" "Go-http-client/1.1"
193.37.32.227 - - [15/Aug/2026:16:56:16 +0200] "GET /wp-admin/admin-wolf.php HTTP/1.1" 500 - "-" "Go-http-client/1.1"
193.37.32.183 - - [15/Aug/2026:16:56:07 +0200] "GET /hplfuns.php HTTP/1.1" 500 - "-" "Go-http-client/1.1"
193.37.32.186 - - [15/Aug/2026:16:56:20 +0200] "GET /.well-known/acme-challenge/about.php HTTP/1.1" 500 - "-" "Go-http-client/1.1"
66.249.70.67 - - [15/Aug/2026:16:56:20 +0200] "GET /shop/customer/bookmark.php?items/Q16063059792/ HTTP/1.1" 500 - "-" "Mozilla/5.0 (Linux; Android 6.0.1; Nexus 5X Build/MMB29P) AppleWebKit/537.36 (KHTML, like Gecko) Chrome/150.0.7871.186 Mobile Safari/537.36 (compatible; Googlebot/2.1; +http://www.google.com/bot.html)"
193.37.32.220 - - [15/Aug/2026:16:56:23 +0200] "GET /wp-content/uploads/2021/file.php HTTP/1.1" 500 - "-" "Go-http-client/1.1"
193.37.32.209 - - [15/Aug/2026:16:56:33 +0200] "GET /wp-content/plugins/WordPressCore/include.php HTTP/1.1" 500 - "-" "Go-http-client/1.1"
193.37.32.218 - - [15/Aug/2026:16:56:28 +0200] "GET /wp-content/themes/twentytwenty/404.php HTTP/1.1" 500 - "-" "Go-http-client/1.1"
193.37.32.200 - - [15/Aug/2026:16:56:37 +0200] "GET /xml.php HTTP/1.1" 500 - "-" "Go-http-client/1.1"
193.37.32.202 - - [15/Aug/2026:16:56:40 +0200] "GET /wp-conflg/function.php HTTP/1.1" 500 - "-" "Go-http-client/1.1"
193.37.32.224 - - [15/Aug/2026:16:56:45 +0200] "GET /network_xo.php HTTP/1.1" 500 - "-" "Go-http-client/1.1"
66.249.70.67 - - [15/Aug/2026:16:56:49 +0200] "GET /shop/customer/bookmark.php?items/E16062993423/ HTTP/1.1" 500 - "-" "Mozilla/5.0 (Linux; Android 6.0.1; Nexus 5X Build/MMB29P) AppleWebKit/537.36 (KHTML, like Gecko) Chrome/150.0.7871.186 Mobile Safari/537.36 (compatible; Googlebot/2.1; +http://www.google.com/bot.html)"
193.37.32.224 - - [15/Aug/2026:16:56:50 +0200] "GET /wp-includes/sitemaps/ HTTP/1.1" 500 - "-" "Go-http-client/1.1"
193.37.32.192 - - [15/Aug/2026:16:57:01 +0200] "GET /wp-content/plugins/revslider/includes/external/page/ HTTP/1.1" 500 - "-" "Go-http-client/1.1"
193.37.32.203 - - [15/Aug/2026:16:56:56 +0200] "GET /wp-includes/pomo/index.php HTTP/1.1" 500 - "-" "Go-http-client/1.1"
193.37.32.224 - - [15/Aug/2026:16:57:04 +0200] "GET /wp-content/themes/seotheme/mar.php HTTP/1.1" 500 - "-" "Go-http-client/1.1"
193.37.32.209 - - [15/Aug/2026:16:57:07 +0200] "GET /nrhogjyecktixbal0fnt5Cakc.php HTTP/1.1" 500 - "-" "Go-http-client/1.1"
193.37.32.218 - - [15/Aug/2026:16:57:10 +0200] "GET /wp-trackback.php HTTP/1.1" 500 - "-" "Go-http-client/1.1"
193.37.32.197 - - [15/Aug/2026:16:57:13 +0200] "GET /ty.php HTTP/1.1" 500 - "-" "Go-http-client/1.1"
193.37.32.222 - - [15/Aug/2026:16:57:16 +0200] "GET /default.php HTTP/1.1" 500 - "-" "Go-http-client/1.1"
193.37.32.183 - - [15/Aug/2026:16:57:26 +0200] "GET /wp-content/wp-conflg.php HTTP/1.1" 500 - "-" "Go-http-client/1.1"
193.37.32.219 - - [15/Aug/2026:16:57:21 +0200] "GET /wp-includes/SimplePie/font-editor.php HTTP/1.1" 500 - "-" "Go-http-client/1.1"
193.37.32.209 - - [15/Aug/2026:16:57:29 +0200] "GET /wp-content/themes/pridmag/db.php HTTP/1.1" 500 - "-" "Go-http-client/1.1"
193.37.32.191 - - [15/Aug/2026:16:57:33 +0200] "GET /wp-atom.php HTTP/1.1" 500 - "-" "Go-http-client/1.1"
193.37.32.182 - - [15/Aug/2026:16:57:41 +0200] "GET /wp-content/uploads/about.php HTTP/1.1" 500 - "-" "Go-http-client/1.1"
193.37.32.224 - - [15/Aug/2026:16:57:44 +0200] "GET /wp-content/themes/covr-wpcom/assets/fonts/manrope_normal.php HTTP/1.1" 500 - "-" "Go-http-client/1.1"
