66.249.70.67 - - [15/Aug/2026:21:36:29 +0200] "GET /shop/customer/bookmark.php?items/N1601996152/ HTTP/1.1" 500 - "-" "Mozilla/5.0 (Linux; Android 6.0.1; Nexus 5X Build/MMB29P) AppleWebKit/537.36 (KHTML, like Gecko) Chrome/150.0.7871.186 Mobile Safari/537.36 (compatible; Googlebot/2.1; +http://www.google.com/bot.html)"
66.249.70.67 - - [15/Aug/2026:21:36:39 +0200] "GET /shop/customer/bookmark.php?items/D1601542113/ HTTP/1.1" 500 - "-" "Mozilla/5.0 (Linux; Android 6.0.1; Nexus 5X Build/MMB29P) AppleWebKit/537.36 (KHTML, like Gecko) Chrome/150.0.7871.186 Mobile Safari/537.36 (compatible; Googlebot/2.1; +http://www.google.com/bot.html)"
66.249.70.67 - - [15/Aug/2026:21:37:07 +0200] "GET /shop/customer/bookmark.php?items/S16042136642/ HTTP/1.1" 500 - "-" "Mozilla/5.0 (compatible; Googlebot/2.1; +http://www.google.com/bot.html)"
66.249.70.67 - - [15/Aug/2026:21:37:17 +0200] "GET /shop/customer/bookmark.php?items/I1601972653/ HTTP/1.1" 500 - "-" "Mozilla/5.0 (compatible; Googlebot/2.1; +http://www.google.com/bot.html)"
66.249.70.67 - - [15/Aug/2026:21:37:33 +0200] "GET /shop/customer/bookmark.php?items/A1601606496/ HTTP/1.1" 500 - "-" "Mozilla/5.0 (Linux; Android 6.0.1; Nexus 5X Build/MMB29P) AppleWebKit/537.36 (KHTML, like Gecko) Chrome/150.0.7871.186 Mobile Safari/537.36 (compatible; Googlebot/2.1; +http://www.google.com/bot.html)"
66.249.70.68 - - [15/Aug/2026:21:38:00 +0200] "GET /shop/customer/bookmark.php?items/A1601606496/ HTTP/1.1" 500 - "-" "Mozilla/5.0 (compatible; Googlebot/2.1; +http://www.google.com/bot.html)"
66.249.70.68 - - [15/Aug/2026:21:38:11 +0200] "GET /robots.txt HTTP/1.1" 200 408 "-" "Mozilla/5.0 (compatible; Googlebot/2.1; +http://www.google.com/bot.html)"
66.249.70.67 - - [15/Aug/2026:21:38:31 +0200] "GET /shop/customer/bookmark.php?items/B16063195357/ HTTP/1.1" 500 - "-" "Mozilla/5.0 (Linux; Android 6.0.1; Nexus 5X Build/MMB29P) AppleWebKit/537.36 (KHTML, like Gecko) Chrome/150.0.7871.186 Mobile Safari/537.36 (compatible; Googlebot/2.1; +http://www.google.com/bot.html)"
66.249.70.68 - - [15/Aug/2026:21:39:54 +0200] "GET /shop/customer/bookmark.php?items/D16063032706/ HTTP/1.1" 500 - "-" "Mozilla/5.0 (Linux; Android 6.0.1; Nexus 5X Build/MMB29P) AppleWebKit/537.36 (KHTML, like Gecko) Chrome/150.0.7871.186 Mobile Safari/537.36 (compatible; Googlebot/2.1; +http://www.google.com/bot.html)"
66.249.70.69 - - [15/Aug/2026:21:39:57 +0200] "GET /robots.txt HTTP/1.1" 500 - "-" "Mozilla/5.0 (compatible; Googlebot/2.1; +http://www.google.com/bot.html)"
66.249.70.68 - - [15/Aug/2026:21:40:05 +0200] "GET /shop/customer/bookmark.php?items/M160071189/ HTTP/1.1" 500 - "-" "Mozilla/5.0 (compatible; Googlebot/2.1; +http://www.google.com/bot.html)"
66.249.70.69 - - [15/Aug/2026:21:41:18 +0200] "GET /shop/customer/bookmark.php?items/O16021145493/ HTTP/1.1" 500 - "-" "Mozilla/5.0 (compatible; Googlebot/2.1; +http://www.google.com/bot.html)"
66.249.70.67 - - [15/Aug/2026:21:41:30 +0200] "GET /robots.txt HTTP/1.1" 200 408 "-" "Mozilla/5.0 (compatible; Googlebot/2.1; +http://www.google.com/bot.html)"
66.249.70.68 - - [15/Aug/2026:21:43:40 +0200] "GET /shop/customer/bookmark.php?items/M16042205203/ HTTP/1.1" 500 - "-" "Mozilla/5.0 (Linux; Android 6.0.1; Nexus 5X Build/MMB29P) AppleWebKit/537.36 (KHTML, like Gecko) Chrome/150.0.7871.186 Mobile Safari/537.36 (compatible; Googlebot/2.1; +http://www.google.com/bot.html)"
40.74.65.169 - - [15/Aug/2026:21:43:50 +0200] "GET /wp-content/plugins/hellopress/wp_filemanager.php HTTP/1.1" 500 - "-" "-"
40.74.65.169 - - [15/Aug/2026:21:43:53 +0200] "GET /this_is_a_new_hello_world.php HTTP/1.1" 500 - "-" "-"
40.74.65.169 - - [15/Aug/2026:21:44:04 +0200] "GET /4PJcpMFsD8B.php HTTP/1.1" 500 - "-" "-"
66.249.70.67 - - [15/Aug/2026:21:43:51 +0200] "GET /robots.txt HTTP/1.1" 200 408 "-" "Mozilla/5.0 (compatible; Googlebot/2.1; +http://www.google.com/bot.html)"
40.74.65.169 - - [15/Aug/2026:21:44:06 +0200] "GET /3PJcpMFsD8B.php HTTP/1.1" 500 - "-" "-"
40.74.65.169 - - [15/Aug/2026:21:44:19 +0200] "GET /ano.php HTTP/1.1" 500 - "-" "-"
40.74.65.169 - - [15/Aug/2026:21:44:30 +0200] "GET /xx.php HTTP/1.1" 500 - "-" "-"
66.249.70.67 - - [15/Aug/2026:21:44:40 +0200] "GET /shop/customer/bookmark.php?items/D16062919664/ HTTP/1.1" 500 - "-" "Mozilla/5.0 (compatible; Googlebot/2.1; +http://www.google.com/bot.html)"
40.74.65.169 - - [15/Aug/2026:21:44:42 +0200] "GET //av.php HTTP/1.1" 500 - "-" "-"
40.74.65.169 - - [15/Aug/2026:21:44:54 +0200] "GET /media.php HTTP/1.1" 500 - "-" "-"
40.74.65.169 - - [15/Aug/2026:21:44:57 +0200] "GET /images.php HTTP/1.1" 500 - "-" "-"
40.74.65.169 - - [15/Aug/2026:21:45:08 +0200] "GET /admin.php HTTP/1.1" 500 - "-" "-"
40.74.65.169 - - [15/Aug/2026:21:45:11 +0200] "GET /mac.php HTTP/1.1" 500 - "-" "-"
40.74.65.169 - - [15/Aug/2026:21:45:23 +0200] "GET /ops.php HTTP/1.1" 500 - "-" "-"
40.74.65.169 - - [15/Aug/2026:21:45:25 +0200] "GET /coffexium.php HTTP/1.1" 500 - "-" "-"
40.74.65.169 - - [15/Aug/2026:21:45:36 +0200] "GET /coffee.php HTTP/1.1" 500 - "-" "-"
40.74.65.169 - - [15/Aug/2026:21:45:48 +0200] "GET /classwithtostring.php?p= HTTP/1.1" 500 - "-" "-"
66.249.70.68 - - [15/Aug/2026:21:45:45 +0200] "GET /shop/customer/bookmark.php?items/M160065980/ HTTP/1.1" 500 - "-" "Mozilla/5.0 (Linux; Android 6.0.1; Nexus 5X Build/MMB29P) AppleWebKit/537.36 (KHTML, like Gecko) Chrome/150.0.7871.186 Mobile Safari/537.36 (compatible; Googlebot/2.1; +http://www.google.com/bot.html)"
40.74.65.169 - - [15/Aug/2026:21:45:51 +0200] "GET /BDKR28WP.php HTTP/1.1" 500 - "-" "-"
66.249.70.68 - - [15/Aug/2026:21:45:58 +0200] "GET /robots.txt HTTP/1.1" 200 408 "-" "Mozilla/5.0 (compatible; Googlebot/2.1; +http://www.google.com/bot.html)"
40.74.65.169 - - [15/Aug/2026:21:46:03 +0200] "GET /h.php HTTP/1.1" 500 - "-" "-"
40.74.65.169 - - [15/Aug/2026:21:46:14 +0200] "GET /sf.php HTTP/1.1" 500 - "-" "-"
40.74.65.169 - - [15/Aug/2026:21:46:27 +0200] "GET /k.php?p= HTTP/1.1" 500 - "-" "-"
40.74.65.169 - - [15/Aug/2026:21:46:38 +0200] "GET /82.php HTTP/1.1" 500 - "-" "-"
40.74.65.169 - - [15/Aug/2026:21:46:42 +0200] "GET /dex.php HTTP/1.1" 500 - "-" "-"
40.74.65.169 - - [15/Aug/2026:21:46:44 +0200] "GET /jriuaaol.php HTTP/1.1" 500 - "-" "-"
66.249.70.67 - - [15/Aug/2026:21:46:45 +0200] "GET /shop/customer/bookmark.php?items/Q16052715235/ HTTP/1.1" 500 - "-" "Mozilla/5.0 (compatible; Googlebot/2.1; +http://www.google.com/bot.html)"
40.74.65.169 - - [15/Aug/2026:21:46:56 +0200] "GET /puc.php HTTP/1.1" 500 - "-" "-"
40.74.65.169 - - [15/Aug/2026:21:47:10 +0200] "GET /inso.php HTTP/1.1" 500 - "-" "-"
40.74.65.169 - - [15/Aug/2026:21:47:21 +0200] "GET /wp-admin/css/colors/modern/ HTTP/1.1" 500 - "-" "-"
40.74.65.169 - - [15/Aug/2026:21:47:25 +0200] "GET /hypo.php HTTP/1.1" 500 - "-" "-"
40.74.65.169 - - [15/Aug/2026:21:47:36 +0200] "GET //wp-includes/assets/ HTTP/1.1" 500 - "-" "-"
40.74.65.169 - - [15/Aug/2026:21:47:48 +0200] "GET /wp-admin/css/colors/sunrise/ HTTP/1.1" 500 - "-" "-"
66.249.70.67 - - [15/Aug/2026:21:47:55 +0200] "GET /shop/customer/bookmark.php?items/C16062807193/ HTTP/1.1" 500 - "-" "Mozilla/5.0 (Linux; Android 6.0.1; Nexus 5X Build/MMB29P) AppleWebKit/537.36 (KHTML, like Gecko) Chrome/150.0.7871.186 Mobile Safari/537.36 (compatible; Googlebot/2.1; +http://www.google.com/bot.html)"
40.74.65.169 - - [15/Aug/2026:21:47:54 +0200] "GET //wp-includes/l10n/ HTTP/1.1" 500 - "-" "-"
40.74.65.169 - - [15/Aug/2026:21:48:07 +0200] "GET /wp-content/uploads/ HTTP/1.1" 500 - "-" "-"
66.249.70.67 - - [15/Aug/2026:21:48:23 +0200] "GET /shop/customer/bookmark.php?items/D16063177613/ HTTP/1.1" 500 - "-" "Mozilla/5.0 (compatible; Googlebot/2.1; +http://www.google.com/bot.html)"
40.74.65.169 - - [15/Aug/2026:21:48:23 +0200] "GET //wp-includes/js/jquery/ HTTP/1.1" 500 - "-" "-"
66.249.70.68 - - [15/Aug/2026:21:48:26 +0200] "GET /robots.txt HTTP/1.1" 500 - "-" "Mozilla/5.0 (compatible; Googlebot/2.1; +http://www.google.com/bot.html)"
40.74.65.169 - - [15/Aug/2026:21:48:34 +0200] "GET //wp-content/admin.php HTTP/1.1" 500 - "-" "-"
40.74.65.169 - - [15/Aug/2026:21:48:46 +0200] "GET //adminfuns.php HTTP/1.1" 500 - "-" "-"
40.74.65.169 - - [15/Aug/2026:21:49:00 +0200] "GET /goods.php HTTP/1.1" 500 - "-" "-"
40.74.65.169 - - [15/Aug/2026:21:49:11 +0200] "GET /adminner.php HTTP/1.1" 500 - "-" "-"
40.74.65.169 - - [15/Aug/2026:21:49:15 +0200] "GET //cgi-bin/index.php HTTP/1.1" 500 - "-" "-"
40.74.65.169 - - [15/Aug/2026:21:49:19 +0200] "GET //wp-includes/css/dist/ HTTP/1.1" 500 - "-" "-"
40.74.65.169 - - [15/Aug/2026:21:49:23 +0200] "GET //abcd.php HTTP/1.1" 500 - "-" "-"
40.74.65.169 - - [15/Aug/2026:21:49:31 +0200] "GET /wp-content/themes/index.php HTTP/1.1" 500 - "-" "-"
40.74.65.169 - - [15/Aug/2026:21:49:43 +0200] "GET /wp-includes/Text/ HTTP/1.1" 500 - "-" "-"
66.249.70.67 - - [15/Aug/2026:21:49:56 +0200] "GET /shop/customer/bookmark.php?items/F16042246977/ HTTP/1.1" 500 - "-" "Mozilla/5.0 (compatible; Googlebot/2.1; +http://www.google.com/bot.html)"
40.74.65.169 - - [15/Aug/2026:21:49:58 +0200] "GET /wp-blog.php HTTP/1.1" 500 - "-" "-"
66.249.70.67 - - [15/Aug/2026:21:49:59 +0200] "GET /robots.txt HTTP/1.1" 200 408 "-" "Mozilla/5.0 (compatible; Googlebot/2.1; +http://www.google.com/bot.html)"
40.74.65.169 - - [15/Aug/2026:21:50:11 +0200] "GET /chosen.php? HTTP/1.1" 500 - "-" "-"
40.74.65.169 - - [15/Aug/2026:21:50:26 +0200] "GET /about.php? HTTP/1.1" 500 - "-" "-"
40.74.65.169 - - [15/Aug/2026:21:50:30 +0200] "GET /inputs.php? HTTP/1.1" 500 - "-" "-"
40.74.65.169 - - [15/Aug/2026:21:50:35 +0200] "GET /w.php HTTP/1.1" 500 - "-" "-"
40.74.65.169 - - [15/Aug/2026:21:50:48 +0200] "GET //aa.php HTTP/1.1" 500 - "-" "-"
40.74.65.169 - - [15/Aug/2026:21:50:52 +0200] "GET /1.php HTTP/1.1" 500 - "-" "-"
66.249.70.67 - - [15/Aug/2026:21:51:24 +0200] "GET /shop/customer/bookmark.php?items/F16021092075/ HTTP/1.1" 500 - "-" "Mozilla/5.0 (compatible; Googlebot/2.1; +http://www.google.com/bot.html)"
66.249.70.68 - - [15/Aug/2026:21:51:50 +0200] "GET /shop/customer/bookmark.php?items/C1600341749/ HTTP/1.1" 500 - "-" "Mozilla/5.0 (compatible; Googlebot/2.1; +http://www.google.com/bot.html)"
66.249.70.68 - - [15/Aug/2026:21:52:17 +0200] "GET /shop/customer/bookmark.php?items/C1600341749/ HTTP/1.1" 500 - "-" "Mozilla/5.0 (Linux; Android 6.0.1; Nexus 5X Build/MMB29P) AppleWebKit/537.36 (KHTML, like Gecko) Chrome/150.0.7871.186 Mobile Safari/537.36 (compatible; Googlebot/2.1; +http://www.google.com/bot.html)"
66.249.70.67 - - [15/Aug/2026:21:52:26 +0200] "GET /shop/customer/bookmark.php?items/Q1601853122/ HTTP/1.1" 500 - "-" "Mozilla/5.0 (Linux; Android 6.0.1; Nexus 5X Build/MMB29P) AppleWebKit/537.36 (KHTML, like Gecko) Chrome/150.0.7871.186 Mobile Safari/537.36 (compatible; Googlebot/2.1; +http://www.google.com/bot.html)"
66.249.70.68 - - [15/Aug/2026:21:54:10 +0200] "GET /shop/customer/bookmark.php?items/E16063241639/ HTTP/1.1" 500 - "-" "Mozilla/5.0 (compatible; Googlebot/2.1; +http://www.google.com/bot.html)"
66.249.70.67 - - [15/Aug/2026:21:54:17 +0200] "GET /shop/customer/bookmark.php?items/G1600110294/ HTTP/1.1" 500 - "-" "Mozilla/5.0 (compatible; Googlebot/2.1; +http://www.google.com/bot.html)"
66.249.70.67 - - [15/Aug/2026:21:54:50 +0200] "GET /shop/customer/bookmark.php?items/X1600237262/ HTTP/1.1" 500 - "-" "Mozilla/5.0 (Linux; Android 6.0.1; Nexus 5X Build/MMB29P) AppleWebKit/537.36 (KHTML, like Gecko) Chrome/150.0.7871.186 Mobile Safari/537.36 (compatible; Googlebot/2.1; +http://www.google.com/bot.html)"
66.249.70.67 - - [15/Aug/2026:21:55:03 +0200] "GET /shop/customer/bookmark.php?items/T16042086476/ HTTP/1.1" 500 - "-" "Mozilla/5.0 (compatible; Googlebot/2.1; +http://www.google.com/bot.html)"
20.116.17.175 - - [15/Aug/2026:21:55:23 +0200] "GET /wp-content/plugins/hellopress/wp_filemanager.php HTTP/1.1" 500 - "-" "-"
20.116.17.175 - - [15/Aug/2026:21:55:37 +0200] "GET /this_is_a_new_hello_world.php HTTP/1.1" 500 - "-" "-"
20.116.17.175 - - [15/Aug/2026:21:55:41 +0200] "GET /wp-cxx.php HTTP/1.1" 500 - "-" "-"
20.116.17.175 - - [15/Aug/2026:21:55:53 +0200] "GET /xff.php HTTP/1.1" 500 - "-" "-"
20.116.17.175 - - [15/Aug/2026:21:55:57 +0200] "GET /xfile25.php HTTP/1.1" 500 - "-" "-"
20.116.17.175 - - [15/Aug/2026:21:56:09 +0200] "GET /x123.php HTTP/1.1" 500 - "-" "-"
20.116.17.175 - - [15/Aug/2026:21:56:13 +0200] "GET /aevly.php HTTP/1.1" 500 - "-" "-"
20.116.17.175 - - [15/Aug/2026:21:56:16 +0200] "GET /multirole.php HTTP/1.1" 500 - "-" "-"
66.249.70.69 - - [15/Aug/2026:21:56:16 +0200] "GET /shop/customer/bookmark.php?items/W16052639014/ HTTP/1.1" 500 - "-" "Mozilla/5.0 (Linux; Android 6.0.1; Nexus 5X Build/MMB29P) AppleWebKit/537.36 (KHTML, like Gecko) Chrome/150.0.7871.186 Mobile Safari/537.36 (compatible; Googlebot/2.1; +http://www.google.com/bot.html)"
20.116.17.175 - - [15/Aug/2026:21:56:28 +0200] "GET /greateb.php HTTP/1.1" 500 - "-" "-"
20.116.17.175 - - [15/Aug/2026:21:56:40 +0200] "GET /amxloxxr.php HTTP/1.1" 500 - "-" "-"
20.116.17.175 - - [15/Aug/2026:21:56:53 +0200] "GET /ccu.php HTTP/1.1" 500 - "-" "-"
114.119.128.244 - - [15/Aug/2026:21:56:58 +0200] "GET /sitemap_2.xml HTTP/1.1" 200 - "-" "Mozilla/5.0 (Linux; Android 7.0;) AppleWebKit/537.36 (KHTML, like Gecko) Mobile Safari/537.36 (compatible; PetalBot;+https://webmaster.petalsearch.com/site/petalbot)"
20.116.17.175 - - [15/Aug/2026:21:56:56 +0200] "GET /jafub.php HTTP/1.1" 500 - "-" "-"
20.116.17.175 - - [15/Aug/2026:21:57:09 +0200] "GET /congeree.php HTTP/1.1" 500 - "-" "-"
20.116.17.175 - - [15/Aug/2026:21:57:21 +0200] "GET /wp-tymanage.php HTTP/1.1" 500 - "-" "-"
20.116.17.175 - - [15/Aug/2026:21:57:36 +0200] "GET /fs9.php HTTP/1.1" 500 - "-" "-"
20.116.17.175 - - [15/Aug/2026:21:57:49 +0200] "GET /lolz.php HTTP/1.1" 500 - "-" "-"
20.116.17.175 - - [15/Aug/2026:21:58:01 +0200] "GET /wp-stat.php HTTP/1.1" 500 - "-" "-"
66.249.70.67 - - [15/Aug/2026:21:57:53 +0200] "GET /shop/customer/bookmark.php?items/F160098651/ HTTP/1.1" 500 - "-" "Mozilla/5.0 (Linux; Android 6.0.1; Nexus 5X Build/MMB29P) AppleWebKit/537.36 (KHTML, like Gecko) Chrome/150.0.7871.186 Mobile Safari/537.36 (compatible; Googlebot/2.1; +http://www.google.com/bot.html)"
20.116.17.175 - - [15/Aug/2026:21:58:05 +0200] "GET /eclac.php HTTP/1.1" 500 - "-" "-"
20.116.17.175 - - [15/Aug/2026:21:58:19 +0200] "GET /unloathness.php HTTP/1.1" 500 - "-" "-"
20.116.17.175 - - [15/Aug/2026:21:58:22 +0200] "GET /pjkkq.php HTTP/1.1" 500 - "-" "-"
66.249.70.68 - - [15/Aug/2026:21:58:34 +0200] "GET /shop/customer/bookmark.php?items/L16021305364/ HTTP/1.1" 500 - "-" "Mozilla/5.0 (Linux; Android 6.0.1; Nexus 5X Build/MMB29P) AppleWebKit/537.36 (KHTML, like Gecko) Chrome/150.0.7871.186 Mobile Safari/537.36 (compatible; Googlebot/2.1; +http://www.google.com/bot.html)"
20.116.17.175 - - [15/Aug/2026:21:58:26 +0200] "GET /qyffk.php HTTP/1.1" 500 - "-" "-"
20.116.17.175 - - [15/Aug/2026:21:58:40 +0200] "GET /bdktk.php HTTP/1.1" 500 - "-" "-"
20.116.17.175 - - [15/Aug/2026:21:58:46 +0200] "GET /prosell2.php HTTP/1.1" 500 - "-" "-"
66.249.70.67 - - [15/Aug/2026:21:58:53 +0200] "GET /shop/customer/bookmark.php?items/L16052718905/ HTTP/1.1" 500 - "-" "Mozilla/5.0 (Linux; Android 6.0.1; Nexus 5X Build/MMB29P) AppleWebKit/537.36 (KHTML, like Gecko) Chrome/150.0.7871.186 Mobile Safari/537.36 (compatible; Googlebot/2.1; +http://www.google.com/bot.html)"
20.116.17.175 - - [15/Aug/2026:21:58:50 +0200] "GET /tiny2.php HTTP/1.1" 500 - "-" "-"
20.116.17.175 - - [15/Aug/2026:21:59:02 +0200] "GET /act.php HTTP/1.1" 500 - "-" "-"
20.116.17.175 - - [15/Aug/2026:21:59:07 +0200] "GET /gnmlc.php HTTP/1.1" 500 - "-" "-"
20.116.17.175 - - [15/Aug/2026:21:59:19 +0200] "GET /enacting.php HTTP/1.1" 500 - "-" "-"
66.249.70.67 - - [15/Aug/2026:21:59:22 +0200] "GET /shop/customer/bookmark.php?items/D16021270657/ HTTP/1.1" 500 - "-" "Mozilla/5.0 (compatible; Googlebot/2.1; +http://www.google.com/bot.html)"
20.116.17.175 - - [15/Aug/2026:21:59:23 +0200] "GET /nti.php HTTP/1.1" 500 - "-" "-"
20.116.17.175 - - [15/Aug/2026:21:59:37 +0200] "GET /class-wp-image.php HTTP/1.1" 500 - "-" "-"
20.116.17.175 - - [15/Aug/2026:21:59:45 +0200] "GET /xy.php HTTP/1.1" 500 - "-" "-"
20.116.17.175 - - [15/Aug/2026:21:59:58 +0200] "GET /nco.php HTTP/1.1" 500 - "-" "-"
20.116.17.175 - - [15/Aug/2026:22:00:05 +0200] "GET /ohfiw.php HTTP/1.1" 500 - "-" "-"
66.249.70.67 - - [15/Aug/2026:22:00:20 +0200] "GET /shop/customer/bookmark.php?items/F16052654425/ HTTP/1.1" 500 - "-" "Mozilla/5.0 (compatible; Googlebot/2.1; +http://www.google.com/bot.html)"
20.116.17.175 - - [15/Aug/2026:22:00:19 +0200] "GET /zwq.php HTTP/1.1" 500 - "-" "-"
20.116.17.175 - - [15/Aug/2026:22:00:32 +0200] "GET /19.php HTTP/1.1" 500 - "-" "-"
20.116.17.175 - - [15/Aug/2026:22:00:37 +0200] "GET /x1da.php HTTP/1.1" 500 - "-" "-"
20.116.17.175 - - [15/Aug/2026:22:00:42 +0200] "GET /ew.php HTTP/1.1" 500 - "-" "-"
20.116.17.175 - - [15/Aug/2026:22:00:46 +0200] "GET /bal.php HTTP/1.1" 500 - "-" "-"
20.116.17.175 - - [15/Aug/2026:22:01:05 +0200] "GET /wp-michan.php HTTP/1.1" 500 - "-" "-"
20.116.17.175 - - [15/Aug/2026:22:01:11 +0200] "GET /av.php HTTP/1.1" 500 - "-" "-"
66.249.70.68 - - [15/Aug/2026:22:01:32 +0200] "GET /shop/customer/bookmark.php?items/G1601786074/ HTTP/1.1" 500 - "-" "Mozilla/5.0 (compatible; Googlebot/2.1; +http://www.google.com/bot.html)"
20.116.17.175 - - [15/Aug/2026:22:01:23 +0200] "GET /f6.php HTTP/1.1" 500 - "-" "-"
20.116.17.175 - - [15/Aug/2026:22:01:36 +0200] "GET /fvvff.php HTTP/1.1" 500 - "-" "-"
20.116.17.175 - - [15/Aug/2026:22:01:41 +0200] "GET /swallowable.php HTTP/1.1" 500 - "-" "-"
20.116.17.175 - - [15/Aug/2026:22:01:54 +0200] "GET /wp-mter.php HTTP/1.1" 500 - "-" "-"
20.116.17.175 - - [15/Aug/2026:22:00:49 +0200] "GET /kj.php HTTP/1.1" 500 - "-" "-"
20.116.17.175 - - [15/Aug/2026:22:01:58 +0200] "GET /wp-kd4xalrg7m.php HTTP/1.1" 500 - "-" "-"
20.116.17.175 - - [15/Aug/2026:22:02:13 +0200] "GET /read.php HTTP/1.1" 500 - "-" "-"
20.116.17.175 - - [15/Aug/2026:22:02:18 +0200] "GET /zample.php HTTP/1.1" 500 - "-" "-"
20.116.17.175 - - [15/Aug/2026:22:02:31 +0200] "GET /fine.php HTTP/1.1" 500 - "-" "-"
20.116.17.175 - - [15/Aug/2026:22:02:49 +0200] "GET /north1.php HTTP/1.1" 500 - "-" "-"
20.116.17.175 - - [15/Aug/2026:22:03:02 +0200] "GET /torsa.php HTTP/1.1" 500 - "-" "-"
20.116.17.175 - - [15/Aug/2026:22:03:17 +0200] "GET /no18.php HTTP/1.1" 500 - "-" "-"
20.116.17.175 - - [15/Aug/2026:22:03:31 +0200] "GET /gptsh.php HTTP/1.1" 500 - "-" "-"
20.116.17.175 - - [15/Aug/2026:22:03:36 +0200] "GET /lites.php HTTP/1.1" 500 - "-" "-"
20.116.17.175 - - [15/Aug/2026:22:03:48 +0200] "GET /admir.php HTTP/1.1" 500 - "-" "-"
20.116.17.175 - - [15/Aug/2026:22:04:02 +0200] "GET /sbhu.php HTTP/1.1" 500 - "-" "-"
20.116.17.175 - - [15/Aug/2026:22:04:07 +0200] "GET /gssdd.php HTTP/1.1" 500 - "-" "-"
20.116.17.175 - - [15/Aug/2026:22:04:10 +0200] "GET /ioxi-2.php HTTP/1.1" 500 - "-" "-"
20.116.17.175 - - [15/Aug/2026:22:04:13 +0200] "GET /7.php?p= HTTP/1.1" 500 - "-" "-"
20.116.17.175 - - [15/Aug/2026:22:04:17 +0200] "GET /dk.php HTTP/1.1" 500 - "-" "-"
20.116.17.175 - - [15/Aug/2026:22:04:30 +0200] "GET /x0rg.php HTTP/1.1" 500 - "-" "-"
66.249.70.69 - - [15/Aug/2026:22:04:24 +0200] "GET /shop/customer/bookmark.php?items/X16021053399/ HTTP/1.1" 500 - "-" "Mozilla/5.0 (compatible; Googlebot/2.1; +http://www.google.com/bot.html)"
20.116.17.175 - - [15/Aug/2026:22:04:33 +0200] "GET /bays.php HTTP/1.1" 500 - "-" "-"
20.116.17.175 - - [15/Aug/2026:22:04:47 +0200] "GET /yawa.php HTTP/1.1" 500 - "-" "-"
20.116.17.175 - - [15/Aug/2026:22:04:51 +0200] "GET /ta.php HTTP/1.1" 500 - "-" "-"
20.116.17.175 - - [15/Aug/2026:22:04:53 +0200] "GET /gin.php HTTP/1.1" 500 - "-" "-"
20.116.17.175 - - [15/Aug/2026:22:04:59 +0200] "GET /mjde.php HTTP/1.1" 500 - "-" "-"
20.116.17.175 - - [15/Aug/2026:22:05:04 +0200] "GET /fde.php HTTP/1.1" 500 - "-" "-"
66.249.70.67 - - [15/Aug/2026:22:05:11 +0200] "GET /shop/customer/bookmark.php?items/V16063073169/ HTTP/1.1" 500 - "-" "Mozilla/5.0 (Linux; Android 6.0.1; Nexus 5X Build/MMB29P) AppleWebKit/537.36 (KHTML, like Gecko) Chrome/150.0.7871.186 Mobile Safari/537.36 (compatible; Googlebot/2.1; +http://www.google.com/bot.html)"
20.116.17.175 - - [15/Aug/2026:22:05:08 +0200] "GET /AAAA.php HTTP/1.1" 500 - "-" "-"
20.116.17.175 - - [15/Aug/2026:22:05:21 +0200] "GET /xl2024.php HTTP/1.1" 500 - "-" "-"
20.116.17.175 - - [15/Aug/2026:22:05:24 +0200] "GET /ddd.php HTTP/1.1" 500 - "-" "-"
20.116.17.175 - - [15/Aug/2026:22:05:36 +0200] "GET /abca.php HTTP/1.1" 500 - "-" "-"
20.116.17.175 - - [15/Aug/2026:22:05:41 +0200] "GET /fw/34.php HTTP/1.1" 500 - "-" "-"
20.116.17.175 - - [15/Aug/2026:22:05:45 +0200] "GET /tx22.php HTTP/1.1" 500 - "-" "-"
20.116.17.175 - - [15/Aug/2026:22:05:48 +0200] "GET /wp-admin/maint/max.php HTTP/1.1" 500 - "-" "-"
20.116.17.175 - - [15/Aug/2026:22:06:00 +0200] "GET /gk.php HTTP/1.1" 500 - "-" "-"
20.116.17.175 - - [15/Aug/2026:22:06:04 +0200] "GET /caiij.php HTTP/1.1" 500 - "-" "-"
20.116.17.175 - - [15/Aug/2026:22:06:07 +0200] "GET /phpmini.php HTTP/1.1" 500 - "-" "-"
20.116.17.175 - - [15/Aug/2026:22:06:10 +0200] "GET /awh.php HTTP/1.1" 500 - "-" "-"
20.116.17.175 - - [15/Aug/2026:22:06:22 +0200] "GET /rovoj.php HTTP/1.1" 500 - "-" "-"
20.116.17.175 - - [15/Aug/2026:22:06:25 +0200] "GET /phina.php HTTP/1.1" 500 - "-" "-"
20.116.17.175 - - [15/Aug/2026:22:06:36 +0200] "GET /sweg.php HTTP/1.1" 500 - "-" "-"
20.116.17.175 - - [15/Aug/2026:22:06:47 +0200] "GET /aee.php HTTP/1.1" 500 - "-" "-"
20.116.17.175 - - [15/Aug/2026:22:07:01 +0200] "GET /roter.php HTTP/1.1" 500 - "-" "-"
20.116.17.175 - - [15/Aug/2026:22:07:08 +0200] "GET /save.php HTTP/1.1" 500 - "-" "-"
20.116.17.175 - - [15/Aug/2026:22:07:20 +0200] "GET /gelio1.php HTTP/1.1" 500 - "-" "-"
20.116.17.175 - - [15/Aug/2026:22:07:24 +0200] "GET /xper1.php HTTP/1.1" 500 - "-" "-"
20.116.17.175 - - [15/Aug/2026:22:07:37 +0200] "GET /cc13.php HTTP/1.1" 500 - "-" "-"
66.249.70.67 - - [15/Aug/2026:22:07:40 +0200] "GET /shop/customer/bookmark.php?items/J160020369/ HTTP/1.1" 500 - "-" "Mozilla/5.0 (Linux; Android 6.0.1; Nexus 5X Build/MMB29P) AppleWebKit/537.36 (KHTML, like Gecko) Chrome/150.0.7871.186 Mobile Safari/537.36 (compatible; Googlebot/2.1; +http://www.google.com/bot.html)"
20.116.17.175 - - [15/Aug/2026:22:07:51 +0200] "GET /ws77.php HTTP/1.1" 500 - "-" "-"
20.116.17.175 - - [15/Aug/2026:22:08:03 +0200] "GET /wta.php HTTP/1.1" 500 - "-" "-"
20.116.17.175 - - [15/Aug/2026:22:08:16 +0200] "GET /saorix1.php HTTP/1.1" 500 - "-" "-"
66.249.70.67 - - [15/Aug/2026:22:08:33 +0200] "GET /shop/customer/bookmark.php?items/I1600250735/ HTTP/1.1" 500 - "-" "Mozilla/5.0 (Linux; Android 6.0.1; Nexus 5X Build/MMB29P) AppleWebKit/537.36 (KHTML, like Gecko) Chrome/150.0.7871.186 Mobile Safari/537.36 (compatible; Googlebot/2.1; +http://www.google.com/bot.html)"
20.116.17.175 - - [15/Aug/2026:22:08:29 +0200] "GET /wtiiy.php HTTP/1.1" 500 - "-" "-"
20.116.17.175 - - [15/Aug/2026:22:08:41 +0200] "GET /albin.php HTTP/1.1" 500 - "-" "-"
20.116.17.175 - - [15/Aug/2026:22:08:46 +0200] "GET /pas2.php HTTP/1.1" 500 - "-" "-"
20.116.17.175 - - [15/Aug/2026:22:09:00 +0200] "GET /56c53.php HTTP/1.1" 500 - "-" "-"
66.249.70.67 - - [15/Aug/2026:22:09:12 +0200] "GET /shop/customer/bookmark.php?items/X16021058739/ HTTP/1.1" 500 - "-" "Mozilla/5.0 (Linux; Android 6.0.1; Nexus 5X Build/MMB29P) AppleWebKit/537.36 (KHTML, like Gecko) Chrome/150.0.7871.186 Mobile Safari/537.36 (compatible; Googlebot/2.1; +http://www.google.com/bot.html)"
20.116.17.175 - - [15/Aug/2026:22:09:14 +0200] "GET /bo.php HTTP/1.1" 500 - "-" "-"
20.116.17.175 - - [15/Aug/2026:22:09:27 +0200] "GET /44.php HTTP/1.1" 500 - "-" "-"
66.249.70.68 - - [15/Aug/2026:22:09:49 +0200] "GET /shop/customer/bookmark.php?items/Z16063064742/ HTTP/1.1" 500 - "-" "Mozilla/5.0 (compatible; Googlebot/2.1; +http://www.google.com/bot.html)"
20.116.17.175 - - [15/Aug/2026:22:09:42 +0200] "GET /lm15.php HTTP/1.1" 500 - "-" "-"
66.249.70.67 - - [15/Aug/2026:22:09:58 +0200] "GET /shop/customer/bookmark.php?items/D16063026456/ HTTP/1.1" 500 - "-" "Mozilla/5.0 (compatible; Googlebot/2.1; +http://www.google.com/bot.html)"
20.116.17.175 - - [15/Aug/2026:22:09:55 +0200] "GET /varb.php HTTP/1.1" 500 - "-" "-"
20.116.17.175 - - [15/Aug/2026:22:10:09 +0200] "GET /5b9ac.php HTTP/1.1" 500 - "-" "-"
66.249.70.67 - - [15/Aug/2026:22:10:13 +0200] "GET /shop/detail/F16821124164/ HTTP/1.1" 500 - "-" "Mozilla/5.0 (Linux; Android 6.0.1; Nexus 5X Build/MMB29P) AppleWebKit/537.36 (KHTML, like Gecko) Chrome/150.0.7871.186 Mobile Safari/537.36 (compatible; Googlebot/2.1; +http://www.google.com/bot.html)"
20.116.17.175 - - [15/Aug/2026:22:10:16 +0200] "GET /55b76.php HTTP/1.1" 500 - "-" "-"
20.116.17.175 - - [15/Aug/2026:22:10:29 +0200] "GET /zc-104.php HTTP/1.1" 500 - "-" "-"
20.116.17.175 - - [15/Aug/2026:22:10:33 +0200] "GET /domains.php HTTP/1.1" 500 - "-" "-"
20.116.17.175 - - [15/Aug/2026:22:10:38 +0200] "GET /vanda.php HTTP/1.1" 500 - "-" "-"
20.116.17.175 - - [15/Aug/2026:22:10:43 +0200] "GET /h2.php HTTP/1.1" 500 - "-" "-"
66.249.70.67 - - [15/Aug/2026:22:10:47 +0200] "GET /shop/customer/bookmark.php?items/Y16063037448/ HTTP/1.1" 500 - "-" "Mozilla/5.0 (compatible; Googlebot/2.1; +http://www.google.com/bot.html)"
20.116.17.175 - - [15/Aug/2026:22:10:59 +0200] "GET /ws86.php HTTP/1.1" 500 - "-" "-"
20.116.17.175 - - [15/Aug/2026:22:11:12 +0200] "GET /ws88.php HTTP/1.1" 500 - "-" "-"
20.116.17.175 - - [15/Aug/2026:22:11:17 +0200] "GET /callback.php HTTP/1.1" 500 - "-" "-"
20.116.17.175 - - [15/Aug/2026:22:11:20 +0200] "GET /gfd.php HTTP/1.1" 500 - "-" "-"
20.116.17.175 - - [15/Aug/2026:22:11:32 +0200] "GET /ws49.php HTTP/1.1" 500 - "-" "-"
66.249.70.69 - - [15/Aug/2026:22:11:36 +0200] "GET /shop/customer/bookmark.php?items/M16021315602/ HTTP/1.1" 500 - "-" "Mozilla/5.0 (Linux; Android 6.0.1; Nexus 5X Build/MMB29P) AppleWebKit/537.36 (KHTML, like Gecko) Chrome/150.0.7871.186 Mobile Safari/537.36 (compatible; Googlebot/2.1; +http://www.google.com/bot.html)"
66.249.70.67 - - [15/Aug/2026:22:11:45 +0200] "GET /shop/customer/bookmark.php?items/M16021315602/ HTTP/1.1" 500 - "-" "Mozilla/5.0 (compatible; Googlebot/2.1; +http://www.google.com/bot.html)"
20.116.17.175 - - [15/Aug/2026:22:11:36 +0200] "GET /byypas.php HTTP/1.1" 500 - "-" "-"
20.116.17.175 - - [15/Aug/2026:22:11:51 +0200] "GET /wp-admin/images/acxx.php HTTP/1.1" 500 - "-" "-"
20.116.17.175 - - [15/Aug/2026:22:12:07 +0200] "GET /wp9.php HTTP/1.1" 500 - "-" "-"
20.116.17.175 - - [15/Aug/2026:22:12:12 +0200] "GET /feokc.php HTTP/1.1" 500 - "-" "-"
66.249.70.68 - - [15/Aug/2026:22:12:14 +0200] "GET /shop/customer/bookmark.php?items/R16063189345/ HTTP/1.1" 500 - "-" "Mozilla/5.0 (Linux; Android 6.0.1; Nexus 5X Build/MMB29P) AppleWebKit/537.36 (KHTML, like Gecko) Chrome/150.0.7871.186 Mobile Safari/537.36 (compatible; Googlebot/2.1; +http://www.google.com/bot.html)"
66.249.70.68 - - [15/Aug/2026:22:12:24 +0200] "GET /shop/customer/bookmark.php?items/E1600270076/ HTTP/1.1" 500 - "-" "Mozilla/5.0 (Linux; Android 6.0.1; Nexus 5X Build/MMB29P) AppleWebKit/537.36 (KHTML, like Gecko) Chrome/150.0.7871.186 Mobile Safari/537.36 (compatible; Googlebot/2.1; +http://www.google.com/bot.html)"
20.116.17.175 - - [15/Aug/2026:22:12:16 +0200] "GET /aifa.php HTTP/1.1" 500 - "-" "-"
20.116.17.175 - - [15/Aug/2026:22:12:30 +0200] "GET /wqqs.php HTTP/1.1" 500 - "-" "-"
20.116.17.175 - - [15/Aug/2026:22:12:34 +0200] "GET /torsa1.php HTTP/1.1" 500 - "-" "-"
216.73.216.213 - - [15/Aug/2026:22:12:47 +0200] "GET /robots.txt HTTP/1.1" 200 408 "-" "Mozilla/5.0 AppleWebKit/537.36 (KHTML, like Gecko; compatible; ClaudeBot/1.0; +claudebot@anthropic.com)"
20.116.17.175 - - [15/Aug/2026:22:12:47 +0200] "GET /xvs.php HTTP/1.1" 500 - "-" "-"
216.73.216.213 - - [15/Aug/2026:22:12:56 +0200] "GET /sitemap_3.xml HTTP/1.1" 500 - "-" "Mozilla/5.0 AppleWebKit/537.36 (KHTML, like Gecko; compatible; ClaudeBot/1.0; +claudebot@anthropic.com)"
66.249.70.67 - - [15/Aug/2026:22:12:54 +0200] "GET /shop/customer/bookmark.php?items/N16021328988/ HTTP/1.1" 500 - "-" "Mozilla/5.0 (compatible; Googlebot/2.1; +http://www.google.com/bot.html)"
216.73.216.213 - - [15/Aug/2026:22:13:45 +0200] "GET /sitemap_5.xml HTTP/1.1" 500 - "-" "Mozilla/5.0 AppleWebKit/537.36 (KHTML, like Gecko; compatible; ClaudeBot/1.0; +claudebot@anthropic.com)"
216.73.216.213 - - [15/Aug/2026:22:13:45 +0200] "GET /sitemap_2.xml HTTP/1.1" 500 - "-" "Mozilla/5.0 AppleWebKit/537.36 (KHTML, like Gecko; compatible; ClaudeBot/1.0; +claudebot@anthropic.com)"
66.249.70.67 - - [15/Aug/2026:22:13:48 +0200] "GET /shop/customer/bookmark.php?items/V16062801585/ HTTP/1.1" 500 - "-" "Mozilla/5.0 (Linux; Android 6.0.1; Nexus 5X Build/MMB29P) AppleWebKit/537.36 (KHTML, like Gecko) Chrome/150.0.7871.186 Mobile Safari/537.36 (compatible; Googlebot/2.1; +http://www.google.com/bot.html)"
216.73.216.213 - - [15/Aug/2026:22:13:44 +0200] "GET /sitemap_7.xml HTTP/1.1" 200 - "-" "Mozilla/5.0 AppleWebKit/537.36 (KHTML, like Gecko; compatible; ClaudeBot/1.0; +claudebot@anthropic.com)"
216.73.216.213 - - [15/Aug/2026:22:14:11 +0200] "GET /sitemap_4.xml HTTP/1.1" 200 - "-" "Mozilla/5.0 AppleWebKit/537.36 (KHTML, like Gecko; compatible; ClaudeBot/1.0; +claudebot@anthropic.com)"
66.249.70.69 - - [15/Aug/2026:22:14:22 +0200] "GET /shop/customer/bookmark.php?items/F16042222683/ HTTP/1.1" 500 - "-" "Mozilla/5.0 (Linux; Android 6.0.1; Nexus 5X Build/MMB29P) AppleWebKit/537.36 (KHTML, like Gecko) Chrome/150.0.7871.186 Mobile Safari/537.36 (compatible; Googlebot/2.1; +http://www.google.com/bot.html)"
216.73.216.213 - - [15/Aug/2026:22:14:49 +0200] "GET /sitemap_6.xml HTTP/1.1" 500 - "-" "Mozilla/5.0 AppleWebKit/537.36 (KHTML, like Gecko; compatible; ClaudeBot/1.0; +claudebot@anthropic.com)"
66.249.70.69 - - [15/Aug/2026:22:15:28 +0200] "GET /shop/customer/bookmark.php?items/Q1600367369/ HTTP/1.1" 500 - "-" "Mozilla/5.0 (compatible; Googlebot/2.1; +http://www.google.com/bot.html)"
216.73.216.213 - - [15/Aug/2026:22:15:49 +0200] "GET /sitemap.xml HTTP/1.1" 500 - "-" "Mozilla/5.0 AppleWebKit/537.36 (KHTML, like Gecko; compatible; ClaudeBot/1.0; +claudebot@anthropic.com)"
66.249.70.68 - - [15/Aug/2026:22:16:29 +0200] "GET /shop/customer/bookmark.php?items/Y16021224425/ HTTP/1.1" 500 - "-" "Mozilla/5.0 (compatible; Googlebot/2.1; +http://www.google.com/bot.html)"
66.249.70.68 - - [15/Aug/2026:22:18:04 +0200] "GET /shop/customer/bookmark.php?items/T16021104200/ HTTP/1.1" 500 - "-" "Mozilla/5.0 (compatible; Googlebot/2.1; +http://www.google.com/bot.html)"
66.249.70.67 - - [15/Aug/2026:22:19:05 +0200] "GET /shop/customer/bookmark.php?items/X1601564774/ HTTP/1.1" 500 - "-" "Mozilla/5.0 (compatible; Googlebot/2.1; +http://www.google.com/bot.html)"
66.249.70.68 - - [15/Aug/2026:22:19:14 +0200] "GET /shop/customer/bookmark.php?items/T16052510147/ HTTP/1.1" 500 - "-" "Mozilla/5.0 (compatible; Googlebot/2.1; +http://www.google.com/bot.html)"
66.249.70.69 - - [15/Aug/2026:22:20:15 +0200] "GET /shop/customer/bookmark.php?items/N1600138594/ HTTP/1.1" 500 - "-" "Mozilla/5.0 (Linux; Android 6.0.1; Nexus 5X Build/MMB29P) AppleWebKit/537.36 (KHTML, like Gecko) Chrome/150.0.7871.186 Mobile Safari/537.36 (compatible; Googlebot/2.1; +http://www.google.com/bot.html)"
66.249.70.68 - - [15/Aug/2026:22:20:43 +0200] "GET /shop/customer/bookmark.php?items/T16052510147/ HTTP/1.1" 500 - "-" "Mozilla/5.0 (Linux; Android 6.0.1; Nexus 5X Build/MMB29P) AppleWebKit/537.36 (KHTML, like Gecko) Chrome/150.0.7871.186 Mobile Safari/537.36 (compatible; Googlebot/2.1; +http://www.google.com/bot.html)"
66.249.70.68 - - [15/Aug/2026:22:21:38 +0200] "GET /shop/customer/bookmark.php?items/C1600461187/ HTTP/1.1" 500 - "-" "Mozilla/5.0 (Linux; Android 6.0.1; Nexus 5X Build/MMB29P) AppleWebKit/537.36 (KHTML, like Gecko) Chrome/150.0.7871.186 Mobile Safari/537.36 (compatible; Googlebot/2.1; +http://www.google.com/bot.html)"
66.249.70.67 - - [15/Aug/2026:22:23:10 +0200] "GET /shop/customer/bookmark.php?items/O16042396909/ HTTP/1.1" 500 - "-" "Mozilla/5.0 (compatible; Googlebot/2.1; +http://www.google.com/bot.html)"
66.249.70.69 - - [15/Aug/2026:22:25:08 +0200] "GET /shop/customer/bookmark.php?items/K160071995/ HTTP/1.1" 500 - "-" "Mozilla/5.0 (compatible; Googlebot/2.1; +http://www.google.com/bot.html)"
66.249.70.69 - - [15/Aug/2026:22:26:19 +0200] "GET /shop/customer/bookmark.php?items/K16052728373/ HTTP/1.1" 500 - "-" "Mozilla/5.0 (Linux; Android 6.0.1; Nexus 5X Build/MMB29P) AppleWebKit/537.36 (KHTML, like Gecko) Chrome/150.0.7871.186 Mobile Safari/537.36 (compatible; Googlebot/2.1; +http://www.google.com/bot.html)"
66.249.70.67 - - [15/Aug/2026:22:27:07 +0200] "GET /shop/customer/bookmark.php?items/U16062861787/ HTTP/1.1" 500 - "-" "Mozilla/5.0 (Linux; Android 6.0.1; Nexus 5X Build/MMB29P) AppleWebKit/537.36 (KHTML, like Gecko) Chrome/150.0.7871.186 Mobile Safari/537.36 (compatible; Googlebot/2.1; +http://www.google.com/bot.html)"
66.249.70.67 - - [15/Aug/2026:22:27:31 +0200] "GET /shop/customer/bookmark.php?items/R16063226955/ HTTP/1.1" 500 - "-" "Mozilla/5.0 (compatible; Googlebot/2.1; +http://www.google.com/bot.html)"
66.249.70.67 - - [15/Aug/2026:22:27:58 +0200] "GET /shop/customer/bookmark.php?items/E16052670863/ HTTP/1.1" 500 - "-" "Mozilla/5.0 (compatible; Googlebot/2.1; +http://www.google.com/bot.html)"
114.119.138.251 - - [15/Aug/2026:22:30:19 +0200] "GET /sitemap_1.xml HTTP/1.1" 500 - "-" "Mozilla/5.0 (Linux; Android 7.0;) AppleWebKit/537.36 (KHTML, like Gecko) Mobile Safari/537.36 (compatible; PetalBot;+https://webmaster.petalsearch.com/site/petalbot)"
66.249.70.67 - - [15/Aug/2026:22:30:34 +0200] "GET /shop/customer/bookmark.php?items/U1600165332/ HTTP/1.1" 500 - "-" "Mozilla/5.0 (compatible; Googlebot/2.1; +http://www.google.com/bot.html)"
66.249.70.67 - - [15/Aug/2026:22:31:34 +0200] "GET /shop/customer/bookmark.php?items/Q16063053589/ HTTP/1.1" 500 - "-" "Mozilla/5.0 (compatible; Googlebot/2.1; +http://www.google.com/bot.html)"
66.249.70.68 - - [15/Aug/2026:22:32:05 +0200] "GET /shop/customer/bookmark.php?items/P1600188037/ HTTP/1.1" 500 - "-" "Mozilla/5.0 (Linux; Android 6.0.1; Nexus 5X Build/MMB29P) AppleWebKit/537.36 (KHTML, like Gecko) Chrome/150.0.7871.186 Mobile Safari/537.36 (compatible; Googlebot/2.1; +http://www.google.com/bot.html)"
66.249.70.67 - - [15/Aug/2026:22:32:43 +0200] "GET /shop/customer/bookmark.php?items/J1600274386/ HTTP/1.1" 500 - "-" "Mozilla/5.0 (compatible; Googlebot/2.1; +http://www.google.com/bot.html)"
66.249.70.69 - - [15/Aug/2026:22:33:41 +0200] "GET /shop/customer/bookmark.php?items/D16042257918/ HTTP/1.1" 500 - "-" "Mozilla/5.0 (Linux; Android 6.0.1; Nexus 5X Build/MMB29P) AppleWebKit/537.36 (KHTML, like Gecko) Chrome/150.0.7871.186 Mobile Safari/537.36 (compatible; Googlebot/2.1; +http://www.google.com/bot.html)"
66.249.70.69 - - [15/Aug/2026:22:34:14 +0200] "GET /shop/customer/bookmark.php?items/H16042051122/ HTTP/1.1" 500 - "-" "Mozilla/5.0 (Linux; Android 6.0.1; Nexus 5X Build/MMB29P) AppleWebKit/537.36 (KHTML, like Gecko) Chrome/150.0.7871.186 Mobile Safari/537.36 (compatible; Googlebot/2.1; +http://www.google.com/bot.html)"
66.249.70.67 - - [15/Aug/2026:22:34:36 +0200] "GET /shop/customer/bookmark.php?items/W16021005654/ HTTP/1.1" 500 - "-" "Mozilla/5.0 (Linux; Android 6.0.1; Nexus 5X Build/MMB29P) AppleWebKit/537.36 (KHTML, like Gecko) Chrome/150.0.7871.186 Mobile Safari/537.36 (compatible; Googlebot/2.1; +http://www.google.com/bot.html)"
66.249.70.69 - - [15/Aug/2026:22:37:00 +0200] "GET /shop/customer/bookmark.php?items/U1601903193/ HTTP/1.1" 500 - "-" "Mozilla/5.0 (compatible; Googlebot/2.1; +http://www.google.com/bot.html)"
66.249.70.68 - - [15/Aug/2026:22:37:22 +0200] "GET /shop/customer/bookmark.php?items/Q1600483395/ HTTP/1.1" 500 - "-" "Mozilla/5.0 (Linux; Android 6.0.1; Nexus 5X Build/MMB29P) AppleWebKit/537.36 (KHTML, like Gecko) Chrome/150.0.7871.186 Mobile Safari/537.36 (compatible; Googlebot/2.1; +http://www.google.com/bot.html)"
66.249.70.68 - - [15/Aug/2026:22:38:36 +0200] "GET /shop/customer/bookmark.php?items/R1601992713/ HTTP/1.1" 500 - "-" "Mozilla/5.0 (Linux; Android 6.0.1; Nexus 5X Build/MMB29P) AppleWebKit/537.36 (KHTML, like Gecko) Chrome/150.0.7871.186 Mobile Safari/537.36 (compatible; Googlebot/2.1; +http://www.google.com/bot.html)"
66.249.70.67 - - [15/Aug/2026:22:40:00 +0200] "GET /shop/customer/bookmark.php?items/D160096487/ HTTP/1.1" 500 - "-" "Mozilla/5.0 (Linux; Android 6.0.1; Nexus 5X Build/MMB29P) AppleWebKit/537.36 (KHTML, like Gecko) Chrome/150.0.7871.186 Mobile Safari/537.36 (compatible; Googlebot/2.1; +http://www.google.com/bot.html)"
66.249.70.68 - - [15/Aug/2026:22:40:54 +0200] "GET /shop/customer/bookmark.php?items/W16052612691/ HTTP/1.1" 500 - "-" "Mozilla/5.0 (compatible; Googlebot/2.1; +http://www.google.com/bot.html)"
66.249.70.67 - - [15/Aug/2026:22:41:58 +0200] "GET /shop/customer/bookmark.php?items/U1600463750/ HTTP/1.1" 500 - "-" "Mozilla/5.0 (Linux; Android 6.0.1; Nexus 5X Build/MMB29P) AppleWebKit/537.36 (KHTML, like Gecko) Chrome/150.0.7871.186 Mobile Safari/537.36 (compatible; Googlebot/2.1; +http://www.google.com/bot.html)"
66.249.70.67 - - [15/Aug/2026:22:43:22 +0200] "GET /shop/customer/bookmark.php?items/H16042140946/ HTTP/1.1" 500 - "-" "Mozilla/5.0 (compatible; Googlebot/2.1; +http://www.google.com/bot.html)"
66.249.70.67 - - [15/Aug/2026:22:44:58 +0200] "GET /shop/customer/bookmark.php?items/Z16042334178/ HTTP/1.1" 500 - "-" "Mozilla/5.0 (Linux; Android 6.0.1; Nexus 5X Build/MMB29P) AppleWebKit/537.36 (KHTML, like Gecko) Chrome/150.0.7871.186 Mobile Safari/537.36 (compatible; Googlebot/2.1; +http://www.google.com/bot.html)"
66.249.70.67 - - [15/Aug/2026:22:45:16 +0200] "GET /shop/customer/bookmark.php?items/W160040028/ HTTP/1.1" 500 - "-" "Mozilla/5.0 (Linux; Android 6.0.1; Nexus 5X Build/MMB29P) AppleWebKit/537.36 (KHTML, like Gecko) Chrome/150.0.7871.186 Mobile Safari/537.36 (compatible; Googlebot/2.1; +http://www.google.com/bot.html)"
66.249.70.67 - - [15/Aug/2026:22:45:53 +0200] "GET /shop/customer/bookmark.php?items/F1600159279/ HTTP/1.1" 500 - "-" "Mozilla/5.0 (compatible; Googlebot/2.1; +http://www.google.com/bot.html)"
43.131.243.61 - - [15/Aug/2026:22:45:57 +0200] "GET / HTTP/1.1" 500 - "-" "Mozilla/5.0 (iPhone; CPU iPhone OS 13_2_3 like Mac OS X) AppleWebKit/605.1.15 (KHTML, like Gecko) Version/13.0.3 Mobile/15E148 Safari/604.1"
66.249.70.68 - - [15/Aug/2026:22:46:03 +0200] "GET /shop/customer/bookmark.php?items/U1600165332/ HTTP/1.1" 500 - "-" "Mozilla/5.0 (Linux; Android 6.0.1; Nexus 5X Build/MMB29P) AppleWebKit/537.36 (KHTML, like Gecko) Chrome/150.0.7871.186 Mobile Safari/537.36 (compatible; Googlebot/2.1; +http://www.google.com/bot.html)"
66.249.70.69 - - [15/Aug/2026:22:47:47 +0200] "GET /shop/customer/bookmark.php?items/J1600187157/ HTTP/1.1" 500 - "-" "Mozilla/5.0 (Linux; Android 6.0.1; Nexus 5X Build/MMB29P) AppleWebKit/537.36 (KHTML, like Gecko) Chrome/150.0.7871.186 Mobile Safari/537.36 (compatible; Googlebot/2.1; +http://www.google.com/bot.html)"
66.249.70.68 - - [15/Aug/2026:22:48:37 +0200] "GET /shop/customer/bookmark.php?items/I16063183306/ HTTP/1.1" 500 - "-" "Mozilla/5.0 (compatible; Googlebot/2.1; +http://www.google.com/bot.html)"
66.249.70.68 - - [15/Aug/2026:22:49:14 +0200] "GET /shop/customer/bookmark.php?items/K160071995/ HTTP/1.1" 500 - "-" "Mozilla/5.0 (Linux; Android 6.0.1; Nexus 5X Build/MMB29P) AppleWebKit/537.36 (KHTML, like Gecko) Chrome/150.0.7871.186 Mobile Safari/537.36 (compatible; Googlebot/2.1; +http://www.google.com/bot.html)"
66.249.70.68 - - [15/Aug/2026:22:50:42 +0200] "GET /shop/customer/bookmark.php?items/W1600171389/ HTTP/1.1" 500 - "-" "Mozilla/5.0 (compatible; Googlebot/2.1; +http://www.google.com/bot.html)"
66.249.70.69 - - [15/Aug/2026:22:51:40 +0200] "GET /shop/customer/bookmark.php?items/O16042396909/ HTTP/1.1" 500 - "-" "Mozilla/5.0 (Linux; Android 6.0.1; Nexus 5X Build/MMB29P) AppleWebKit/537.36 (KHTML, like Gecko) Chrome/150.0.7871.186 Mobile Safari/537.36 (compatible; Googlebot/2.1; +http://www.google.com/bot.html)"
66.249.70.69 - - [15/Aug/2026:22:53:10 +0200] "GET /shop/customer/bookmark.php?items/Z16063101857/ HTTP/1.1" 500 - "-" "Mozilla/5.0 (Linux; Android 6.0.1; Nexus 5X Build/MMB29P) AppleWebKit/537.36 (KHTML, like Gecko) Chrome/150.0.7871.186 Mobile Safari/537.36 (compatible; Googlebot/2.1; +http://www.google.com/bot.html)"
66.249.70.69 - - [15/Aug/2026:22:54:24 +0200] "GET /shop/customer/bookmark.php?items/X16052674181/ HTTP/1.1" 500 - "-" "Mozilla/5.0 (compatible; Googlebot/2.1; +http://www.google.com/bot.html)"
66.249.70.68 - - [15/Aug/2026:22:55:08 +0200] "GET /shop/customer/bookmark.php?items/X16052674181/ HTTP/1.1" 500 - "-" "Mozilla/5.0 (Linux; Android 6.0.1; Nexus 5X Build/MMB29P) AppleWebKit/537.36 (KHTML, like Gecko) Chrome/150.0.7871.186 Mobile Safari/537.36 (compatible; Googlebot/2.1; +http://www.google.com/bot.html)"
66.249.70.67 - - [15/Aug/2026:22:55:42 +0200] "GET /shop/customer/bookmark.php?items/Z16063156636/ HTTP/1.1" 500 - "-" "Mozilla/5.0 (compatible; Googlebot/2.1; +http://www.google.com/bot.html)"
66.249.70.67 - - [15/Aug/2026:22:56:49 +0200] "GET /shop/customer/bookmark.php?items/L16021066006/ HTTP/1.1" 500 - "-" "Mozilla/5.0 (Linux; Android 6.0.1; Nexus 5X Build/MMB29P) AppleWebKit/537.36 (KHTML, like Gecko) Chrome/150.0.7871.186 Mobile Safari/537.36 (compatible; Googlebot/2.1; +http://www.google.com/bot.html)"
66.249.70.68 - - [15/Aug/2026:22:57:15 +0200] "GET /shop/customer/bookmark.php?items/E1600208083/ HTTP/1.1" 500 - "-" "Mozilla/5.0 (compatible; Googlebot/2.1; +http://www.google.com/bot.html)"
66.249.70.69 - - [15/Aug/2026:22:58:14 +0200] "GET /shop/customer/bookmark.php?items/G16063223687/ HTTP/1.1" 500 - "-" "Mozilla/5.0 (compatible; Googlebot/2.1; +http://www.google.com/bot.html)"
66.249.70.68 - - [15/Aug/2026:22:59:52 +0200] "GET /shop/customer/bookmark.php?items/V1601628168/ HTTP/1.1" 500 - "-" "Mozilla/5.0 (Linux; Android 6.0.1; Nexus 5X Build/MMB29P) AppleWebKit/537.36 (KHTML, like Gecko) Chrome/150.0.7871.186 Mobile Safari/537.36 (compatible; Googlebot/2.1; +http://www.google.com/bot.html)"
66.249.70.68 - - [15/Aug/2026:23:01:03 +0200] "GET /shop/customer/bookmark.php?items/G16021003226/ HTTP/1.1" 500 - "-" "Mozilla/5.0 (Linux; Android 6.0.1; Nexus 5X Build/MMB29P) AppleWebKit/537.36 (KHTML, like Gecko) Chrome/150.0.7871.186 Mobile Safari/537.36 (compatible; Googlebot/2.1; +http://www.google.com/bot.html)"
66.249.70.68 - - [15/Aug/2026:23:01:11 +0200] "GET /shop/customer/bookmark.php?items/T16042086476/ HTTP/1.1" 500 - "-" "Mozilla/5.0 (Linux; Android 6.0.1; Nexus 5X Build/MMB29P) AppleWebKit/537.36 (KHTML, like Gecko) Chrome/150.0.7871.186 Mobile Safari/537.36 (compatible; Googlebot/2.1; +http://www.google.com/bot.html)"
121.40.86.84 - - [15/Aug/2026:23:01:30 +0200] "GET /index.php/Api/version HTTP/1.1" 500 - "-" "Mozilla/5.0 (Windows NT 10.0; Win64; x64) AppleWebKit/537.36 (KHTML, like Gecko) Chrome/138.0.0.0 Safari/537.36"
66.249.70.67 - - [15/Aug/2026:23:01:51 +0200] "GET /shop/customer/bookmark.php?items/J16042406046/ HTTP/1.1" 500 - "-" "Mozilla/5.0 (compatible; Googlebot/2.1; +http://www.google.com/bot.html)"
66.249.70.68 - - [15/Aug/2026:23:03:03 +0200] "GET /shop/customer/bookmark.php?items/E1600270076/ HTTP/1.1" 500 - "-" "Mozilla/5.0 (compatible; Googlebot/2.1; +http://www.google.com/bot.html)"
161.123.231.89 - - [15/Aug/2026:23:03:25 +0200] "GET /app-ads.txt HTTP/1.1" 500 - "-" "Mozilla/5.0 (Macintosh; Intel Mac OS X 10_15_7) AppleWebKit/537.36 (KHTML, like Gecko) Chrome/124.0.0.0 Safari/537.36"
66.249.70.67 - - [15/Aug/2026:23:04:06 +0200] "GET /shop/customer/bookmark.php?items/D16063130946/ HTTP/1.1" 500 - "-" "Mozilla/5.0 (Linux; Android 6.0.1; Nexus 5X Build/MMB29P) AppleWebKit/537.36 (KHTML, like Gecko) Chrome/150.0.7871.186 Mobile Safari/537.36 (compatible; Googlebot/2.1; +http://www.google.com/bot.html)"
65.98.5.196 - - [15/Aug/2026:23:04:07 +0200] "GET / HTTP/1.1" 500 - "-" "Mozilla/5.0 (Windows NT 10.0; Win64; x64) AppleWebKit/537.36 (KHTML, like Gecko) Chrome/130.0.0.0 Safari/537.36 Edg/130.0.0.0"
65.98.5.196 - - [15/Aug/2026:23:04:19 +0200] "GET /wp-login.php HTTP/1.1" 500 - "-" "Mozilla/5.0 (iPhone; CPU iPhone OS 17_0 like Mac OS X) AppleWebKit/605.1.15 (KHTML, like Gecko) Version/17.0 Mobile/15E148 Safari/604.1"
65.98.5.196 - - [15/Aug/2026:23:04:27 +0200] "GET /feed/ HTTP/1.1" 500 - "-" "Mozilla/5.0 (Windows NT 10.0; Win64; x64; rv:133.0) Gecko/20100101 Firefox/133.0"
66.249.70.67 - - [15/Aug/2026:23:04:37 +0200] "GET /shop/customer/bookmark.php?items/C16021195294/ HTTP/1.1" 500 - "-" "Mozilla/5.0 (Linux; Android 6.0.1; Nexus 5X Build/MMB29P) AppleWebKit/537.36 (KHTML, like Gecko) Chrome/150.0.7871.186 Mobile Safari/537.36 (compatible; Googlebot/2.1; +http://www.google.com/bot.html)"
65.98.5.196 - - [15/Aug/2026:23:04:50 +0200] "POST /?rest_route=/batch/v1 HTTP/1.1" 500 - "-" "Mozilla/5.0 (iPhone; CPU iPhone OS 17_0 like Mac OS X) AppleWebKit/605.1.15 (KHTML, like Gecko) Version/17.0 Mobile/15E148 Safari/604.1"
66.249.70.68 - - [15/Aug/2026:23:05:02 +0200] "GET /shop/customer/bookmark.php?items/Q16021438192/ HTTP/1.1" 500 - "-" "Mozilla/5.0 (compatible; Googlebot/2.1; +http://www.google.com/bot.html)"
65.98.5.196 - - [15/Aug/2026:23:04:53 +0200] "POST /wp-json/batch/v1 HTTP/1.1" 500 - "-" "Mozilla/5.0 (iPhone; CPU iPhone OS 17_0 like Mac OS X) AppleWebKit/605.1.15 (KHTML, like Gecko) Version/17.0 Mobile/15E148 Safari/604.1"
66.249.70.68 - - [15/Aug/2026:23:05:09 +0200] "GET /shop/customer/bookmark.php?items/N16063036809/ HTTP/1.1" 500 - "-" "Mozilla/5.0 (compatible; Googlebot/2.1; +http://www.google.com/bot.html)"
66.249.70.67 - - [15/Aug/2026:23:05:48 +0200] "GET /shop/customer/bookmark.php?items/W1601691861/ HTTP/1.1" 500 - "-" "Mozilla/5.0 (Linux; Android 6.0.1; Nexus 5X Build/MMB29P) AppleWebKit/537.36 (KHTML, like Gecko) Chrome/150.0.7871.186 Mobile Safari/537.36 (compatible; Googlebot/2.1; +http://www.google.com/bot.html)"
66.249.70.67 - - [15/Aug/2026:23:05:56 +0200] "GET /shop/customer/bookmark.php?items/F1601670469/ HTTP/1.1" 500 - "-" "Mozilla/5.0 (Linux; Android 6.0.1; Nexus 5X Build/MMB29P) AppleWebKit/537.36 (KHTML, like Gecko) Chrome/150.0.7871.186 Mobile Safari/537.36 (compatible; Googlebot/2.1; +http://www.google.com/bot.html)"
66.249.70.69 - - [15/Aug/2026:23:06:03 +0200] "GET /shop/customer/bookmark.php?items/Z16042266256/ HTTP/1.1" 500 - "-" "Mozilla/5.0 (Linux; Android 6.0.1; Nexus 5X Build/MMB29P) AppleWebKit/537.36 (KHTML, like Gecko) Chrome/150.0.7871.186 Mobile Safari/537.36 (compatible; Googlebot/2.1; +http://www.google.com/bot.html)"
66.249.70.68 - - [15/Aug/2026:23:06:58 +0200] "GET /shop/customer/bookmark.php?items/J16042255047/ HTTP/1.1" 500 - "-" "Mozilla/5.0 (compatible; Googlebot/2.1; +http://www.google.com/bot.html)"
66.249.70.67 - - [15/Aug/2026:23:08:06 +0200] "GET /shop/customer/bookmark.php?items/B16021488713/ HTTP/1.1" 500 - "-" "Mozilla/5.0 (compatible; Googlebot/2.1; +http://www.google.com/bot.html)"
66.249.70.67 - - [15/Aug/2026:23:09:08 +0200] "GET /shop/customer/bookmark.php?items/G16021023433/ HTTP/1.1" 500 - "-" "Mozilla/5.0 (Linux; Android 6.0.1; Nexus 5X Build/MMB29P) AppleWebKit/537.36 (KHTML, like Gecko) Chrome/150.0.7871.186 Mobile Safari/537.36 (compatible; Googlebot/2.1; +http://www.google.com/bot.html)"
66.249.70.67 - - [15/Aug/2026:23:09:55 +0200] "GET /shop/customer/bookmark.php?items/Y160011585/ HTTP/1.1" 500 - "-" "Mozilla/5.0 (Linux; Android 6.0.1; Nexus 5X Build/MMB29P) AppleWebKit/537.36 (KHTML, like Gecko) Chrome/150.0.7871.186 Mobile Safari/537.36 (compatible; Googlebot/2.1; +http://www.google.com/bot.html)"
66.249.70.67 - - [15/Aug/2026:23:10:22 +0200] "GET /shop/customer/bookmark.php?items/J16062828491/ HTTP/1.1" 500 - "-" "Mozilla/5.0 (compatible; Googlebot/2.1; +http://www.google.com/bot.html)"
66.249.70.67 - - [15/Aug/2026:23:10:50 +0200] "GET /shop/customer/bookmark.php?items/X16052529949/ HTTP/1.1" 500 - "-" "Mozilla/5.0 (Linux; Android 6.0.1; Nexus 5X Build/MMB29P) AppleWebKit/537.36 (KHTML, like Gecko) Chrome/150.0.7871.186 Mobile Safari/537.36 (compatible; Googlebot/2.1; +http://www.google.com/bot.html)"
66.249.70.67 - - [15/Aug/2026:23:11:56 +0200] "GET /shop/customer/bookmark.php?items/Z16031979888/ HTTP/1.1" 500 - "-" "Mozilla/5.0 (Linux; Android 6.0.1; Nexus 5X Build/MMB29P) AppleWebKit/537.36 (KHTML, like Gecko) Chrome/150.0.7871.186 Mobile Safari/537.36 (compatible; Googlebot/2.1; +http://www.google.com/bot.html)"
66.249.70.69 - - [15/Aug/2026:23:13:31 +0200] "GET /shop/customer/bookmark.php?items/I1601513135/ HTTP/1.1" 500 - "-" "Mozilla/5.0 (Linux; Android 6.0.1; Nexus 5X Build/MMB29P) AppleWebKit/537.36 (KHTML, like Gecko) Chrome/150.0.7871.186 Mobile Safari/537.36 (compatible; Googlebot/2.1; +http://www.google.com/bot.html)"
66.249.70.68 - - [15/Aug/2026:23:14:03 +0200] "GET /shop/customer/bookmark.php?items/L1601649448/ HTTP/1.1" 500 - "-" "Mozilla/5.0 (Linux; Android 6.0.1; Nexus 5X Build/MMB29P) AppleWebKit/537.36 (KHTML, like Gecko) Chrome/150.0.7871.186 Mobile Safari/537.36 (compatible; Googlebot/2.1; +http://www.google.com/bot.html)"
66.249.70.68 - - [15/Aug/2026:23:17:03 +0200] "GET /shop/customer/bookmark.php?items/B16062835392/ HTTP/1.1" 500 - "-" "Mozilla/5.0 (Linux; Android 6.0.1; Nexus 5X Build/MMB29P) AppleWebKit/537.36 (KHTML, like Gecko) Chrome/150.0.7871.186 Mobile Safari/537.36 (compatible; Googlebot/2.1; +http://www.google.com/bot.html)"
66.249.70.67 - - [15/Aug/2026:23:18:15 +0200] "GET /shop/customer/bookmark.php?items/S16063186418/ HTTP/1.1" 500 - "-" "Mozilla/5.0 (compatible; Googlebot/2.1; +http://www.google.com/bot.html)"
66.249.70.69 - - [15/Aug/2026:23:19:55 +0200] "GET /shop/customer/bookmark.php?items/R1600458317/ HTTP/1.1" 500 - "-" "Mozilla/5.0 (compatible; Googlebot/2.1; +http://www.google.com/bot.html)"
66.249.70.68 - - [15/Aug/2026:23:20:38 +0200] "GET /shop/customer/bookmark.php?items/F16021454606/ HTTP/1.1" 500 - "-" "Mozilla/5.0 (Linux; Android 6.0.1; Nexus 5X Build/MMB29P) AppleWebKit/537.36 (KHTML, like Gecko) Chrome/150.0.7871.186 Mobile Safari/537.36 (compatible; Googlebot/2.1; +http://www.google.com/bot.html)"
