66.249.70.68 - - [16/Aug/2026:07:14:20 +0200] "GET /shop/customer/bookmark.php?items/G1600170227/ HTTP/1.1" 500 - "-" "Mozilla/5.0 (compatible; Googlebot/2.1; +http://www.google.com/bot.html)"
66.249.70.68 - - [16/Aug/2026:07:14:33 +0200] "GET /shop/customer/bookmark.php?items/G16021180852/ HTTP/1.1" 500 - "-" "Mozilla/5.0 (compatible; Googlebot/2.1; +http://www.google.com/bot.html)"
66.249.70.67 - - [16/Aug/2026:07:14:46 +0200] "GET /shop/customer/bookmark.php?items/M16021315602/ HTTP/1.1" 500 - "-" "Mozilla/5.0 (Linux; Android 6.0.1; Nexus 5X Build/MMB29P) AppleWebKit/537.36 (KHTML, like Gecko) Chrome/150.0.7871.186 Mobile Safari/537.36 (compatible; Googlebot/2.1; +http://www.google.com/bot.html)"
66.249.70.69 - - [16/Aug/2026:07:15:19 +0200] "GET /shop/customer/bookmark.php?items/Z16042159796/ HTTP/1.1" 500 - "-" "Mozilla/5.0 (Linux; Android 6.0.1; Nexus 5X Build/MMB29P) AppleWebKit/537.36 (KHTML, like Gecko) Chrome/150.0.7871.186 Mobile Safari/537.36 (compatible; Googlebot/2.1; +http://www.google.com/bot.html)"
66.249.70.67 - - [16/Aug/2026:07:15:58 +0200] "GET /shop/customer/bookmark.php?items/I16021418778/ HTTP/1.1" 500 - "-" "Mozilla/5.0 (Linux; Android 6.0.1; Nexus 5X Build/MMB29P) AppleWebKit/537.36 (KHTML, like Gecko) Chrome/150.0.7871.186 Mobile Safari/537.36 (compatible; Googlebot/2.1; +http://www.google.com/bot.html)"
66.249.70.67 - - [16/Aug/2026:07:16:54 +0200] "GET /shop/customer/bookmark.php?items/I16021487236/ HTTP/1.1" 500 - "-" "Mozilla/5.0 (Linux; Android 6.0.1; Nexus 5X Build/MMB29P) AppleWebKit/537.36 (KHTML, like Gecko) Chrome/150.0.7871.186 Mobile Safari/537.36 (compatible; Googlebot/2.1; +http://www.google.com/bot.html)"
66.249.70.67 - - [16/Aug/2026:07:17:27 +0200] "GET /shop/customer/bookmark.php?items/Z160020181/ HTTP/1.1" 500 - "-" "Mozilla/5.0 (compatible; Googlebot/2.1; +http://www.google.com/bot.html)"
66.249.70.67 - - [16/Aug/2026:07:17:35 +0200] "GET /shop/customer/bookmark.php?items/W16042039535/ HTTP/1.1" 500 - "-" "Mozilla/5.0 (Linux; Android 6.0.1; Nexus 5X Build/MMB29P) AppleWebKit/537.36 (KHTML, like Gecko) Chrome/150.0.7871.186 Mobile Safari/537.36 (compatible; Googlebot/2.1; +http://www.google.com/bot.html)"
66.249.70.69 - - [16/Aug/2026:07:18:05 +0200] "GET /shop/customer/bookmark.php?items/R16042266440/ HTTP/1.1" 500 - "-" "Mozilla/5.0 (Linux; Android 6.0.1; Nexus 5X Build/MMB29P) AppleWebKit/537.36 (KHTML, like Gecko) Chrome/150.0.7871.186 Mobile Safari/537.36 (compatible; Googlebot/2.1; +http://www.google.com/bot.html)"
66.249.70.67 - - [16/Aug/2026:07:18:14 +0200] "GET /shop/customer/bookmark.php?items/Q16021355530/ HTTP/1.1" 500 - "-" "Mozilla/5.0 (Linux; Android 6.0.1; Nexus 5X Build/MMB29P) AppleWebKit/537.36 (KHTML, like Gecko) Chrome/150.0.7871.186 Mobile Safari/537.36 (compatible; Googlebot/2.1; +http://www.google.com/bot.html)"
66.249.70.67 - - [16/Aug/2026:07:18:25 +0200] "GET /shop/customer/bookmark.php?items/H16042225601/ HTTP/1.1" 500 - "-" "Mozilla/5.0 (compatible; Googlebot/2.1; +http://www.google.com/bot.html)"
66.249.70.67 - - [16/Aug/2026:07:18:34 +0200] "GET /shop/customer/bookmark.php?items/F1600259409/ HTTP/1.1" 500 - "-" "Mozilla/5.0 (compatible; Googlebot/2.1; +http://www.google.com/bot.html)"
66.249.70.69 - - [16/Aug/2026:07:19:28 +0200] "GET /shop/customer/bookmark.php?items/T16021082325/ HTTP/1.1" 500 - "-" "Mozilla/5.0 (compatible; Googlebot/2.1; +http://www.google.com/bot.html)"
66.249.70.67 - - [16/Aug/2026:07:19:41 +0200] "GET /shop/customer/bookmark.php?items/X1600141540/ HTTP/1.1" 500 - "-" "Mozilla/5.0 (Linux; Android 6.0.1; Nexus 5X Build/MMB29P) AppleWebKit/537.36 (KHTML, like Gecko) Chrome/150.0.7871.186 Mobile Safari/537.36 (compatible; Googlebot/2.1; +http://www.google.com/bot.html)"
66.249.70.69 - - [16/Aug/2026:07:20:28 +0200] "GET /shop/customer/bookmark.php?items/D1601667182/ HTTP/1.1" 500 - "-" "Mozilla/5.0 (compatible; Googlebot/2.1; +http://www.google.com/bot.html)"
66.249.70.67 - - [16/Aug/2026:07:20:41 +0200] "GET /shop/customer/bookmark.php?items/W1600212585/ HTTP/1.1" 500 - "-" "Mozilla/5.0 (Linux; Android 6.0.1; Nexus 5X Build/MMB29P) AppleWebKit/537.36 (KHTML, like Gecko) Chrome/150.0.7871.186 Mobile Safari/537.36 (compatible; Googlebot/2.1; +http://www.google.com/bot.html)"
66.249.70.67 - - [16/Aug/2026:07:21:28 +0200] "GET /shop/customer/bookmark.php?items/O16042097809/ HTTP/1.1" 500 - "-" "Mozilla/5.0 (compatible; Googlebot/2.1; +http://www.google.com/bot.html)"
66.249.70.68 - - [16/Aug/2026:07:21:51 +0200] "GET /shop/customer/bookmark.php?items/I16021492502/ HTTP/1.1" 500 - "-" "Mozilla/5.0 (Linux; Android 6.0.1; Nexus 5X Build/MMB29P) AppleWebKit/537.36 (KHTML, like Gecko) Chrome/150.0.7871.186 Mobile Safari/537.36 (compatible; Googlebot/2.1; +http://www.google.com/bot.html)"
66.249.70.67 - - [16/Aug/2026:07:22:03 +0200] "GET /shop/customer/bookmark.php?items/M1601886950/ HTTP/1.1" 500 - "-" "Mozilla/5.0 (compatible; Googlebot/2.1; +http://www.google.com/bot.html)"
66.249.70.67 - - [16/Aug/2026:07:22:14 +0200] "GET /shop/customer/bookmark.php?items/O16052616771/ HTTP/1.1" 500 - "-" "Mozilla/5.0 (compatible; Googlebot/2.1; +http://www.google.com/bot.html)"
66.249.70.67 - - [16/Aug/2026:07:22:50 +0200] "GET /shop/customer/bookmark.php?items/M16042056715/ HTTP/1.1" 500 - "-" "Mozilla/5.0 (Linux; Android 6.0.1; Nexus 5X Build/MMB29P) AppleWebKit/537.36 (KHTML, like Gecko) Chrome/150.0.7871.186 Mobile Safari/537.36 (compatible; Googlebot/2.1; +http://www.google.com/bot.html)"
66.249.70.68 - - [16/Aug/2026:07:23:46 +0200] "GET /shop/customer/bookmark.php?items/E1601790174/ HTTP/1.1" 500 - "-" "Mozilla/5.0 (Linux; Android 6.0.1; Nexus 5X Build/MMB29P) AppleWebKit/537.36 (KHTML, like Gecko) Chrome/150.0.7871.186 Mobile Safari/537.36 (compatible; Googlebot/2.1; +http://www.google.com/bot.html)"
66.249.70.68 - - [16/Aug/2026:07:24:46 +0200] "GET /shop/customer/bookmark.php?items/N1600147791/ HTTP/1.1" 500 - "-" "Mozilla/5.0 (Linux; Android 6.0.1; Nexus 5X Build/MMB29P) AppleWebKit/537.36 (KHTML, like Gecko) Chrome/150.0.7871.186 Mobile Safari/537.36 (compatible; Googlebot/2.1; +http://www.google.com/bot.html)"
66.249.70.69 - - [16/Aug/2026:07:25:12 +0200] "GET /shop/customer/bookmark.php?items/G16062847976/ HTTP/1.1" 500 - "-" "Mozilla/5.0 (Linux; Android 6.0.1; Nexus 5X Build/MMB29P) AppleWebKit/537.36 (KHTML, like Gecko) Chrome/150.0.7871.186 Mobile Safari/537.36 (compatible; Googlebot/2.1; +http://www.google.com/bot.html)"
66.249.70.69 - - [16/Aug/2026:07:26:11 +0200] "GET /shop/customer/bookmark.php?items/G1600346942/ HTTP/1.1" 500 - "-" "Mozilla/5.0 (compatible; Googlebot/2.1; +http://www.google.com/bot.html)"
66.249.70.67 - - [16/Aug/2026:07:26:27 +0200] "GET /shop/customer/bookmark.php?items/J16021071990/ HTTP/1.1" 500 - "-" "Mozilla/5.0 (compatible; Googlebot/2.1; +http://www.google.com/bot.html)"
66.249.70.67 - - [16/Aug/2026:07:26:43 +0200] "GET /shop/customer/bookmark.php?items/E1600273566/ HTTP/1.1" 500 - "-" "Mozilla/5.0 (Linux; Android 6.0.1; Nexus 5X Build/MMB29P) AppleWebKit/537.36 (KHTML, like Gecko) Chrome/150.0.7871.186 Mobile Safari/537.36 (compatible; Googlebot/2.1; +http://www.google.com/bot.html)"
66.249.70.67 - - [16/Aug/2026:07:26:59 +0200] "GET /shop/customer/bookmark.php?items/A16042302273/ HTTP/1.1" 500 - "-" "Mozilla/5.0 (Linux; Android 6.0.1; Nexus 5X Build/MMB29P) AppleWebKit/537.36 (KHTML, like Gecko) Chrome/150.0.7871.186 Mobile Safari/537.36 (compatible; Googlebot/2.1; +http://www.google.com/bot.html)"
66.249.70.67 - - [16/Aug/2026:07:27:51 +0200] "GET /shop/customer/bookmark.php?items/X16042062509/ HTTP/1.1" 500 - "-" "Mozilla/5.0 (Linux; Android 6.0.1; Nexus 5X Build/MMB29P) AppleWebKit/537.36 (KHTML, like Gecko) Chrome/150.0.7871.186 Mobile Safari/537.36 (compatible; Googlebot/2.1; +http://www.google.com/bot.html)"
66.249.70.67 - - [16/Aug/2026:07:28:03 +0200] "GET /shop/customer/bookmark.php?items/I1601555023/ HTTP/1.1" 500 - "-" "Mozilla/5.0 (compatible; Googlebot/2.1; +http://www.google.com/bot.html)"
66.249.70.67 - - [16/Aug/2026:07:28:45 +0200] "GET /shop/customer/bookmark.php?items/Y1600269245/ HTTP/1.1" 500 - "-" "Mozilla/5.0 (compatible; Googlebot/2.1; +http://www.google.com/bot.html)"
154.3.156.175 - - [16/Aug/2026:07:29:14 +0200] "GET / HTTP/1.1" 500 - "-" "Mozilla/5.0 (Macintosh; Intel Mac OS X 10_15_7) AppleWebKit/537.36 (KHTML, like Gecko) Chrome/123.0.0.0 Safari/537.36 Edg/123.0.0.0"
66.249.70.67 - - [16/Aug/2026:07:29:09 +0200] "GET /shop/customer/bookmark.php?items/T16042263868/ HTTP/1.1" 500 - "-" "Mozilla/5.0 (Linux; Android 6.0.1; Nexus 5X Build/MMB29P) AppleWebKit/537.36 (KHTML, like Gecko) Chrome/150.0.7871.186 Mobile Safari/537.36 (compatible; Googlebot/2.1; +http://www.google.com/bot.html)"
107.175.110.213 - - [16/Aug/2026:07:29:18 +0200] "GET / HTTP/1.1" 500 - "http://pixelika.net/" "Mozilla/5.0 (X11; Linux x86_64) AppleWebKit/537.36 (KHTML, like Gecko) Chrome/117.0.0.0 Safari/537.36 OPR/89.0.0.0"
66.249.70.67 - - [16/Aug/2026:07:29:21 +0200] "GET /shop/customer/bookmark.php?items/S1600171354/ HTTP/1.1" 500 - "-" "Mozilla/5.0 (compatible; Googlebot/2.1; +http://www.google.com/bot.html)"
107.175.110.213 - - [16/Aug/2026:07:29:25 +0200] "GET / HTTP/1.1" 500 - "http://www.pixelika.net/" "Mozilla/5.0 (X11; Linux x86_64) AppleWebKit/537.36 (KHTML, like Gecko) Chrome/117.0.0.0 Safari/537.36 OPR/89.0.0.0"
107.173.95.70 - - [16/Aug/2026:07:29:37 +0200] "GET / HTTP/1.1" 500 - "-" "Mozilla/5.0 (X11; Linux x86_64) AppleWebKit/537.36 (KHTML, like Gecko) Chrome/113.0.0.0 Safari/537.36 OPR/99.0.0.0"
103.74.176.146 - - [16/Aug/2026:07:29:50 +0200] "GET / HTTP/1.1" 500 - "-" "Mozilla/5.0 (Macintosh; Intel Mac OS X 10_15_7) AppleWebKit/537.36 (KHTML, like Gecko) Chrome/133.0.0.0 Safari/537.36 Edg/133.0.0.0"
103.69.146.152 - - [16/Aug/2026:07:29:53 +0200] "GET / HTTP/1.1" 500 - "-" "Mozilla/5.0 (Windows NT 10.0; Win64; x64) AppleWebKit/537.36 (KHTML, like Gecko) Chrome/123.0.0.0 Safari/537.36 Edg/123.0.0.0"
154.49.203.54 - - [16/Aug/2026:07:30:04 +0200] "GET / HTTP/1.1" 500 - "-" "Mozilla/5.0 (X11; Linux x86_64) AppleWebKit/537.36 (KHTML, like Gecko) Chrome/124.0.0.0 Safari/537.36"
102.203.40.141 - - [16/Aug/2026:07:30:16 +0200] "GET / HTTP/1.1" 500 - "http://pixelika.net/" "Mozilla/5.0 (Macintosh; Intel Mac OS X 10_15_7) AppleWebKit/605.1.15 (KHTML, like Gecko) Version/15.3 Safari/605.1.15"
149.18.184.19 - - [16/Aug/2026:07:30:27 +0200] "GET / HTTP/1.1" 500 - "-" "Mozilla/5.0 (Windows NT 10.0; Win64; x64; rv:125.0) Gecko/20100101 Firefox/125.0"
104.194.205.234 - - [16/Aug/2026:07:30:30 +0200] "GET / HTTP/1.1" 500 - "https://www.google.net/" "Mozilla/5.0 (Windows NT 10.0; Win64; x64) AppleWebKit/537.36 (KHTML, like Gecko) Chrome/119.0.0.0 Safari/537.36 OPR/105.0.0.0"
222.252.34.53 - - [16/Aug/2026:07:30:43 +0200] "GET / HTTP/1.1" 500 - "https://www.yahoo.net/" "Mozilla/5.0 (X11; Linux x86_64; rv:124.0) Gecko/20100101 Firefox/124.0"
222.252.34.53 - - [16/Aug/2026:07:30:48 +0200] "GET / HTTP/1.1" 500 - "http://www.pixelika.net/" "Mozilla/5.0 (X11; Linux x86_64; rv:124.0) Gecko/20100101 Firefox/124.0"
66.249.70.67 - - [16/Aug/2026:07:30:53 +0200] "GET /shop/customer/bookmark.php?items/M16021165749/ HTTP/1.1" 500 - "-" "Mozilla/5.0 (Linux; Android 6.0.1; Nexus 5X Build/MMB29P) AppleWebKit/537.36 (KHTML, like Gecko) Chrome/150.0.7871.186 Mobile Safari/537.36 (compatible; Googlebot/2.1; +http://www.google.com/bot.html)"
66.249.70.68 - - [16/Aug/2026:07:31:43 +0200] "GET /shop/customer/bookmark.php?items/N1601764242/ HTTP/1.1" 500 - "-" "Mozilla/5.0 (compatible; Googlebot/2.1; +http://www.google.com/bot.html)"
66.249.70.67 - - [16/Aug/2026:07:31:55 +0200] "GET /shop/customer/bookmark.php?items/N1600440188/ HTTP/1.1" 500 - "-" "Mozilla/5.0 (Linux; Android 6.0.1; Nexus 5X Build/MMB29P) AppleWebKit/537.36 (KHTML, like Gecko) Chrome/150.0.7871.186 Mobile Safari/537.36 (compatible; Googlebot/2.1; +http://www.google.com/bot.html)"
66.249.70.68 - - [16/Aug/2026:07:32:06 +0200] "GET /shop/customer/bookmark.php?items/N1601764242/ HTTP/1.1" 500 - "-" "Mozilla/5.0 (Linux; Android 6.0.1; Nexus 5X Build/MMB29P) AppleWebKit/537.36 (KHTML, like Gecko) Chrome/150.0.7871.186 Mobile Safari/537.36 (compatible; Googlebot/2.1; +http://www.google.com/bot.html)"
66.249.70.69 - - [16/Aug/2026:07:33:19 +0200] "GET /shop/customer/bookmark.php?items/W16042123897/ HTTP/1.1" 500 - "-" "Mozilla/5.0 (compatible; Googlebot/2.1; +http://www.google.com/bot.html)"
66.249.70.68 - - [16/Aug/2026:07:33:32 +0200] "GET /shop/customer/bookmark.php?items/Y16042199901/ HTTP/1.1" 500 - "-" "Mozilla/5.0 (Linux; Android 6.0.1; Nexus 5X Build/MMB29P) AppleWebKit/537.36 (KHTML, like Gecko) Chrome/150.0.7871.186 Mobile Safari/537.36 (compatible; Googlebot/2.1; +http://www.google.com/bot.html)"
66.249.70.67 - - [16/Aug/2026:07:33:45 +0200] "GET /shop/customer/bookmark.php?items/W160067024/ HTTP/1.1" 500 - "-" "Mozilla/5.0 (Linux; Android 6.0.1; Nexus 5X Build/MMB29P) AppleWebKit/537.36 (KHTML, like Gecko) Chrome/150.0.7871.186 Mobile Safari/537.36 (compatible; Googlebot/2.1; +http://www.google.com/bot.html)"
66.249.70.67 - - [16/Aug/2026:07:34:17 +0200] "GET /shop/customer/bookmark.php?items/E1601874108/ HTTP/1.1" 500 - "-" "Mozilla/5.0 (Linux; Android 6.0.1; Nexus 5X Build/MMB29P) AppleWebKit/537.36 (KHTML, like Gecko) Chrome/150.0.7871.186 Mobile Safari/537.36 (compatible; Googlebot/2.1; +http://www.google.com/bot.html)"
66.249.70.68 - - [16/Aug/2026:07:35:34 +0200] "GET /shop/customer/bookmark.php?items/S16042222689/ HTTP/1.1" 500 - "-" "Mozilla/5.0 (compatible; Googlebot/2.1; +http://www.google.com/bot.html)"
66.249.70.67 - - [16/Aug/2026:07:35:48 +0200] "GET /shop/customer/bookmark.php?items/Y16042356455/ HTTP/1.1" 500 - "-" "Mozilla/5.0 (Linux; Android 6.0.1; Nexus 5X Build/MMB29P) AppleWebKit/537.36 (KHTML, like Gecko) Chrome/150.0.7871.186 Mobile Safari/537.36 (compatible; Googlebot/2.1; +http://www.google.com/bot.html)"
66.249.70.67 - - [16/Aug/2026:07:36:02 +0200] "GET /shop/customer/bookmark.php?items/F16042155898/ HTTP/1.1" 500 - "-" "Mozilla/5.0 (compatible; Googlebot/2.1; +http://www.google.com/bot.html)"
66.249.70.68 - - [16/Aug/2026:07:37:03 +0200] "GET /shop/customer/bookmark.php?items/A1601544256/ HTTP/1.1" 500 - "-" "Mozilla/5.0 (compatible; Googlebot/2.1; +http://www.google.com/bot.html)"
66.249.70.67 - - [16/Aug/2026:07:37:17 +0200] "GET /shop/customer/bookmark.php?items/U1601954229/ HTTP/1.1" 500 - "-" "Mozilla/5.0 (Linux; Android 6.0.1; Nexus 5X Build/MMB29P) AppleWebKit/537.36 (KHTML, like Gecko) Chrome/150.0.7871.186 Mobile Safari/537.36 (compatible; Googlebot/2.1; +http://www.google.com/bot.html)"
66.249.70.67 - - [16/Aug/2026:07:37:29 +0200] "GET /shop/customer/bookmark.php?items/W16021461676/ HTTP/1.1" 500 - "-" "Mozilla/5.0 (compatible; Googlebot/2.1; +http://www.google.com/bot.html)"
66.249.70.67 - - [16/Aug/2026:07:37:52 +0200] "GET /shop/customer/bookmark.php?items/O16063189386/ HTTP/1.1" 500 - "-" "Mozilla/5.0 (compatible; Googlebot/2.1; +http://www.google.com/bot.html)"
66.249.70.67 - - [16/Aug/2026:07:38:25 +0200] "GET /shop/customer/bookmark.php?items/T1601866335/ HTTP/1.1" 500 - "-" "Mozilla/5.0 (compatible; Googlebot/2.1; +http://www.google.com/bot.html)"
66.249.70.68 - - [16/Aug/2026:07:38:34 +0200] "GET /shop/customer/bookmark.php?items/Y1600129137/ HTTP/1.1" 500 - "-" "Mozilla/5.0 (Linux; Android 6.0.1; Nexus 5X Build/MMB29P) AppleWebKit/537.36 (KHTML, like Gecko) Chrome/150.0.7871.186 Mobile Safari/537.36 (compatible; Googlebot/2.1; +http://www.google.com/bot.html)"
66.249.70.67 - - [16/Aug/2026:07:39:04 +0200] "GET /shop/customer/bookmark.php?items/T1601866335/ HTTP/1.1" 500 - "-" "Mozilla/5.0 (compatible; Googlebot/2.1; +http://www.google.com/bot.html)"
66.249.70.68 - - [16/Aug/2026:07:39:14 +0200] "GET /shop/customer/bookmark.php?items/Y1600129137/ HTTP/1.1" 500 - "-" "Mozilla/5.0 (compatible; Googlebot/2.1; +http://www.google.com/bot.html)"
66.249.70.67 - - [16/Aug/2026:07:39:26 +0200] "GET /shop/customer/bookmark.php?items/I16021471438/ HTTP/1.1" 500 - "-" "Mozilla/5.0 (Linux; Android 6.0.1; Nexus 5X Build/MMB29P) AppleWebKit/537.36 (KHTML, like Gecko) Chrome/150.0.7871.186 Mobile Safari/537.36 (compatible; Googlebot/2.1; +http://www.google.com/bot.html)"
66.249.70.67 - - [16/Aug/2026:07:39:46 +0200] "GET /shop/customer/bookmark.php?items/H16021123330/ HTTP/1.1" 500 - "-" "Mozilla/5.0 (Linux; Android 6.0.1; Nexus 5X Build/MMB29P) AppleWebKit/537.36 (KHTML, like Gecko) Chrome/150.0.7871.186 Mobile Safari/537.36 (compatible; Googlebot/2.1; +http://www.google.com/bot.html)"
66.249.70.68 - - [16/Aug/2026:07:40:08 +0200] "GET /shop/customer/bookmark.php?items/A16042023637/ HTTP/1.1" 500 - "-" "Mozilla/5.0 (Linux; Android 6.0.1; Nexus 5X Build/MMB29P) AppleWebKit/537.36 (KHTML, like Gecko) Chrome/150.0.7871.186 Mobile Safari/537.36 (compatible; Googlebot/2.1; +http://www.google.com/bot.html)"
66.249.70.67 - - [16/Aug/2026:07:40:17 +0200] "GET /shop/customer/bookmark.php?items/Y16042290013/ HTTP/1.1" 500 - "-" "Mozilla/5.0 (compatible; Googlebot/2.1; +http://www.google.com/bot.html)"
66.249.70.69 - - [16/Aug/2026:07:41:16 +0200] "GET /shop/customer/bookmark.php?items/C1601658645/ HTTP/1.1" 500 - "-" "Mozilla/5.0 (Linux; Android 6.0.1; Nexus 5X Build/MMB29P) AppleWebKit/537.36 (KHTML, like Gecko) Chrome/150.0.7871.186 Mobile Safari/537.36 (compatible; Googlebot/2.1; +http://www.google.com/bot.html)"
66.249.70.68 - - [16/Aug/2026:07:41:39 +0200] "GET /shop/customer/bookmark.php?items/N1600274675/ HTTP/1.1" 500 - "-" "Mozilla/5.0 (Linux; Android 6.0.1; Nexus 5X Build/MMB29P) AppleWebKit/537.36 (KHTML, like Gecko) Chrome/150.0.7871.186 Mobile Safari/537.36 (compatible; Googlebot/2.1; +http://www.google.com/bot.html)"
66.249.70.69 - - [16/Aug/2026:07:42:10 +0200] "GET /shop/customer/bookmark.php?items/G16052523883/ HTTP/1.1" 500 - "-" "Mozilla/5.0 (compatible; Googlebot/2.1; +http://www.google.com/bot.html)"
66.249.70.68 - - [16/Aug/2026:07:42:23 +0200] "GET /shop/customer/bookmark.php?items/U16021246731/ HTTP/1.1" 500 - "-" "Mozilla/5.0 (Linux; Android 6.0.1; Nexus 5X Build/MMB29P) AppleWebKit/537.36 (KHTML, like Gecko) Chrome/150.0.7871.186 Mobile Safari/537.36 (compatible; Googlebot/2.1; +http://www.google.com/bot.html)"
66.249.70.67 - - [16/Aug/2026:07:42:54 +0200] "GET /shop/customer/bookmark.php?items/J16905395060/ HTTP/1.1" 500 - "-" "Mozilla/5.0 (Linux; Android 6.0.1; Nexus 5X Build/MMB29P) AppleWebKit/537.36 (KHTML, like Gecko) Chrome/150.0.7871.186 Mobile Safari/537.36 (compatible; Googlebot/2.1; +http://www.google.com/bot.html)"
66.249.70.68 - - [16/Aug/2026:07:43:16 +0200] "GET /shop/customer/bookmark.php?items/Z16021292765/ HTTP/1.1" 500 - "-" "Mozilla/5.0 (compatible; Googlebot/2.1; +http://www.google.com/bot.html)"
66.249.70.67 - - [16/Aug/2026:07:44:10 +0200] "GET /shop/customer/bookmark.php?items/Z16021292765/ HTTP/1.1" 500 - "-" "Mozilla/5.0 (Linux; Android 6.0.1; Nexus 5X Build/MMB29P) AppleWebKit/537.36 (KHTML, like Gecko) Chrome/150.0.7871.186 Mobile Safari/537.36 (compatible; Googlebot/2.1; +http://www.google.com/bot.html)"
66.249.70.68 - - [16/Aug/2026:07:44:31 +0200] "GET /shop/customer/bookmark.php?items/S1601947185/ HTTP/1.1" 500 - "-" "Mozilla/5.0 (Linux; Android 6.0.1; Nexus 5X Build/MMB29P) AppleWebKit/537.36 (KHTML, like Gecko) Chrome/150.0.7871.186 Mobile Safari/537.36 (compatible; Googlebot/2.1; +http://www.google.com/bot.html)"
66.249.70.68 - - [16/Aug/2026:07:45:19 +0200] "GET /shop/customer/bookmark.php?items/S1600487571/ HTTP/1.1" 500 - "-" "Mozilla/5.0 (Linux; Android 6.0.1; Nexus 5X Build/MMB29P) AppleWebKit/537.36 (KHTML, like Gecko) Chrome/150.0.7871.186 Mobile Safari/537.36 (compatible; Googlebot/2.1; +http://www.google.com/bot.html)"
66.249.70.69 - - [16/Aug/2026:07:45:30 +0200] "GET /shop/customer/bookmark.php?items/J1600200830/ HTTP/1.1" 500 - "-" "Mozilla/5.0 (compatible; Googlebot/2.1; +http://www.google.com/bot.html)"
66.249.70.67 - - [16/Aug/2026:07:45:59 +0200] "GET /shop/customer/bookmark.php?items/W160092318/ HTTP/1.1" 500 - "-" "Mozilla/5.0 (Linux; Android 6.0.1; Nexus 5X Build/MMB29P) AppleWebKit/537.36 (KHTML, like Gecko) Chrome/150.0.7871.186 Mobile Safari/537.36 (compatible; Googlebot/2.1; +http://www.google.com/bot.html)"
66.249.70.67 - - [16/Aug/2026:07:46:38 +0200] "GET /shop/customer/bookmark.php?items/U1601527158/ HTTP/1.1" 500 - "-" "Mozilla/5.0 (compatible; Googlebot/2.1; +http://www.google.com/bot.html)"
66.249.70.67 - - [16/Aug/2026:07:46:59 +0200] "GET /shop/customer/bookmark.php?items/C1600394719/ HTTP/1.1" 500 - "-" "Mozilla/5.0 (Linux; Android 6.0.1; Nexus 5X Build/MMB29P) AppleWebKit/537.36 (KHTML, like Gecko) Chrome/150.0.7871.186 Mobile Safari/537.36 (compatible; Googlebot/2.1; +http://www.google.com/bot.html)"
66.249.70.67 - - [16/Aug/2026:07:47:50 +0200] "GET /shop/customer/bookmark.php?items/V1601970893/ HTTP/1.1" 500 - "-" "Mozilla/5.0 (Linux; Android 6.0.1; Nexus 5X Build/MMB29P) AppleWebKit/537.36 (KHTML, like Gecko) Chrome/150.0.7871.186 Mobile Safari/537.36 (compatible; Googlebot/2.1; +http://www.google.com/bot.html)"
66.249.70.67 - - [16/Aug/2026:07:48:38 +0200] "GET /shop/customer/bookmark.php?items/T1601550311/ HTTP/1.1" 500 - "-" "Mozilla/5.0 (Linux; Android 6.0.1; Nexus 5X Build/MMB29P) AppleWebKit/537.36 (KHTML, like Gecko) Chrome/150.0.7871.186 Mobile Safari/537.36 (compatible; Googlebot/2.1; +http://www.google.com/bot.html)"
66.249.70.67 - - [16/Aug/2026:07:48:50 +0200] "GET /shop/customer/bookmark.php?items/E16042267320/ HTTP/1.1" 500 - "-" "Mozilla/5.0 (Linux; Android 6.0.1; Nexus 5X Build/MMB29P) AppleWebKit/537.36 (KHTML, like Gecko) Chrome/150.0.7871.186 Mobile Safari/537.36 (compatible; Googlebot/2.1; +http://www.google.com/bot.html)"
66.249.70.67 - - [16/Aug/2026:07:49:33 +0200] "GET /shop/customer/bookmark.php?items/Q16062967004/ HTTP/1.1" 500 - "-" "Mozilla/5.0 (compatible; Googlebot/2.1; +http://www.google.com/bot.html)"
66.249.70.67 - - [16/Aug/2026:07:49:58 +0200] "GET /shop/customer/bookmark.php?items/V16042185198/ HTTP/1.1" 500 - "-" "Mozilla/5.0 (Linux; Android 6.0.1; Nexus 5X Build/MMB29P) AppleWebKit/537.36 (KHTML, like Gecko) Chrome/150.0.7871.186 Mobile Safari/537.36 (compatible; Googlebot/2.1; +http://www.google.com/bot.html)"
66.249.70.67 - - [16/Aug/2026:07:50:19 +0200] "GET /shop/customer/bookmark.php?items/P1600355845/ HTTP/1.1" 500 - "-" "Mozilla/5.0 (Linux; Android 6.0.1; Nexus 5X Build/MMB29P) AppleWebKit/537.36 (KHTML, like Gecko) Chrome/150.0.7871.186 Mobile Safari/537.36 (compatible; Googlebot/2.1; +http://www.google.com/bot.html)"
66.249.70.67 - - [16/Aug/2026:07:50:29 +0200] "GET /shop/customer/bookmark.php?items/Q16062967004/ HTTP/1.1" 500 - "-" "Mozilla/5.0 (Linux; Android 6.0.1; Nexus 5X Build/MMB29P) AppleWebKit/537.36 (KHTML, like Gecko) Chrome/150.0.7871.186 Mobile Safari/537.36 (compatible; Googlebot/2.1; +http://www.google.com/bot.html)"
66.249.70.67 - - [16/Aug/2026:07:51:00 +0200] "GET /shop/customer/bookmark.php?items/A16042334846/ HTTP/1.1" 500 - "-" "Mozilla/5.0 (compatible; Googlebot/2.1; +http://www.google.com/bot.html)"
66.249.70.67 - - [16/Aug/2026:07:51:31 +0200] "GET /shop/customer/bookmark.php?items/P16052564495/ HTTP/1.1" 500 - "-" "Mozilla/5.0 (Linux; Android 6.0.1; Nexus 5X Build/MMB29P) AppleWebKit/537.36 (KHTML, like Gecko) Chrome/150.0.7871.186 Mobile Safari/537.36 (compatible; Googlebot/2.1; +http://www.google.com/bot.html)"
66.249.70.67 - - [16/Aug/2026:07:52:08 +0200] "GET /shop/customer/bookmark.php?items/J1601522662/ HTTP/1.1" 500 - "-" "Mozilla/5.0 (Linux; Android 6.0.1; Nexus 5X Build/MMB29P) AppleWebKit/537.36 (KHTML, like Gecko) Chrome/150.0.7871.186 Mobile Safari/537.36 (compatible; Googlebot/2.1; +http://www.google.com/bot.html)"
66.249.70.68 - - [16/Aug/2026:07:52:18 +0200] "GET /shop/customer/bookmark.php?items/L1601713251/ HTTP/1.1" 500 - "-" "Mozilla/5.0 (Linux; Android 6.0.1; Nexus 5X Build/MMB29P) AppleWebKit/537.36 (KHTML, like Gecko) Chrome/150.0.7871.186 Mobile Safari/537.36 (compatible; Googlebot/2.1; +http://www.google.com/bot.html)"
66.249.70.67 - - [16/Aug/2026:07:52:29 +0200] "GET /shop/customer/bookmark.php?items/C1601687697/ HTTP/1.1" 500 - "-" "Mozilla/5.0 (Linux; Android 6.0.1; Nexus 5X Build/MMB29P) AppleWebKit/537.36 (KHTML, like Gecko) Chrome/150.0.7871.186 Mobile Safari/537.36 (compatible; Googlebot/2.1; +http://www.google.com/bot.html)"
66.249.70.67 - - [16/Aug/2026:07:52:38 +0200] "GET /shop/customer/bookmark.php?items/W1600462949/ HTTP/1.1" 500 - "-" "Mozilla/5.0 (Linux; Android 6.0.1; Nexus 5X Build/MMB29P) AppleWebKit/537.36 (KHTML, like Gecko) Chrome/150.0.7871.186 Mobile Safari/537.36 (compatible; Googlebot/2.1; +http://www.google.com/bot.html)"
66.249.70.69 - - [16/Aug/2026:07:53:07 +0200] "GET /shop/customer/bookmark.php?items/C16021063746/ HTTP/1.1" 500 - "-" "Mozilla/5.0 (compatible; Googlebot/2.1; +http://www.google.com/bot.html)"
66.249.70.67 - - [16/Aug/2026:07:53:16 +0200] "GET /shop/customer/bookmark.php?items/V16063067389/ HTTP/1.1" 500 - "-" "Mozilla/5.0 (compatible; Googlebot/2.1; +http://www.google.com/bot.html)"
66.249.70.67 - - [16/Aug/2026:07:53:33 +0200] "GET /shop/customer/bookmark.php?items/S16052612243/ HTTP/1.1" 500 - "-" "Mozilla/5.0 (Linux; Android 6.0.1; Nexus 5X Build/MMB29P) AppleWebKit/537.36 (KHTML, like Gecko) Chrome/150.0.7871.186 Mobile Safari/537.36 (compatible; Googlebot/2.1; +http://www.google.com/bot.html)"
66.249.70.67 - - [16/Aug/2026:07:53:42 +0200] "GET /shop/customer/bookmark.php?items/C1600300000/ HTTP/1.1" 500 - "-" "Mozilla/5.0 (Linux; Android 6.0.1; Nexus 5X Build/MMB29P) AppleWebKit/537.36 (KHTML, like Gecko) Chrome/150.0.7871.186 Mobile Safari/537.36 (compatible; Googlebot/2.1; +http://www.google.com/bot.html)"
66.249.70.69 - - [16/Aug/2026:07:54:35 +0200] "GET /shop/customer/bookmark.php?items/D1600266995/ HTTP/1.1" 500 - "-" "Mozilla/5.0 (Linux; Android 6.0.1; Nexus 5X Build/MMB29P) AppleWebKit/537.36 (KHTML, like Gecko) Chrome/150.0.7871.186 Mobile Safari/537.36 (compatible; Googlebot/2.1; +http://www.google.com/bot.html)"
20.24.67.246 - - [16/Aug/2026:07:54:27 +0200] "GET /wp-content/plugins/hellopress/wp_filemanager.php HTTP/1.1" 500 - "-" "-"
20.24.67.246 - - [16/Aug/2026:07:54:38 +0200] "GET /this_is_a_new_hello_world.php HTTP/1.1" 500 - "-" "-"
66.249.70.67 - - [16/Aug/2026:07:54:46 +0200] "GET /shop/customer/bookmark.php?items/P1600217585/ HTTP/1.1" 500 - "-" "Mozilla/5.0 (compatible; Googlebot/2.1; +http://www.google.com/bot.html)"
20.24.67.246 - - [16/Aug/2026:07:54:49 +0200] "GET //aa.php HTTP/1.1" 500 - "-" "-"
66.249.70.67 - - [16/Aug/2026:07:54:55 +0200] "GET /shop/customer/bookmark.php?items/B1600183003/ HTTP/1.1" 500 - "-" "Mozilla/5.0 (compatible; Googlebot/2.1; +http://www.google.com/bot.html)"
20.24.67.246 - - [16/Aug/2026:07:54:59 +0200] "GET //av.php HTTP/1.1" 500 - "-" "-"
20.24.67.246 - - [16/Aug/2026:07:55:10 +0200] "GET /media.php HTTP/1.1" 500 - "-" "-"
20.24.67.246 - - [16/Aug/2026:07:55:13 +0200] "GET /images.php HTTP/1.1" 500 - "-" "-"
20.24.67.246 - - [16/Aug/2026:07:55:24 +0200] "GET /admin.php HTTP/1.1" 500 - "-" "-"
20.24.67.246 - - [16/Aug/2026:07:55:27 +0200] "GET /222.php HTTP/1.1" 500 - "-" "-"
20.24.67.246 - - [16/Aug/2026:07:55:38 +0200] "GET /mac.php HTTP/1.1" 500 - "-" "-"
20.24.67.246 - - [16/Aug/2026:07:55:41 +0200] "GET /ops.php HTTP/1.1" 500 - "-" "-"
66.249.70.67 - - [16/Aug/2026:07:55:52 +0200] "GET /shop/customer/bookmark.php?items/T16042407337/ HTTP/1.1" 500 - "-" "Mozilla/5.0 (compatible; Googlebot/2.1; +http://www.google.com/bot.html)"
20.24.67.246 - - [16/Aug/2026:07:55:52 +0200] "GET /8.php HTTP/1.1" 500 - "-" "-"
66.249.70.67 - - [16/Aug/2026:07:56:01 +0200] "GET /shop/customer/bookmark.php?items/F16062918947/ HTTP/1.1" 500 - "-" "Mozilla/5.0 (Linux; Android 6.0.1; Nexus 5X Build/MMB29P) AppleWebKit/537.36 (KHTML, like Gecko) Chrome/150.0.7871.186 Mobile Safari/537.36 (compatible; Googlebot/2.1; +http://www.google.com/bot.html)"
20.24.67.246 - - [16/Aug/2026:07:56:04 +0200] "GET /biufile.php HTTP/1.1" 500 - "-" "-"
66.249.70.69 - - [16/Aug/2026:07:56:12 +0200] "GET /shop/customer/bookmark.php?items/B1601572453/ HTTP/1.1" 500 - "-" "Mozilla/5.0 (Linux; Android 6.0.1; Nexus 5X Build/MMB29P) AppleWebKit/537.36 (KHTML, like Gecko) Chrome/150.0.7871.186 Mobile Safari/537.36 (compatible; Googlebot/2.1; +http://www.google.com/bot.html)"
20.24.67.246 - - [16/Aug/2026:07:56:15 +0200] "GET /coffexium.php HTTP/1.1" 500 - "-" "-"
20.24.67.246 - - [16/Aug/2026:07:56:26 +0200] "GET /1.php HTTP/1.1" 500 - "-" "-"
20.24.67.246 - - [16/Aug/2026:07:56:37 +0200] "GET /coffee.php HTTP/1.1" 500 - "-" "-"
20.24.67.246 - - [16/Aug/2026:07:56:48 +0200] "GET /classwithtostring.php?p= HTTP/1.1" 500 - "-" "-"
20.24.67.246 - - [16/Aug/2026:07:56:50 +0200] "GET /wp-ws68.php?p= HTTP/1.1" 500 - "-" "-"
66.249.70.68 - - [16/Aug/2026:07:56:44 +0200] "GET /shop/customer/bookmark.php?items/O1601705476/ HTTP/1.1" 500 - "-" "Mozilla/5.0 (Linux; Android 6.0.1; Nexus 5X Build/MMB29P) AppleWebKit/537.36 (KHTML, like Gecko) Chrome/150.0.7871.186 Mobile Safari/537.36 (compatible; Googlebot/2.1; +http://www.google.com/bot.html)"
20.24.67.246 - - [16/Aug/2026:07:56:52 +0200] "GET /yj09.php HTTP/1.1" 500 - "-" "-"
20.24.67.246 - - [16/Aug/2026:07:57:03 +0200] "GET /scxy.php HTTP/1.1" 500 - "-" "-"
20.24.67.246 - - [16/Aug/2026:07:57:05 +0200] "GET /3PJcpMFsD8B.php HTTP/1.1" 500 - "-" "-"
66.249.70.67 - - [16/Aug/2026:07:56:56 +0200] "GET /shop/customer/bookmark.php?items/H16021159826/ HTTP/1.1" 500 - "-" "Mozilla/5.0 (Linux; Android 6.0.1; Nexus 5X Build/MMB29P) AppleWebKit/537.36 (KHTML, like Gecko) Chrome/150.0.7871.186 Mobile Safari/537.36 (compatible; Googlebot/2.1; +http://www.google.com/bot.html)"
20.24.67.246 - - [16/Aug/2026:07:57:07 +0200] "GET /BDKR28WP.php HTTP/1.1" 500 - "-" "-"
20.24.67.246 - - [16/Aug/2026:07:57:18 +0200] "GET /4PJcpMFsD8B.php HTTP/1.1" 500 - "-" "-"
20.24.67.246 - - [16/Aug/2026:07:57:29 +0200] "GET /1xmomo.php HTTP/1.1" 500 - "-" "-"
66.249.70.67 - - [16/Aug/2026:07:57:41 +0200] "GET /shop/customer/bookmark.php?items/Q16042018892/ HTTP/1.1" 500 - "-" "Mozilla/5.0 (Linux; Android 6.0.1; Nexus 5X Build/MMB29P) AppleWebKit/537.36 (KHTML, like Gecko) Chrome/150.0.7871.186 Mobile Safari/537.36 (compatible; Googlebot/2.1; +http://www.google.com/bot.html)"
20.24.67.246 - - [16/Aug/2026:07:57:40 +0200] "GET /blurbs.php HTTP/1.1" 500 - "-" "-"
66.249.70.67 - - [16/Aug/2026:07:57:53 +0200] "GET /shop/customer/bookmark.php?items/N16021050879/ HTTP/1.1" 500 - "-" "Mozilla/5.0 (Linux; Android 6.0.1; Nexus 5X Build/MMB29P) AppleWebKit/537.36 (KHTML, like Gecko) Chrome/150.0.7871.186 Mobile Safari/537.36 (compatible; Googlebot/2.1; +http://www.google.com/bot.html)"
20.24.67.246 - - [16/Aug/2026:07:57:52 +0200] "GET /bajah.php HTTP/1.1" 500 - "-" "-"
20.24.67.246 - - [16/Aug/2026:07:58:03 +0200] "GET /domvf.php HTTP/1.1" 500 - "-" "-"
20.24.67.246 - - [16/Aug/2026:07:58:13 +0200] "GET /fpwch.php HTTP/1.1" 500 - "-" "-"
20.24.67.246 - - [16/Aug/2026:07:58:16 +0200] "GET /sf.php HTTP/1.1" 500 - "-" "-"
20.24.67.246 - - [16/Aug/2026:07:58:19 +0200] "GET /xx.php HTTP/1.1" 500 - "-" "-"
20.24.67.246 - - [16/Aug/2026:07:58:22 +0200] "GET /adminner.php HTTP/1.1" 500 - "-" "-"
20.24.67.246 - - [16/Aug/2026:07:58:34 +0200] "GET /wp-admin/css/colors/modern/ HTTP/1.1" 500 - "-" "-"
20.24.67.246 - - [16/Aug/2026:07:58:37 +0200] "GET //wp-includes/assets/ HTTP/1.1" 500 - "-" "-"
66.249.70.68 - - [16/Aug/2026:07:58:33 +0200] "GET /shop/customer/bookmark.php?items/F1600312109/ HTTP/1.1" 500 - "-" "Mozilla/5.0 (compatible; Googlebot/2.1; +http://www.google.com/bot.html)"
20.24.67.246 - - [16/Aug/2026:07:58:40 +0200] "GET /wp-admin/css/colors/sunrise/ HTTP/1.1" 500 - "-" "-"
20.24.67.246 - - [16/Aug/2026:07:58:54 +0200] "GET //wp-includes/l10n/ HTTP/1.1" 500 - "-" "-"
20.24.67.246 - - [16/Aug/2026:07:58:58 +0200] "GET /wp-content/uploads/ HTTP/1.1" 500 - "-" "-"
66.249.70.69 - - [16/Aug/2026:07:59:00 +0200] "GET /shop/customer/bookmark.php?items/T16063076785/ HTTP/1.1" 500 - "-" "Mozilla/5.0 (Linux; Android 6.0.1; Nexus 5X Build/MMB29P) AppleWebKit/537.36 (KHTML, like Gecko) Chrome/150.0.7871.186 Mobile Safari/537.36 (compatible; Googlebot/2.1; +http://www.google.com/bot.html)"
20.24.67.246 - - [16/Aug/2026:07:59:10 +0200] "GET //abcd.php HTTP/1.1" 500 - "-" "-"
20.24.67.246 - - [16/Aug/2026:07:59:20 +0200] "GET //cgi-bin/index.php HTTP/1.1" 500 - "-" "-"
66.249.70.67 - - [16/Aug/2026:07:59:13 +0200] "GET /shop/customer/bookmark.php?items/K16042119927/ HTTP/1.1" 500 - "-" "Mozilla/5.0 (Linux; Android 6.0.1; Nexus 5X Build/MMB29P) AppleWebKit/537.36 (KHTML, like Gecko) Chrome/150.0.7871.186 Mobile Safari/537.36 (compatible; Googlebot/2.1; +http://www.google.com/bot.html)"
20.24.67.246 - - [16/Aug/2026:07:59:22 +0200] "GET //wp-includes/css/dist/ HTTP/1.1" 500 - "-" "-"
20.24.67.246 - - [16/Aug/2026:07:59:24 +0200] "GET //adminfuns.php HTTP/1.1" 500 - "-" "-"
20.24.67.246 - - [16/Aug/2026:07:59:35 +0200] "GET /wp-content/themes/index.php HTTP/1.1" 500 - "-" "-"
20.24.67.246 - - [16/Aug/2026:07:59:38 +0200] "GET /wp-blog.php HTTP/1.1" 500 - "-" "-"
66.249.70.67 - - [16/Aug/2026:07:59:59 +0200] "GET /shop/customer/bookmark.php?items/D1600371373/ HTTP/1.1" 500 - "-" "Mozilla/5.0 (Linux; Android 6.0.1; Nexus 5X Build/MMB29P) AppleWebKit/537.36 (KHTML, like Gecko) Chrome/150.0.7871.186 Mobile Safari/537.36 (compatible; Googlebot/2.1; +http://www.google.com/bot.html)"
20.24.67.246 - - [16/Aug/2026:07:59:50 +0200] "GET //wp-includes/js/jquery/ HTTP/1.1" 500 - "-" "-"
66.249.70.67 - - [16/Aug/2026:08:00:11 +0200] "GET /shop/customer/bookmark.php?items/N16021054426/ HTTP/1.1" 500 - "-" "Mozilla/5.0 (Linux; Android 6.0.1; Nexus 5X Build/MMB29P) AppleWebKit/537.36 (KHTML, like Gecko) Chrome/150.0.7871.186 Mobile Safari/537.36 (compatible; Googlebot/2.1; +http://www.google.com/bot.html)"
20.24.67.246 - - [16/Aug/2026:08:00:03 +0200] "GET //wp-content/admin.php HTTP/1.1" 500 - "-" "-"
66.249.70.67 - - [16/Aug/2026:08:00:21 +0200] "GET /shop/customer/bookmark.php?items/T16063057597/ HTTP/1.1" 500 - "-" "Mozilla/5.0 (Linux; Android 6.0.1; Nexus 5X Build/MMB29P) AppleWebKit/537.36 (KHTML, like Gecko) Chrome/150.0.7871.186 Mobile Safari/537.36 (compatible; Googlebot/2.1; +http://www.google.com/bot.html)"
20.24.67.246 - - [16/Aug/2026:08:00:14 +0200] "GET /wp-includes/blocks/details/ HTTP/1.1" 500 - "-" "-"
20.24.67.246 - - [16/Aug/2026:08:00:24 +0200] "GET /wp-includes/blocks/audi/ HTTP/1.1" 500 - "-" "-"
20.24.67.246 - - [16/Aug/2026:08:00:35 +0200] "GET /.well-known/about.php HTTP/1.1" 500 - "-" "-"
20.24.67.246 - - [16/Aug/2026:08:00:44 +0200] "GET /wp-includes/ID3/about.php HTTP/1.1" 500 - "-" "-"
66.249.70.67 - - [16/Aug/2026:08:00:50 +0200] "GET /shop/customer/bookmark.php?items/J1600196116/ HTTP/1.1" 500 - "-" "Mozilla/5.0 (compatible; Googlebot/2.1; +http://www.google.com/bot.html)"
20.24.67.246 - - [16/Aug/2026:08:01:01 +0200] "GET /wp-includes/Text/ HTTP/1.1" 500 - "-" "-"
20.24.67.246 - - [16/Aug/2026:08:01:11 +0200] "GET /goods.php HTTP/1.1" 500 - "-" "-"
66.249.70.68 - - [16/Aug/2026:08:01:09 +0200] "GET /shop/customer/bookmark.php?items/L16042435475/ HTTP/1.1" 500 - "-" "Mozilla/5.0 (compatible; Googlebot/2.1; +http://www.google.com/bot.html)"
66.249.70.67 - - [16/Aug/2026:08:01:19 +0200] "GET /shop/customer/bookmark.php?items/B1600167593/ HTTP/1.1" 500 - "-" "Mozilla/5.0 (Linux; Android 6.0.1; Nexus 5X Build/MMB29P) AppleWebKit/537.36 (KHTML, like Gecko) Chrome/150.0.7871.186 Mobile Safari/537.36 (compatible; Googlebot/2.1; +http://www.google.com/bot.html)"
20.24.67.246 - - [16/Aug/2026:08:00:46 +0200] "GET //wp-includes/assets/ HTTP/1.1" 500 - "-" "-"
66.249.70.67 - - [16/Aug/2026:08:01:50 +0200] "GET /shop/customer/bookmark.php?items/C1600357704/ HTTP/1.1" 500 - "-" "Mozilla/5.0 (compatible; Googlebot/2.1; +http://www.google.com/bot.html)"
66.249.70.67 - - [16/Aug/2026:08:02:02 +0200] "GET /shop/customer/bookmark.php?items/Z1600463443/ HTTP/1.1" 500 - "-" "Mozilla/5.0 (Linux; Android 6.0.1; Nexus 5X Build/MMB29P) AppleWebKit/537.36 (KHTML, like Gecko) Chrome/150.0.7871.186 Mobile Safari/537.36 (compatible; Googlebot/2.1; +http://www.google.com/bot.html)"
47.79.85.74 - - [16/Aug/2026:08:01:59 +0200] "POST /?rest_route=/batch/v1 HTTP/1.1" 500 - "-" "Mozilla/5.0 (Windows NT 10.0; Win64; x64) AppleWebKit/537.36 (KHTML, like Gecko) Chrome/124.0.0.0 Safari/537.36 Edg/124.0.0.0"
66.249.70.67 - - [16/Aug/2026:08:02:45 +0200] "GET /shop/customer/bookmark.php?items/X16042474757/ HTTP/1.1" 500 - "-" "Mozilla/5.0 (compatible; Googlebot/2.1; +http://www.google.com/bot.html)"
66.249.70.67 - - [16/Aug/2026:08:02:58 +0200] "GET /shop/customer/bookmark.php?items/K16042329949/ HTTP/1.1" 500 - "-" "Mozilla/5.0 (Linux; Android 6.0.1; Nexus 5X Build/MMB29P) AppleWebKit/537.36 (KHTML, like Gecko) Chrome/150.0.7871.186 Mobile Safari/537.36 (compatible; Googlebot/2.1; +http://www.google.com/bot.html)"
66.249.70.67 - - [16/Aug/2026:08:03:25 +0200] "GET /shop/customer/bookmark.php?items/T1601864160/ HTTP/1.1" 500 - "-" "Mozilla/5.0 (Linux; Android 6.0.1; Nexus 5X Build/MMB29P) AppleWebKit/537.36 (KHTML, like Gecko) Chrome/150.0.7871.186 Mobile Safari/537.36 (compatible; Googlebot/2.1; +http://www.google.com/bot.html)"
66.249.70.67 - - [16/Aug/2026:08:03:58 +0200] "GET /shop/customer/bookmark.php?items/B16063239252/ HTTP/1.1" 500 - "-" "Mozilla/5.0 (Linux; Android 6.0.1; Nexus 5X Build/MMB29P) AppleWebKit/537.36 (KHTML, like Gecko) Chrome/150.0.7871.186 Mobile Safari/537.36 (compatible; Googlebot/2.1; +http://www.google.com/bot.html)"
66.249.70.69 - - [16/Aug/2026:08:04:11 +0200] "GET /shop/customer/bookmark.php?items/V16042216390/ HTTP/1.1" 500 - "-" "Mozilla/5.0 (Linux; Android 6.0.1; Nexus 5X Build/MMB29P) AppleWebKit/537.36 (KHTML, like Gecko) Chrome/150.0.7871.186 Mobile Safari/537.36 (compatible; Googlebot/2.1; +http://www.google.com/bot.html)"
66.249.70.68 - - [16/Aug/2026:08:04:42 +0200] "GET /shop/customer/bookmark.php?items/M16021371475/ HTTP/1.1" 500 - "-" "Mozilla/5.0 (Linux; Android 6.0.1; Nexus 5X Build/MMB29P) AppleWebKit/537.36 (KHTML, like Gecko) Chrome/150.0.7871.186 Mobile Safari/537.36 (compatible; Googlebot/2.1; +http://www.google.com/bot.html)"
66.249.70.67 - - [16/Aug/2026:08:04:53 +0200] "GET /shop/customer/bookmark.php?items/P1601892181/ HTTP/1.1" 500 - "-" "Mozilla/5.0 (Linux; Android 6.0.1; Nexus 5X Build/MMB29P) AppleWebKit/537.36 (KHTML, like Gecko) Chrome/150.0.7871.186 Mobile Safari/537.36 (compatible; Googlebot/2.1; +http://www.google.com/bot.html)"
66.249.70.67 - - [16/Aug/2026:08:05:26 +0200] "GET /shop/customer/bookmark.php?items/W1601763550/ HTTP/1.1" 500 - "-" "Mozilla/5.0 (Linux; Android 6.0.1; Nexus 5X Build/MMB29P) AppleWebKit/537.36 (KHTML, like Gecko) Chrome/150.0.7871.186 Mobile Safari/537.36 (compatible; Googlebot/2.1; +http://www.google.com/bot.html)"
66.249.70.67 - - [16/Aug/2026:08:05:36 +0200] "GET /shop/customer/bookmark.php?items/F16021007749/ HTTP/1.1" 500 - "-" "Mozilla/5.0 (compatible; Googlebot/2.1; +http://www.google.com/bot.html)"
66.249.70.69 - - [16/Aug/2026:08:06:21 +0200] "GET /shop/customer/bookmark.php?items/T1601617772/ HTTP/1.1" 500 - "-" "Mozilla/5.0 (compatible; Googlebot/2.1; +http://www.google.com/bot.html)"
66.249.70.68 - - [16/Aug/2026:08:06:42 +0200] "GET /shop/customer/bookmark.php?items/R16021157202/ HTTP/1.1" 500 - "-" "Mozilla/5.0 (Linux; Android 6.0.1; Nexus 5X Build/MMB29P) AppleWebKit/537.36 (KHTML, like Gecko) Chrome/150.0.7871.186 Mobile Safari/537.36 (compatible; Googlebot/2.1; +http://www.google.com/bot.html)"
66.249.70.69 - - [16/Aug/2026:08:07:11 +0200] "GET /shop/customer/bookmark.php?items/O16052600100/ HTTP/1.1" 500 - "-" "Mozilla/5.0 (Linux; Android 6.0.1; Nexus 5X Build/MMB29P) AppleWebKit/537.36 (KHTML, like Gecko) Chrome/150.0.7871.186 Mobile Safari/537.36 (compatible; Googlebot/2.1; +http://www.google.com/bot.html)"
66.249.70.67 - - [16/Aug/2026:08:07:35 +0200] "GET /shop/customer/bookmark.php?items/G16021003226/ HTTP/1.1" 500 - "-" "Mozilla/5.0 (Linux; Android 6.0.1; Nexus 5X Build/MMB29P) AppleWebKit/537.36 (KHTML, like Gecko) Chrome/150.0.7871.186 Mobile Safari/537.36 (compatible; Googlebot/2.1; +http://www.google.com/bot.html)"
66.249.70.67 - - [16/Aug/2026:08:07:46 +0200] "GET /shop/customer/bookmark.php?items/B16063243559/ HTTP/1.1" 500 - "-" "Mozilla/5.0 (compatible; Googlebot/2.1; +http://www.google.com/bot.html)"
66.249.70.67 - - [16/Aug/2026:08:07:56 +0200] "GET /shop/customer/bookmark.php?items/T16031571407/ HTTP/1.1" 500 - "-" "Mozilla/5.0 (Linux; Android 6.0.1; Nexus 5X Build/MMB29P) AppleWebKit/537.36 (KHTML, like Gecko) Chrome/150.0.7871.186 Mobile Safari/537.36 (compatible; Googlebot/2.1; +http://www.google.com/bot.html)"
66.249.70.68 - - [16/Aug/2026:08:08:06 +0200] "GET /shop/customer/bookmark.php?items/Z16063222057/ HTTP/1.1" 500 - "-" "Mozilla/5.0 (Linux; Android 6.0.1; Nexus 5X Build/MMB29P) AppleWebKit/537.36 (KHTML, like Gecko) Chrome/150.0.7871.186 Mobile Safari/537.36 (compatible; Googlebot/2.1; +http://www.google.com/bot.html)"
66.249.70.68 - - [16/Aug/2026:08:08:14 +0200] "GET /shop/customer/bookmark.php?items/A16031860485/ HTTP/1.1" 500 - "-" "Mozilla/5.0 (Linux; Android 6.0.1; Nexus 5X Build/MMB29P) AppleWebKit/537.36 (KHTML, like Gecko) Chrome/150.0.7871.186 Mobile Safari/537.36 (compatible; Googlebot/2.1; +http://www.google.com/bot.html)"
66.249.70.67 - - [16/Aug/2026:08:08:45 +0200] "GET /shop/customer/bookmark.php?items/V1601628168/ HTTP/1.1" 500 - "-" "Mozilla/5.0 (Linux; Android 6.0.1; Nexus 5X Build/MMB29P) AppleWebKit/537.36 (KHTML, like Gecko) Chrome/150.0.7871.186 Mobile Safari/537.36 (compatible; Googlebot/2.1; +http://www.google.com/bot.html)"
66.249.70.68 - - [16/Aug/2026:08:09:07 +0200] "GET /shop/customer/bookmark.php?items/A160037041/ HTTP/1.1" 500 - "-" "Mozilla/5.0 (Linux; Android 6.0.1; Nexus 5X Build/MMB29P) AppleWebKit/537.36 (KHTML, like Gecko) Chrome/150.0.7871.186 Mobile Safari/537.36 (compatible; Googlebot/2.1; +http://www.google.com/bot.html)"
66.249.70.67 - - [16/Aug/2026:08:09:41 +0200] "GET /shop/customer/bookmark.php?items/F16042324778/ HTTP/1.1" 500 - "-" "Mozilla/5.0 (Linux; Android 6.0.1; Nexus 5X Build/MMB29P) AppleWebKit/537.36 (KHTML, like Gecko) Chrome/150.0.7871.186 Mobile Safari/537.36 (compatible; Googlebot/2.1; +http://www.google.com/bot.html)"
66.249.70.67 - - [16/Aug/2026:08:11:05 +0200] "GET /shop/customer/bookmark.php?items/F1600380919/ HTTP/1.1" 500 - "-" "Mozilla/5.0 (compatible; Googlebot/2.1; +http://www.google.com/bot.html)"
66.249.70.67 - - [16/Aug/2026:08:11:43 +0200] "GET /shop/customer/bookmark.php?items/X16031659228/ HTTP/1.1" 500 - "-" "Mozilla/5.0 (Linux; Android 6.0.1; Nexus 5X Build/MMB29P) AppleWebKit/537.36 (KHTML, like Gecko) Chrome/150.0.7871.186 Mobile Safari/537.36 (compatible; Googlebot/2.1; +http://www.google.com/bot.html)"
66.249.70.67 - - [16/Aug/2026:08:11:58 +0200] "GET /shop/customer/bookmark.php?items/P1601546274/ HTTP/1.1" 500 - "-" "Mozilla/5.0 (Linux; Android 6.0.1; Nexus 5X Build/MMB29P) AppleWebKit/537.36 (KHTML, like Gecko) Chrome/150.0.7871.186 Mobile Safari/537.36 (compatible; Googlebot/2.1; +http://www.google.com/bot.html)"
66.249.70.67 - - [16/Aug/2026:08:12:37 +0200] "GET /shop/customer/bookmark.php?items/R16021301863/ HTTP/1.1" 500 - "-" "Mozilla/5.0 (Linux; Android 6.0.1; Nexus 5X Build/MMB29P) AppleWebKit/537.36 (KHTML, like Gecko) Chrome/150.0.7871.186 Mobile Safari/537.36 (compatible; Googlebot/2.1; +http://www.google.com/bot.html)"
66.249.70.67 - - [16/Aug/2026:08:12:53 +0200] "GET /shop/customer/bookmark.php?items/O16063109912/ HTTP/1.1" 500 - "-" "Mozilla/5.0 (Linux; Android 6.0.1; Nexus 5X Build/MMB29P) AppleWebKit/537.36 (KHTML, like Gecko) Chrome/150.0.7871.186 Mobile Safari/537.36 (compatible; Googlebot/2.1; +http://www.google.com/bot.html)"
66.249.70.69 - - [16/Aug/2026:08:13:26 +0200] "GET /shop/customer/bookmark.php?items/T16062779267/ HTTP/1.1" 500 - "-" "Mozilla/5.0 (compatible; Googlebot/2.1; +http://www.google.com/bot.html)"
66.249.70.69 - - [16/Aug/2026:08:14:15 +0200] "GET /shop/customer/bookmark.php?items/C16042115729/ HTTP/1.1" 500 - "-" "Mozilla/5.0 (Linux; Android 6.0.1; Nexus 5X Build/MMB29P) AppleWebKit/537.36 (KHTML, like Gecko) Chrome/150.0.7871.186 Mobile Safari/537.36 (compatible; Googlebot/2.1; +http://www.google.com/bot.html)"
66.249.70.68 - - [16/Aug/2026:08:14:31 +0200] "GET /shop/customer/bookmark.php?items/M16042015195/ HTTP/1.1" 500 - "-" "Mozilla/5.0 (Linux; Android 6.0.1; Nexus 5X Build/MMB29P) AppleWebKit/537.36 (KHTML, like Gecko) Chrome/150.0.7871.186 Mobile Safari/537.36 (compatible; Googlebot/2.1; +http://www.google.com/bot.html)"
66.249.70.68 - - [16/Aug/2026:08:15:01 +0200] "GET /shop/customer/bookmark.php?items/N16021147728/ HTTP/1.1" 500 - "-" "Mozilla/5.0 (Linux; Android 6.0.1; Nexus 5X Build/MMB29P) AppleWebKit/537.36 (KHTML, like Gecko) Chrome/150.0.7871.186 Mobile Safari/537.36 (compatible; Googlebot/2.1; +http://www.google.com/bot.html)"
66.249.70.67 - - [16/Aug/2026:08:15:35 +0200] "GET /shop/customer/bookmark.php?items/P16062882497/ HTTP/1.1" 500 - "-" "Mozilla/5.0 (compatible; Googlebot/2.1; +http://www.google.com/bot.html)"
66.249.70.67 - - [16/Aug/2026:08:15:49 +0200] "GET /shop/customer/bookmark.php?items/O160095242/ HTTP/1.1" 500 - "-" "Mozilla/5.0 (Linux; Android 6.0.1; Nexus 5X Build/MMB29P) AppleWebKit/537.36 (KHTML, like Gecko) Chrome/150.0.7871.186 Mobile Safari/537.36 (compatible; Googlebot/2.1; +http://www.google.com/bot.html)"
66.249.70.67 - - [16/Aug/2026:08:16:38 +0200] "GET /shop/customer/bookmark.php?items/X16062858844/ HTTP/1.1" 500 - "-" "Mozilla/5.0 (Linux; Android 6.0.1; Nexus 5X Build/MMB29P) AppleWebKit/537.36 (KHTML, like Gecko) Chrome/150.0.7871.186 Mobile Safari/537.36 (compatible; Googlebot/2.1; +http://www.google.com/bot.html)"
66.249.70.67 - - [16/Aug/2026:08:16:54 +0200] "GET /shop/customer/bookmark.php?items/K1600279479/ HTTP/1.1" 500 - "-" "Mozilla/5.0 (Linux; Android 6.0.1; Nexus 5X Build/MMB29P) AppleWebKit/537.36 (KHTML, like Gecko) Chrome/150.0.7871.186 Mobile Safari/537.36 (compatible; Googlebot/2.1; +http://www.google.com/bot.html)"
66.249.70.67 - - [16/Aug/2026:08:17:07 +0200] "GET /shop/customer/bookmark.php?items/V1601860997/ HTTP/1.1" 500 - "-" "Mozilla/5.0 (Linux; Android 6.0.1; Nexus 5X Build/MMB29P) AppleWebKit/537.36 (KHTML, like Gecko) Chrome/150.0.7871.186 Mobile Safari/537.36 (compatible; Googlebot/2.1; +http://www.google.com/bot.html)"
66.249.70.68 - - [16/Aug/2026:08:17:41 +0200] "GET /shop/customer/bookmark.php?items/P16062882497/ HTTP/1.1" 500 - "-" "Mozilla/5.0 (Linux; Android 6.0.1; Nexus 5X Build/MMB29P) AppleWebKit/537.36 (KHTML, like Gecko) Chrome/150.0.7871.186 Mobile Safari/537.36 (compatible; Googlebot/2.1; +http://www.google.com/bot.html)"
66.249.70.67 - - [16/Aug/2026:08:17:56 +0200] "GET /shop/customer/bookmark.php?items/O16042218132/ HTTP/1.1" 500 - "-" "Mozilla/5.0 (Linux; Android 6.0.1; Nexus 5X Build/MMB29P) AppleWebKit/537.36 (KHTML, like Gecko) Chrome/150.0.7871.186 Mobile Safari/537.36 (compatible; Googlebot/2.1; +http://www.google.com/bot.html)"
66.249.70.67 - - [16/Aug/2026:08:18:23 +0200] "GET /shop/customer/bookmark.php?items/O16042403452/ HTTP/1.1" 500 - "-" "Mozilla/5.0 (Linux; Android 6.0.1; Nexus 5X Build/MMB29P) AppleWebKit/537.36 (KHTML, like Gecko) Chrome/150.0.7871.186 Mobile Safari/537.36 (compatible; Googlebot/2.1; +http://www.google.com/bot.html)"
66.249.70.67 - - [16/Aug/2026:08:18:35 +0200] "GET /shop/customer/bookmark.php?items/S1601912537/ HTTP/1.1" 500 - "-" "Mozilla/5.0 (compatible; Googlebot/2.1; +http://www.google.com/bot.html)"
66.249.70.67 - - [16/Aug/2026:08:19:35 +0200] "GET /shop/customer/bookmark.php?items/F16042239820/ HTTP/1.1" 500 - "-" "Mozilla/5.0 (compatible; Googlebot/2.1; +http://www.google.com/bot.html)"
66.249.70.67 - - [16/Aug/2026:08:19:51 +0200] "GET /shop/customer/bookmark.php?items/C16052542524/ HTTP/1.1" 500 - "-" "Mozilla/5.0 (compatible; Googlebot/2.1; +http://www.google.com/bot.html)"
66.249.70.67 - - [16/Aug/2026:08:20:24 +0200] "GET /shop/customer/bookmark.php?items/Y16042323951/ HTTP/1.1" 500 - "-" "Mozilla/5.0 (Linux; Android 6.0.1; Nexus 5X Build/MMB29P) AppleWebKit/537.36 (KHTML, like Gecko) Chrome/150.0.7871.186 Mobile Safari/537.36 (compatible; Googlebot/2.1; +http://www.google.com/bot.html)"
66.249.70.67 - - [16/Aug/2026:08:20:59 +0200] "GET /shop/customer/bookmark.php?items/L16062873192/ HTTP/1.1" 500 - "-" "Mozilla/5.0 (compatible; Googlebot/2.1; +http://www.google.com/bot.html)"
66.249.70.67 - - [16/Aug/2026:08:21:29 +0200] "GET /shop/customer/bookmark.php?items/S16042162385/ HTTP/1.1" 500 - "-" "Mozilla/5.0 (Linux; Android 6.0.1; Nexus 5X Build/MMB29P) AppleWebKit/537.36 (KHTML, like Gecko) Chrome/150.0.7871.186 Mobile Safari/537.36 (compatible; Googlebot/2.1; +http://www.google.com/bot.html)"
66.249.70.67 - - [16/Aug/2026:08:21:43 +0200] "GET /shop/customer/bookmark.php?items/M16042290071/ HTTP/1.1" 500 - "-" "Mozilla/5.0 (Linux; Android 6.0.1; Nexus 5X Build/MMB29P) AppleWebKit/537.36 (KHTML, like Gecko) Chrome/150.0.7871.186 Mobile Safari/537.36 (compatible; Googlebot/2.1; +http://www.google.com/bot.html)"
66.249.70.67 - - [16/Aug/2026:08:22:16 +0200] "GET /shop/customer/bookmark.php?items/O16052666847/ HTTP/1.1" 500 - "-" "Mozilla/5.0 (Linux; Android 6.0.1; Nexus 5X Build/MMB29P) AppleWebKit/537.36 (KHTML, like Gecko) Chrome/150.0.7871.186 Mobile Safari/537.36 (compatible; Googlebot/2.1; +http://www.google.com/bot.html)"
66.249.70.68 - - [16/Aug/2026:08:22:31 +0200] "GET /shop/customer/bookmark.php?items/N16042364003/ HTTP/1.1" 500 - "-" "Mozilla/5.0 (compatible; Googlebot/2.1; +http://www.google.com/bot.html)"
66.249.70.67 - - [16/Aug/2026:08:23:44 +0200] "GET /shop/customer/bookmark.php?items/O1601520892/ HTTP/1.1" 500 - "-" "Mozilla/5.0 (Linux; Android 6.0.1; Nexus 5X Build/MMB29P) AppleWebKit/537.36 (KHTML, like Gecko) Chrome/150.0.7871.186 Mobile Safari/537.36 (compatible; Googlebot/2.1; +http://www.google.com/bot.html)"
