66.249.70.67 - - [16/Aug/2026:03:59:33 +0200] "GET /shop/customer/bookmark.php?items/N1600147791/ HTTP/1.1" 500 - "-" "Mozilla/5.0 (Linux; Android 6.0.1; Nexus 5X Build/MMB29P) AppleWebKit/537.36 (KHTML, like Gecko) Chrome/150.0.7871.186 Mobile Safari/537.36 (compatible; Googlebot/2.1; +http://www.google.com/bot.html)"
20.215.241.237 - - [16/Aug/2026:03:59:27 +0200] "GET /wp-includes/blocks/audi/ HTTP/1.1" 500 - "-" "-"
20.215.241.237 - - [16/Aug/2026:03:59:36 +0200] "GET /.well-known/about.php HTTP/1.1" 500 - "-" "-"
68.155.155.23 - - [16/Aug/2026:03:59:29 +0200] "GET /wp-content/themes/admin.php HTTP/1.1" 500 - "-" "-"
66.249.70.67 - - [16/Aug/2026:03:59:39 +0200] "GET /shop/customer/bookmark.php?items/H16063123302/ HTTP/1.1" 500 - "-" "Mozilla/5.0 (Linux; Android 6.0.1; Nexus 5X Build/MMB29P) AppleWebKit/537.36 (KHTML, like Gecko) Chrome/150.0.7871.186 Mobile Safari/537.36 (compatible; Googlebot/2.1; +http://www.google.com/bot.html)"
68.155.155.23 - - [16/Aug/2026:03:59:32 +0200] "GET /k.php HTTP/1.1" 500 - "-" "-"
20.215.241.237 - - [16/Aug/2026:03:59:36 +0200] "GET /wp-includes/ID3/about.php HTTP/1.1" 500 - "-" "-"
20.215.241.237 - - [16/Aug/2026:03:59:46 +0200] "GET //wp-includes/assets/ HTTP/1.1" 500 - "-" "-"
20.215.241.237 - - [16/Aug/2026:03:59:48 +0200] "GET /wp-includes/Text/ HTTP/1.1" 500 - "-" "-"
68.155.155.23 - - [16/Aug/2026:03:59:40 +0200] "GET /wp-config-sample.php HTTP/1.1" 500 - "-" "-"
68.155.155.23 - - [16/Aug/2026:03:59:42 +0200] "GET /wp-admin/js/ HTTP/1.1" 500 - "-" "-"
66.249.70.67 - - [16/Aug/2026:03:59:52 +0200] "GET /shop/customer/bookmark.php?items/H1600340954/ HTTP/1.1" 500 - "-" "Mozilla/5.0 (compatible; Googlebot/2.1; +http://www.google.com/bot.html)"
66.249.70.67 - - [16/Aug/2026:03:59:45 +0200] "GET /shop/customer/bookmark.php?items/H1600340954/ HTTP/1.1" 500 - "-" "Mozilla/5.0 (Linux; Android 6.0.1; Nexus 5X Build/MMB29P) AppleWebKit/537.36 (KHTML, like Gecko) Chrome/150.0.7871.186 Mobile Safari/537.36 (compatible; Googlebot/2.1; +http://www.google.com/bot.html)"
20.215.241.237 - - [16/Aug/2026:03:59:49 +0200] "GET /goods.php HTTP/1.1" 500 - "-" "-"
68.155.155.23 - - [16/Aug/2026:03:59:50 +0200] "GET /.well-known/acme-challenge/index.php HTTP/1.1" 500 - "-" "-"
68.155.155.23 - - [16/Aug/2026:03:59:59 +0200] "GET /wp-includes/blocks/shortcode/index.php HTTP/1.1" 500 - "-" "-"
68.155.155.23 - - [16/Aug/2026:03:59:52 +0200] "GET /403.php HTTP/1.1" 500 - "-" "-"
68.155.155.23 - - [16/Aug/2026:04:00:00 +0200] "GET /wp-includes/images/smilies/ HTTP/1.1" 500 - "-" "-"
68.155.155.23 - - [16/Aug/2026:04:00:02 +0200] "GET /wp-includes/images/ HTTP/1.1" 500 - "-" "-"
66.249.70.67 - - [16/Aug/2026:04:00:13 +0200] "GET /shop/customer/bookmark.php?items/A16021165457/ HTTP/1.1" 500 - "-" "Mozilla/5.0 (compatible; Googlebot/2.1; +http://www.google.com/bot.html)"
66.249.70.68 - - [16/Aug/2026:04:00:16 +0200] "GET /shop/customer/bookmark.php?items/H1600286944/ HTTP/1.1" 500 - "-" "Mozilla/5.0 (Linux; Android 6.0.1; Nexus 5X Build/MMB29P) AppleWebKit/537.36 (KHTML, like Gecko) Chrome/150.0.7871.186 Mobile Safari/537.36 (compatible; Googlebot/2.1; +http://www.google.com/bot.html)"
68.155.155.23 - - [16/Aug/2026:04:00:10 +0200] "GET /cgi-bin/index.php HTTP/1.1" 500 - "-" "-"
68.155.155.23 - - [16/Aug/2026:04:00:11 +0200] "GET /wp-content/cache/ HTTP/1.1" 500 - "-" "-"
68.155.155.23 - - [16/Aug/2026:04:00:22 +0200] "GET /an.php HTTP/1.1" 500 - "-" "-"
66.249.70.67 - - [16/Aug/2026:04:00:29 +0200] "GET /shop/customer/bookmark.php?items/L16042190065/ HTTP/1.1" 500 - "-" "Mozilla/5.0 (compatible; Googlebot/2.1; +http://www.google.com/bot.html)"
68.155.155.23 - - [16/Aug/2026:04:00:24 +0200] "GET /gecko.php HTTP/1.1" 500 - "-" "-"
68.155.155.23 - - [16/Aug/2026:04:00:34 +0200] "GET /wp-includes/ HTTP/1.1" 500 - "-" "-"
68.155.155.23 - - [16/Aug/2026:04:00:35 +0200] "GET /aa.php HTTP/1.1" 500 - "-" "-"
66.249.70.67 - - [16/Aug/2026:04:00:35 +0200] "GET /shop/customer/bookmark.php?items/P16021141250/ HTTP/1.1" 500 - "-" "Mozilla/5.0 (compatible; Googlebot/2.1; +http://www.google.com/bot.html)"
68.155.155.23 - - [16/Aug/2026:04:00:29 +0200] "GET /wp-admin/images/ HTTP/1.1" 500 - "-" "-"
68.155.155.23 - - [16/Aug/2026:04:00:40 +0200] "GET /404.php HTTP/1.1" 500 - "-" "-"
66.249.70.67 - - [16/Aug/2026:04:00:41 +0200] "GET /shop/customer/bookmark.php?items/R1601777197/ HTTP/1.1" 500 - "-" "Mozilla/5.0 (compatible; Googlebot/2.1; +http://www.google.com/bot.html)"
68.155.155.23 - - [16/Aug/2026:04:00:36 +0200] "GET /0x.php HTTP/1.1" 500 - "-" "-"
68.155.155.23 - - [16/Aug/2026:04:00:40 +0200] "GET /wp-login.php HTTP/1.1" 500 - "-" "-"
68.155.155.23 - - [16/Aug/2026:04:00:45 +0200] "GET /zxz.php HTTP/1.1" 500 - "-" "-"
68.155.155.23 - - [16/Aug/2026:04:00:55 +0200] "GET /www.php HTTP/1.1" 500 - "-" "-"
66.249.70.67 - - [16/Aug/2026:04:00:58 +0200] "GET /shop/customer/bookmark.php?items/O16052581660/ HTTP/1.1" 500 - "-" "Mozilla/5.0 (Linux; Android 6.0.1; Nexus 5X Build/MMB29P) AppleWebKit/537.36 (KHTML, like Gecko) Chrome/150.0.7871.186 Mobile Safari/537.36 (compatible; Googlebot/2.1; +http://www.google.com/bot.html)"
68.155.155.23 - - [16/Aug/2026:04:00:51 +0200] "GET /wp-content/uploads/goods.php HTTP/1.1" 500 - "-" "-"
66.249.70.67 - - [16/Aug/2026:04:00:53 +0200] "GET /shop/customer/bookmark.php?items/O16021349346/ HTTP/1.1" 500 - "-" "Mozilla/5.0 (compatible; Googlebot/2.1; +http://www.google.com/bot.html)"
68.155.155.23 - - [16/Aug/2026:04:01:01 +0200] "GET /wp-includes/ID3/ HTTP/1.1" 500 - "-" "-"
68.155.155.23 - - [16/Aug/2026:04:00:56 +0200] "GET /wicked.php HTTP/1.1" 500 - "-" "-"
68.155.155.23 - - [16/Aug/2026:04:01:06 +0200] "GET /HLA-dd.php HTTP/1.1" 500 - "-" "-"
68.155.155.23 - - [16/Aug/2026:04:01:04 +0200] "GET /.well-known/ HTTP/1.1" 500 - "-" "-"
68.155.155.23 - - [16/Aug/2026:04:01:07 +0200] "GET /wp-content/upgrade/index.php HTTP/1.1" 500 - "-" "-"
68.155.155.23 - - [16/Aug/2026:04:01:13 +0200] "GET /wso.php HTTP/1.1" 500 - "-" "-"
66.249.70.67 - - [16/Aug/2026:04:01:24 +0200] "GET /shop/customer/bookmark.php?items/B16042086138/ HTTP/1.1" 500 - "-" "Mozilla/5.0 (Linux; Android 6.0.1; Nexus 5X Build/MMB29P) AppleWebKit/537.36 (KHTML, like Gecko) Chrome/150.0.7871.186 Mobile Safari/537.36 (compatible; Googlebot/2.1; +http://www.google.com/bot.html)"
68.155.155.23 - - [16/Aug/2026:04:01:17 +0200] "GET /cah.php HTTP/1.1" 500 - "-" "-"
68.155.155.23 - - [16/Aug/2026:04:01:22 +0200] "GET /sf.php HTTP/1.1" 500 - "-" "-"
68.155.155.23 - - [16/Aug/2026:04:01:31 +0200] "GET /index/function.php HTTP/1.1" 500 - "-" "-"
66.249.70.67 - - [16/Aug/2026:04:01:33 +0200] "GET /shop/customer/bookmark.php?items/B16042086138/ HTTP/1.1" 500 - "-" "Mozilla/5.0 (compatible; Googlebot/2.1; +http://www.google.com/bot.html)"
68.155.155.23 - - [16/Aug/2026:04:01:26 +0200] "GET /wp-includes/js/tinymce/plugins/compat3x/css/ HTTP/1.1" 500 - "-" "-"
68.155.155.23 - - [16/Aug/2026:04:01:35 +0200] "GET /system_log.php HTTP/1.1" 500 - "-" "-"
68.155.155.23 - - [16/Aug/2026:04:01:33 +0200] "GET /edit.php HTTP/1.1" 500 - "-" "-"
68.155.155.23 - - [16/Aug/2026:04:01:36 +0200] "GET /wp-includes/pomo/ HTTP/1.1" 500 - "-" "-"
66.249.70.67 - - [16/Aug/2026:04:01:45 +0200] "GET /shop/customer/bookmark.php?items/V16021163983/ HTTP/1.1" 500 - "-" "Mozilla/5.0 (Linux; Android 6.0.1; Nexus 5X Build/MMB29P) AppleWebKit/537.36 (KHTML, like Gecko) Chrome/150.0.7871.186 Mobile Safari/537.36 (compatible; Googlebot/2.1; +http://www.google.com/bot.html)"
66.249.70.67 - - [16/Aug/2026:04:01:39 +0200] "GET /shop/customer/bookmark.php?items/A1601998969/ HTTP/1.1" 500 - "-" "Mozilla/5.0 (Linux; Android 6.0.1; Nexus 5X Build/MMB29P) AppleWebKit/537.36 (KHTML, like Gecko) Chrome/150.0.7871.186 Mobile Safari/537.36 (compatible; Googlebot/2.1; +http://www.google.com/bot.html)"
68.155.155.23 - - [16/Aug/2026:04:01:42 +0200] "GET /wp-includes/rest-api/ HTTP/1.1" 500 - "-" "-"
68.155.155.23 - - [16/Aug/2026:04:01:45 +0200] "GET /wp-admin/user/index.php HTTP/1.1" 500 - "-" "-"
68.155.155.23 - - [16/Aug/2026:04:01:51 +0200] "GET /wp-content/themes/twentytwenty/404.php HTTP/1.1" 500 - "-" "-"
68.155.155.23 - - [16/Aug/2026:04:01:55 +0200] "GET /ioxi-o.php HTTP/1.1" 500 - "-" "-"
68.155.155.23 - - [16/Aug/2026:04:02:03 +0200] "GET /wp-good.php HTTP/1.1" 500 - "-" "-"
68.155.155.23 - - [16/Aug/2026:04:02:14 +0200] "GET /wp-admin/js/widgets/ HTTP/1.1" 500 - "-" "-"
68.155.155.23 - - [16/Aug/2026:04:02:07 +0200] "GET /abc.php HTTP/1.1" 500 - "-" "-"
66.249.70.69 - - [16/Aug/2026:04:02:10 +0200] "GET /shop/customer/bookmark.php?items/X1601589758/ HTTP/1.1" 500 - "-" "Mozilla/5.0 (compatible; Googlebot/2.1; +http://www.google.com/bot.html)"
68.155.155.23 - - [16/Aug/2026:04:02:17 +0200] "GET /akcc.php HTTP/1.1" 500 - "-" "-"
68.155.155.23 - - [16/Aug/2026:04:02:17 +0200] "GET /wp-admin/css/colors/midnight/ HTTP/1.1" 500 - "-" "-"
66.249.70.68 - - [16/Aug/2026:04:02:22 +0200] "GET /shop/customer/bookmark.php?items/O16852974713/ HTTP/1.1" 500 - "-" "Mozilla/5.0 (Linux; Android 6.0.1; Nexus 5X Build/MMB29P) AppleWebKit/537.36 (KHTML, like Gecko) Chrome/150.0.7871.186 Mobile Safari/537.36 (compatible; Googlebot/2.1; +http://www.google.com/bot.html)"
68.155.155.23 - - [16/Aug/2026:04:02:28 +0200] "GET /wk/index.php HTTP/1.1" 500 - "-" "-"
68.155.155.23 - - [16/Aug/2026:04:02:28 +0200] "GET /tes.php HTTP/1.1" 500 - "-" "-"
66.249.70.67 - - [16/Aug/2026:04:02:41 +0200] "GET /shop/customer/bookmark.php?items/T1600285654/ HTTP/1.1" 500 - "-" "Mozilla/5.0 (Linux; Android 6.0.1; Nexus 5X Build/MMB29P) AppleWebKit/537.36 (KHTML, like Gecko) Chrome/150.0.7871.186 Mobile Safari/537.36 (compatible; Googlebot/2.1; +http://www.google.com/bot.html)"
68.155.155.23 - - [16/Aug/2026:04:02:39 +0200] "GET /1.php HTTP/1.1" 500 - "-" "-"
68.155.155.23 - - [16/Aug/2026:04:02:39 +0200] "GET /files/index.php HTTP/1.1" 500 - "-" "-"
68.155.155.23 - - [16/Aug/2026:04:02:48 +0200] "GET /wp-content/x/index.php HTTP/1.1" 500 - "-" "-"
68.155.155.23 - - [16/Aug/2026:04:02:48 +0200] "GET /wp-content/uploads/index.php HTTP/1.1" 500 - "-" "-"
68.155.155.23 - - [16/Aug/2026:04:02:49 +0200] "GET /wp-content/index.php HTTP/1.1" 500 - "-" "-"
68.155.155.23 - - [16/Aug/2026:04:02:49 +0200] "GET /images/images/about.php HTTP/1.1" 500 - "-" "-"
66.249.70.67 - - [16/Aug/2026:04:02:52 +0200] "GET /shop/customer/bookmark.php?items/H16063067924/ HTTP/1.1" 500 - "-" "Mozilla/5.0 (compatible; Googlebot/2.1; +http://www.google.com/bot.html)"
68.155.155.23 - - [16/Aug/2026:04:02:51 +0200] "GET /ms-edit.php HTTP/1.1" 500 - "-" "-"
68.155.155.23 - - [16/Aug/2026:04:02:51 +0200] "GET /as.php HTTP/1.1" 500 - "-" "-"
66.249.70.68 - - [16/Aug/2026:04:03:00 +0200] "GET /shop/customer/bookmark.php?items/O16052722231/ HTTP/1.1" 500 - "-" "Mozilla/5.0 (compatible; Googlebot/2.1; +http://www.google.com/bot.html)"
66.249.70.67 - - [16/Aug/2026:04:02:55 +0200] "GET /shop/customer/bookmark.php?items/T16063076785/ HTTP/1.1" 500 - "-" "Mozilla/5.0 (Linux; Android 6.0.1; Nexus 5X Build/MMB29P) AppleWebKit/537.36 (KHTML, like Gecko) Chrome/150.0.7871.186 Mobile Safari/537.36 (compatible; Googlebot/2.1; +http://www.google.com/bot.html)"
68.155.155.23 - - [16/Aug/2026:04:03:02 +0200] "GET /rip.php HTTP/1.1" 500 - "-" "-"
68.155.155.23 - - [16/Aug/2026:04:03:02 +0200] "GET /wp-content/themes/admin.php HTTP/1.1" 500 - "-" "-"
68.155.155.23 - - [16/Aug/2026:04:03:13 +0200] "GET /wp-content/uploads/ HTTP/1.1" 500 - "-" "-"
68.155.155.23 - - [16/Aug/2026:04:03:13 +0200] "GET /wp-config-sample.php HTTP/1.1" 500 - "-" "-"
68.155.155.23 - - [16/Aug/2026:04:03:25 +0200] "GET /xmlrpc.php HTTP/1.1" 500 - "-" "-"
66.249.70.67 - - [16/Aug/2026:04:03:27 +0200] "GET /shop/customer/bookmark.php?items/V16042330607/ HTTP/1.1" 500 - "-" "Mozilla/5.0 (Linux; Android 6.0.1; Nexus 5X Build/MMB29P) AppleWebKit/537.36 (KHTML, like Gecko) Chrome/150.0.7871.186 Mobile Safari/537.36 (compatible; Googlebot/2.1; +http://www.google.com/bot.html)"
66.249.70.68 - - [16/Aug/2026:04:03:30 +0200] "GET /shop/customer/bookmark.php?items/W16968327924/ HTTP/1.1" 500 - "-" "Mozilla/5.0 (Linux; Android 6.0.1; Nexus 5X Build/MMB29P) AppleWebKit/537.36 (KHTML, like Gecko) Chrome/150.0.7871.186 Mobile Safari/537.36 (compatible; Googlebot/2.1; +http://www.google.com/bot.html)"
68.155.155.23 - - [16/Aug/2026:04:03:26 +0200] "GET /.well-known/acme-challenge/index.php HTTP/1.1" 500 - "-" "-"
68.155.155.23 - - [16/Aug/2026:04:03:28 +0200] "GET /moon.php HTTP/1.1" 500 - "-" "-"
66.249.70.67 - - [16/Aug/2026:04:03:41 +0200] "GET /shop/customer/bookmark.php?items/V16042330607/ HTTP/1.1" 500 - "-" "Mozilla/5.0 (compatible; Googlebot/2.1; +http://www.google.com/bot.html)"
68.155.155.23 - - [16/Aug/2026:04:03:36 +0200] "GET /wp-includes/blocks/shortcode/index.php HTTP/1.1" 500 - "-" "-"
68.155.155.23 - - [16/Aug/2026:04:03:40 +0200] "GET /cache.php HTTP/1.1" 500 - "-" "-"
68.155.155.23 - - [16/Aug/2026:04:03:47 +0200] "GET /wp-includes/images/smilies/ HTTP/1.1" 500 - "-" "-"
66.249.70.67 - - [16/Aug/2026:04:03:47 +0200] "GET /shop/customer/bookmark.php?items/S16062879670/ HTTP/1.1" 500 - "-" "Mozilla/5.0 (Linux; Android 6.0.1; Nexus 5X Build/MMB29P) AppleWebKit/537.36 (KHTML, like Gecko) Chrome/150.0.7871.186 Mobile Safari/537.36 (compatible; Googlebot/2.1; +http://www.google.com/bot.html)"
66.249.70.67 - - [16/Aug/2026:04:03:56 +0200] "GET /shop/customer/bookmark.php?items/A16021435183/ HTTP/1.1" 500 - "-" "Mozilla/5.0 (Linux; Android 6.0.1; Nexus 5X Build/MMB29P) AppleWebKit/537.36 (KHTML, like Gecko) Chrome/150.0.7871.186 Mobile Safari/537.36 (compatible; Googlebot/2.1; +http://www.google.com/bot.html)"
68.155.155.23 - - [16/Aug/2026:04:03:58 +0200] "GET /cgi-bin/index.php HTTP/1.1" 500 - "-" "-"
68.155.155.23 - - [16/Aug/2026:04:03:51 +0200] "GET /wp-includes/block-bindings/ HTTP/1.1" 500 - "-" "-"
68.155.155.23 - - [16/Aug/2026:04:04:07 +0200] "GET /an.php HTTP/1.1" 500 - "-" "-"
68.155.155.23 - - [16/Aug/2026:04:04:07 +0200] "GET /vendor/ HTTP/1.1" 500 - "-" "-"
66.249.70.68 - - [16/Aug/2026:04:04:11 +0200] "GET /shop/customer/bookmark.php?items/C1600394719/ HTTP/1.1" 500 - "-" "Mozilla/5.0 (compatible; Googlebot/2.1; +http://www.google.com/bot.html)"
68.155.155.23 - - [16/Aug/2026:04:04:20 +0200] "GET /wp-content/themes/ HTTP/1.1" 500 - "-" "-"
68.155.155.23 - - [16/Aug/2026:04:04:24 +0200] "GET /wp-includes/images/smilies/about.php HTTP/1.1" 500 - "-" "-"
68.155.155.23 - - [16/Aug/2026:04:04:24 +0200] "GET /wp-admin/images/ HTTP/1.1" 500 - "-" "-"
68.155.155.23 - - [16/Aug/2026:04:04:28 +0200] "GET /404.php HTTP/1.1" 500 - "-" "-"
68.155.155.23 - - [16/Aug/2026:04:04:27 +0200] "GET /wp-includes/js/crop/ HTTP/1.1" 500 - "-" "-"
68.155.155.23 - - [16/Aug/2026:04:04:37 +0200] "GET /wp-mail.php HTTP/1.1" 500 - "-" "-"
68.155.155.23 - - [16/Aug/2026:04:04:30 +0200] "GET /wp-login.php HTTP/1.1" 500 - "-" "-"
68.155.155.23 - - [16/Aug/2026:04:04:40 +0200] "GET /o.php HTTP/1.1" 500 - "-" "-"
68.155.155.23 - - [16/Aug/2026:04:04:41 +0200] "GET /wp-content/uploads/goods.php HTTP/1.1" 500 - "-" "-"
66.249.70.67 - - [16/Aug/2026:04:04:41 +0200] "GET /shop/customer/bookmark.php?items/M16021164484/ HTTP/1.1" 500 - "-" "Mozilla/5.0 (Linux; Android 6.0.1; Nexus 5X Build/MMB29P) AppleWebKit/537.36 (KHTML, like Gecko) Chrome/150.0.7871.186 Mobile Safari/537.36 (compatible; Googlebot/2.1; +http://www.google.com/bot.html)"
68.155.155.23 - - [16/Aug/2026:04:04:52 +0200] "GET /wp-includes/ID3/ HTTP/1.1" 500 - "-" "-"
68.155.155.23 - - [16/Aug/2026:04:04:55 +0200] "GET /.well-known/ HTTP/1.1" 500 - "-" "-"
66.249.70.67 - - [16/Aug/2026:04:04:49 +0200] "GET /shop/customer/bookmark.php?items/W160092318/ HTTP/1.1" 500 - "-" "Mozilla/5.0 (compatible; Googlebot/2.1; +http://www.google.com/bot.html)"
68.155.155.23 - - [16/Aug/2026:04:05:00 +0200] "GET /wso.php HTTP/1.1" 500 - "-" "-"
68.155.155.23 - - [16/Aug/2026:04:04:51 +0200] "GET /bb.php HTTP/1.1" 500 - "-" "-"
68.155.155.23 - - [16/Aug/2026:04:05:04 +0200] "GET /wp-admin/maint/admin.php HTTP/1.1" 500 - "-" "-"
68.155.155.23 - - [16/Aug/2026:04:05:04 +0200] "GET /sf.php HTTP/1.1" 500 - "-" "-"
68.155.155.23 - - [16/Aug/2026:04:05:16 +0200] "GET /wp-admin/network/ HTTP/1.1" 500 - "-" "-"
68.155.155.23 - - [16/Aug/2026:04:05:16 +0200] "GET /index/function.php HTTP/1.1" 500 - "-" "-"
68.155.155.23 - - [16/Aug/2026:04:05:19 +0200] "GET /wp-includes/IXR/index.php HTTP/1.1" 500 - "-" "-"
66.249.70.68 - - [16/Aug/2026:04:05:20 +0200] "GET /shop/customer/bookmark.php?items/C16063229454/ HTTP/1.1" 500 - "-" "Mozilla/5.0 (Linux; Android 6.0.1; Nexus 5X Build/MMB29P) AppleWebKit/537.36 (KHTML, like Gecko) Chrome/150.0.7871.186 Mobile Safari/537.36 (compatible; Googlebot/2.1; +http://www.google.com/bot.html)"
68.155.155.23 - - [16/Aug/2026:04:05:28 +0200] "GET /edit.php HTTP/1.1" 500 - "-" "-"
66.249.70.67 - - [16/Aug/2026:04:05:31 +0200] "GET /shop/customer/bookmark.php?items/E1601728187/ HTTP/1.1" 500 - "-" "Mozilla/5.0 (compatible; Googlebot/2.1; +http://www.google.com/bot.html)"
68.155.155.23 - - [16/Aug/2026:04:05:34 +0200] "GET /wp-includes/rest-api/ HTTP/1.1" 500 - "-" "-"
68.155.155.23 - - [16/Aug/2026:04:05:45 +0200] "GET /file.php HTTP/1.1" 500 - "-" "-"
68.155.155.23 - - [16/Aug/2026:04:05:45 +0200] "GET /wp-content/themes/twentytwenty/404.php HTTP/1.1" 500 - "-" "-"
68.155.155.23 - - [16/Aug/2026:04:05:48 +0200] "GET /epinyins.php HTTP/1.1" 500 - "-" "-"
68.155.155.23 - - [16/Aug/2026:04:05:56 +0200] "GET /wp-good.php HTTP/1.1" 500 - "-" "-"
68.155.155.23 - - [16/Aug/2026:04:06:00 +0200] "GET /wp-admin/css/index.php HTTP/1.1" 500 - "-" "-"
68.155.155.23 - - [16/Aug/2026:04:06:06 +0200] "GET /wp-includes/php-compat/ HTTP/1.1" 500 - "-" "-"
68.155.155.23 - - [16/Aug/2026:04:06:00 +0200] "GET /wp-admin/js/widgets/ HTTP/1.1" 500 - "-" "-"
66.249.70.69 - - [16/Aug/2026:04:06:02 +0200] "GET /shop/customer/bookmark.php?items/E1601728187/ HTTP/1.1" 500 - "-" "Mozilla/5.0 (Linux; Android 6.0.1; Nexus 5X Build/MMB29P) AppleWebKit/537.36 (KHTML, like Gecko) Chrome/150.0.7871.186 Mobile Safari/537.36 (compatible; Googlebot/2.1; +http://www.google.com/bot.html)"
68.155.155.23 - - [16/Aug/2026:04:06:10 +0200] "GET /wp-includes/style-engine/index.php HTTP/1.1" 500 - "-" "-"
68.155.155.23 - - [16/Aug/2026:04:06:12 +0200] "GET /wp-admin/css/colors/midnight/ HTTP/1.1" 500 - "-" "-"
68.155.155.23 - - [16/Aug/2026:04:06:14 +0200] "GET /wp-admin/css/colors/coffee/index.php HTTP/1.1" 500 - "-" "-"
68.155.155.23 - - [16/Aug/2026:04:06:26 +0200] "GET /wp.php HTTP/1.1" 500 - "-" "-"
68.155.155.23 - - [16/Aug/2026:04:06:19 +0200] "GET /tes.php HTTP/1.1" 500 - "-" "-"
68.155.155.23 - - [16/Aug/2026:04:06:29 +0200] "GET /function/function.php HTTP/1.1" 500 - "-" "-"
68.155.155.23 - - [16/Aug/2026:04:06:30 +0200] "GET /files/index.php HTTP/1.1" 500 - "-" "-"
66.249.70.67 - - [16/Aug/2026:04:06:33 +0200] "GET /shop/customer/bookmark.php?items/Q16042018892/ HTTP/1.1" 500 - "-" "Mozilla/5.0 (compatible; Googlebot/2.1; +http://www.google.com/bot.html)"
68.155.155.23 - - [16/Aug/2026:04:06:33 +0200] "GET /wp-includes/style-engine/autoload_classmap.php HTTP/1.1" 500 - "-" "-"
68.155.155.23 - - [16/Aug/2026:04:06:34 +0200] "GET /wp-content/uploads/index.php HTTP/1.1" 500 - "-" "-"
68.155.155.23 - - [16/Aug/2026:04:06:42 +0200] "GET /wp-includes/SimplePie/admin.php HTTP/1.1" 500 - "-" "-"
68.155.155.23 - - [16/Aug/2026:04:06:44 +0200] "GET /ok.php HTTP/1.1" 500 - "-" "-"
68.155.155.23 - - [16/Aug/2026:04:05:29 +0200] "GET /xmrlpc.php HTTP/1.1" 500 - "-" "-"
68.155.155.23 - - [16/Aug/2026:04:06:43 +0200] "GET /images/images/about.php HTTP/1.1" 500 - "-" "-"
68.155.155.23 - - [16/Aug/2026:04:06:46 +0200] "GET /item.php HTTP/1.1" 500 - "-" "-"
66.249.70.67 - - [16/Aug/2026:04:06:49 +0200] "GET /shop/customer/bookmark.php?items/S1601621952/ HTTP/1.1" 500 - "-" "Mozilla/5.0 (Linux; Android 6.0.1; Nexus 5X Build/MMB29P) AppleWebKit/537.36 (KHTML, like Gecko) Chrome/150.0.7871.186 Mobile Safari/537.36 (compatible; Googlebot/2.1; +http://www.google.com/bot.html)"
68.155.155.23 - - [16/Aug/2026:04:06:53 +0200] "GET /ms-edit.php HTTP/1.1" 500 - "-" "-"
66.249.70.67 - - [16/Aug/2026:04:07:03 +0200] "GET /shop/customer/bookmark.php?items/F16021102609/ HTTP/1.1" 500 - "-" "Mozilla/5.0 (Linux; Android 6.0.1; Nexus 5X Build/MMB29P) AppleWebKit/537.36 (KHTML, like Gecko) Chrome/150.0.7871.186 Mobile Safari/537.36 (compatible; Googlebot/2.1; +http://www.google.com/bot.html)"
66.249.70.67 - - [16/Aug/2026:04:06:59 +0200] "GET /shop/customer/bookmark.php?items/O16021136147/ HTTP/1.1" 500 - "-" "Mozilla/5.0 (compatible; Googlebot/2.1; +http://www.google.com/bot.html)"
66.249.70.67 - - [16/Aug/2026:04:07:08 +0200] "GET /shop/customer/bookmark.php?items/F16063181295/ HTTP/1.1" 500 - "-" "Mozilla/5.0 (Linux; Android 6.0.1; Nexus 5X Build/MMB29P) AppleWebKit/537.36 (KHTML, like Gecko) Chrome/150.0.7871.186 Mobile Safari/537.36 (compatible; Googlebot/2.1; +http://www.google.com/bot.html)"
68.155.155.23 - - [16/Aug/2026:04:07:09 +0200] "GET /rip.php HTTP/1.1" 500 - "-" "-"
68.155.155.23 - - [16/Aug/2026:04:07:13 +0200] "GET /wp-content/uploads/ HTTP/1.1" 500 - "-" "-"
66.249.70.67 - - [16/Aug/2026:04:07:14 +0200] "GET /shop/customer/bookmark.php?items/H16021117910/ HTTP/1.1" 500 - "-" "Mozilla/5.0 (compatible; Googlebot/2.1; +http://www.google.com/bot.html)"
66.249.70.67 - - [16/Aug/2026:04:07:20 +0200] "GET /shop/customer/bookmark.php?items/P16021249533/ HTTP/1.1" 500 - "-" "Mozilla/5.0 (Linux; Android 6.0.1; Nexus 5X Build/MMB29P) AppleWebKit/537.36 (KHTML, like Gecko) Chrome/150.0.7871.186 Mobile Safari/537.36 (compatible; Googlebot/2.1; +http://www.google.com/bot.html)"
68.155.155.23 - - [16/Aug/2026:04:07:15 +0200] "GET /xmlrpc.php HTTP/1.1" 500 - "-" "-"
68.155.155.23 - - [16/Aug/2026:04:07:27 +0200] "GET /moon.php HTTP/1.1" 500 - "-" "-"
68.155.155.23 - - [16/Aug/2026:04:07:29 +0200] "GET /cache.php HTTP/1.1" 500 - "-" "-"
66.249.70.67 - - [16/Aug/2026:04:07:33 +0200] "GET /shop/customer/bookmark.php?items/X16031659228/ HTTP/1.1" 500 - "-" "Mozilla/5.0 (compatible; Googlebot/2.1; +http://www.google.com/bot.html)"
68.155.155.23 - - [16/Aug/2026:04:07:32 +0200] "GET /wp-includes/block-bindings/ HTTP/1.1" 500 - "-" "-"
68.155.155.23 - - [16/Aug/2026:04:07:44 +0200] "GET /vendor/ HTTP/1.1" 500 - "-" "-"
68.155.155.23 - - [16/Aug/2026:04:07:55 +0200] "GET /wp-content/themes/ HTTP/1.1" 500 - "-" "-"
68.155.155.23 - - [16/Aug/2026:04:07:58 +0200] "GET /wp-includes/images/smilies/about.php HTTP/1.1" 500 - "-" "-"
68.155.155.23 - - [16/Aug/2026:04:08:01 +0200] "GET /wp-includes/js/crop/ HTTP/1.1" 500 - "-" "-"
66.249.70.68 - - [16/Aug/2026:04:08:03 +0200] "GET /shop/customer/bookmark.php?items/X16031659228/ HTTP/1.1" 500 - "-" "Mozilla/5.0 (Linux; Android 6.0.1; Nexus 5X Build/MMB29P) AppleWebKit/537.36 (KHTML, like Gecko) Chrome/150.0.7871.186 Mobile Safari/537.36 (compatible; Googlebot/2.1; +http://www.google.com/bot.html)"
68.155.155.23 - - [16/Aug/2026:04:08:12 +0200] "GET /wp-mail.php HTTP/1.1" 500 - "-" "-"
68.155.155.23 - - [16/Aug/2026:04:08:17 +0200] "GET /o.php HTTP/1.1" 500 - "-" "-"
66.249.70.68 - - [16/Aug/2026:04:08:26 +0200] "GET /shop/customer/bookmark.php?items/X1601556081/ HTTP/1.1" 500 - "-" "Mozilla/5.0 (Linux; Android 6.0.1; Nexus 5X Build/MMB29P) AppleWebKit/537.36 (KHTML, like Gecko) Chrome/150.0.7871.186 Mobile Safari/537.36 (compatible; Googlebot/2.1; +http://www.google.com/bot.html)"
66.249.70.68 - - [16/Aug/2026:04:08:29 +0200] "GET /shop/customer/bookmark.php?items/D16062765033/ HTTP/1.1" 500 - "-" "Mozilla/5.0 (compatible; Googlebot/2.1; +http://www.google.com/bot.html)"
68.155.155.23 - - [16/Aug/2026:04:08:29 +0200] "GET /bb.php HTTP/1.1" 500 - "-" "-"
66.249.70.67 - - [16/Aug/2026:04:08:35 +0200] "GET /shop/customer/bookmark.php?items/D16062765033/ HTTP/1.1" 500 - "-" "Mozilla/5.0 (Linux; Android 6.0.1; Nexus 5X Build/MMB29P) AppleWebKit/537.36 (KHTML, like Gecko) Chrome/150.0.7871.186 Mobile Safari/537.36 (compatible; Googlebot/2.1; +http://www.google.com/bot.html)"
68.155.155.23 - - [16/Aug/2026:04:08:39 +0200] "GET /wp-admin/maint/admin.php HTTP/1.1" 500 - "-" "-"
68.155.155.23 - - [16/Aug/2026:04:08:50 +0200] "GET /wp-admin/network/ HTTP/1.1" 500 - "-" "-"
68.155.155.23 - - [16/Aug/2026:04:08:52 +0200] "GET /wp-includes/IXR/index.php HTTP/1.1" 500 - "-" "-"
66.249.70.68 - - [16/Aug/2026:04:09:08 +0200] "GET /shop/customer/bookmark.php?items/N16052510247/ HTTP/1.1" 500 - "-" "Mozilla/5.0 (Linux; Android 6.0.1; Nexus 5X Build/MMB29P) AppleWebKit/537.36 (KHTML, like Gecko) Chrome/150.0.7871.186 Mobile Safari/537.36 (compatible; Googlebot/2.1; +http://www.google.com/bot.html)"
68.155.155.23 - - [16/Aug/2026:04:09:03 +0200] "GET /xmrlpc.php HTTP/1.1" 500 - "-" "-"
66.249.70.67 - - [16/Aug/2026:04:09:19 +0200] "GET /shop/customer/bookmark.php?items/P16915553578/ HTTP/1.1" 500 - "-" "Mozilla/5.0 (Linux; Android 6.0.1; Nexus 5X Build/MMB29P) AppleWebKit/537.36 (KHTML, like Gecko) Chrome/150.0.7871.186 Mobile Safari/537.36 (compatible; Googlebot/2.1; +http://www.google.com/bot.html)"
66.249.70.68 - - [16/Aug/2026:04:09:23 +0200] "GET /shop/customer/bookmark.php?items/M16042038206/ HTTP/1.1" 500 - "-" "Mozilla/5.0 (compatible; Googlebot/2.1; +http://www.google.com/bot.html)"
68.155.155.23 - - [16/Aug/2026:04:09:18 +0200] "GET /file.php HTTP/1.1" 500 - "-" "-"
68.155.155.23 - - [16/Aug/2026:04:09:29 +0200] "GET /epinyins.php HTTP/1.1" 500 - "-" "-"
66.249.70.67 - - [16/Aug/2026:04:09:37 +0200] "GET /shop/customer/bookmark.php?items/H16821213494/ HTTP/1.1" 500 - "-" "Mozilla/5.0 (compatible; Googlebot/2.1; +http://www.google.com/bot.html)"
68.155.155.23 - - [16/Aug/2026:04:09:41 +0200] "GET /wp-admin/css/index.php HTTP/1.1" 500 - "-" "-"
68.155.155.23 - - [16/Aug/2026:04:09:53 +0200] "GET /wp-includes/php-compat/ HTTP/1.1" 500 - "-" "-"
66.249.70.67 - - [16/Aug/2026:04:09:58 +0200] "GET /shop/customer/bookmark.php?items/G16021132271/ HTTP/1.1" 500 - "-" "Mozilla/5.0 (Linux; Android 6.0.1; Nexus 5X Build/MMB29P) AppleWebKit/537.36 (KHTML, like Gecko) Chrome/150.0.7871.186 Mobile Safari/537.36 (compatible; Googlebot/2.1; +http://www.google.com/bot.html)"
66.249.70.67 - - [16/Aug/2026:04:09:52 +0200] "GET /shop/customer/bookmark.php?items/G16021132271/ HTTP/1.1" 500 - "-" "Mozilla/5.0 (compatible; Googlebot/2.1; +http://www.google.com/bot.html)"
66.249.70.67 - - [16/Aug/2026:04:10:03 +0200] "GET /shop/customer/bookmark.php?items/L160077974/ HTTP/1.1" 500 - "-" "Mozilla/5.0 (compatible; Googlebot/2.1; +http://www.google.com/bot.html)"
68.155.155.23 - - [16/Aug/2026:04:09:57 +0200] "GET /wp-includes/style-engine/index.php HTTP/1.1" 500 - "-" "-"
43.162.114.69 - - [16/Aug/2026:04:10:13 +0200] "GET / HTTP/1.1" 500 - "-" "Mozilla/5.0 (iPhone; CPU iPhone OS 13_2_3 like Mac OS X) AppleWebKit/605.1.15 (KHTML, like Gecko) Version/13.0.3 Mobile/15E148 Safari/604.1"
68.155.155.23 - - [16/Aug/2026:04:10:08 +0200] "GET /wp-admin/css/colors/coffee/index.php HTTP/1.1" 500 - "-" "-"
68.155.155.23 - - [16/Aug/2026:04:10:20 +0200] "GET /wp.php HTTP/1.1" 500 - "-" "-"
68.155.155.23 - - [16/Aug/2026:04:10:23 +0200] "GET /function/function.php HTTP/1.1" 500 - "-" "-"
68.155.155.23 - - [16/Aug/2026:04:10:26 +0200] "GET /wp-includes/style-engine/autoload_classmap.php HTTP/1.1" 500 - "-" "-"
68.155.155.23 - - [16/Aug/2026:04:10:29 +0200] "GET /wp-includes/SimplePie/admin.php HTTP/1.1" 500 - "-" "-"
68.155.155.23 - - [16/Aug/2026:04:10:32 +0200] "GET /ok.php HTTP/1.1" 500 - "-" "-"
68.155.155.23 - - [16/Aug/2026:04:10:35 +0200] "GET /item.php HTTP/1.1" 500 - "-" "-"
66.249.70.67 - - [16/Aug/2026:04:10:36 +0200] "GET /shop/customer/bookmark.php?items/W1600212585/ HTTP/1.1" 500 - "-" "Mozilla/5.0 (Linux; Android 6.0.1; Nexus 5X Build/MMB29P) AppleWebKit/537.36 (KHTML, like Gecko) Chrome/150.0.7871.186 Mobile Safari/537.36 (compatible; Googlebot/2.1; +http://www.google.com/bot.html)"
66.249.70.67 - - [16/Aug/2026:04:10:50 +0200] "GET /shop/customer/bookmark.php?items/I16021418778/ HTTP/1.1" 500 - "-" "Mozilla/5.0 (Linux; Android 6.0.1; Nexus 5X Build/MMB29P) AppleWebKit/537.36 (KHTML, like Gecko) Chrome/150.0.7871.186 Mobile Safari/537.36 (compatible; Googlebot/2.1; +http://www.google.com/bot.html)"
66.249.70.69 - - [16/Aug/2026:04:11:17 +0200] "GET /shop/customer/bookmark.php?items/X1601875633/ HTTP/1.1" 500 - "-" "Mozilla/5.0 (compatible; Googlebot/2.1; +http://www.google.com/bot.html)"
66.249.70.69 - - [16/Aug/2026:04:11:23 +0200] "GET /shop/customer/bookmark.php?items/Y16021389994/ HTTP/1.1" 500 - "-" "Mozilla/5.0 (compatible; Googlebot/2.1; +http://www.google.com/bot.html)"
66.249.70.68 - - [16/Aug/2026:04:11:29 +0200] "GET /shop/customer/bookmark.php?items/F1600354403/ HTTP/1.1" 500 - "-" "Mozilla/5.0 (compatible; Googlebot/2.1; +http://www.google.com/bot.html)"
66.249.70.67 - - [16/Aug/2026:04:11:40 +0200] "GET /shop/customer/bookmark.php?items/D16957538508/ HTTP/1.1" 500 - "-" "Mozilla/5.0 (Linux; Android 6.0.1; Nexus 5X Build/MMB29P) AppleWebKit/537.36 (KHTML, like Gecko) Chrome/150.0.7871.186 Mobile Safari/537.36 (compatible; Googlebot/2.1; +http://www.google.com/bot.html)"
66.249.70.68 - - [16/Aug/2026:04:12:08 +0200] "GET /shop/customer/bookmark.php?items/F1600354403/ HTTP/1.1" 500 - "-" "Mozilla/5.0 (Linux; Android 6.0.1; Nexus 5X Build/MMB29P) AppleWebKit/537.36 (KHTML, like Gecko) Chrome/150.0.7871.186 Mobile Safari/537.36 (compatible; Googlebot/2.1; +http://www.google.com/bot.html)"
66.249.70.67 - - [16/Aug/2026:04:12:34 +0200] "GET /shop/customer/bookmark.php?items/Z1600463443/ HTTP/1.1" 500 - "-" "Mozilla/5.0 (compatible; Googlebot/2.1; +http://www.google.com/bot.html)"
66.249.70.67 - - [16/Aug/2026:04:12:48 +0200] "GET /shop/customer/bookmark.php?items/G16021003226/ HTTP/1.1" 500 - "-" "Mozilla/5.0 (Linux; Android 6.0.1; Nexus 5X Build/MMB29P) AppleWebKit/537.36 (KHTML, like Gecko) Chrome/150.0.7871.186 Mobile Safari/537.36 (compatible; Googlebot/2.1; +http://www.google.com/bot.html)"
66.249.70.69 - - [16/Aug/2026:04:13:01 +0200] "GET /shop/customer/bookmark.php?items/U1600220686/ HTTP/1.1" 500 - "-" "Mozilla/5.0 (compatible; Googlebot/2.1; +http://www.google.com/bot.html)"
66.249.70.67 - - [16/Aug/2026:04:12:54 +0200] "GET /shop/customer/bookmark.php?items/P1601948867/ HTTP/1.1" 500 - "-" "Mozilla/5.0 (compatible; Googlebot/2.1; +http://www.google.com/bot.html)"
66.249.70.67 - - [16/Aug/2026:04:13:36 +0200] "GET /shop/customer/bookmark.php?items/T16021199327/ HTTP/1.1" 500 - "-" "Mozilla/5.0 (Linux; Android 6.0.1; Nexus 5X Build/MMB29P) AppleWebKit/537.36 (KHTML, like Gecko) Chrome/150.0.7871.186 Mobile Safari/537.36 (compatible; Googlebot/2.1; +http://www.google.com/bot.html)"
66.249.70.68 - - [16/Aug/2026:04:14:22 +0200] "GET /shop/customer/bookmark.php?items/P16042485483/ HTTP/1.1" 500 - "-" "Mozilla/5.0 (compatible; Googlebot/2.1; +http://www.google.com/bot.html)"
66.249.70.67 - - [16/Aug/2026:04:14:42 +0200] "GET /shop/pg/16042354344 HTTP/1.1" 500 - "-" "Mozilla/5.0 (compatible; Googlebot/2.1; +http://www.google.com/bot.html)"
66.249.70.67 - - [16/Aug/2026:04:14:53 +0200] "GET /shop/customer/bookmark.php?items/B16042476462/ HTTP/1.1" 500 - "-" "Mozilla/5.0 (compatible; Googlebot/2.1; +http://www.google.com/bot.html)"
66.249.70.67 - - [16/Aug/2026:04:15:00 +0200] "GET /shop/customer/bookmark.php?items/Y1600156982/ HTTP/1.1" 500 - "-" "Mozilla/5.0 (Linux; Android 6.0.1; Nexus 5X Build/MMB29P) AppleWebKit/537.36 (KHTML, like Gecko) Chrome/150.0.7871.186 Mobile Safari/537.36 (compatible; Googlebot/2.1; +http://www.google.com/bot.html)"
66.249.70.69 - - [16/Aug/2026:04:16:31 +0200] "GET /shop/customer/bookmark.php?items/R1601738797/ HTTP/1.1" 500 - "-" "Mozilla/5.0 (Linux; Android 6.0.1; Nexus 5X Build/MMB29P) AppleWebKit/537.36 (KHTML, like Gecko) Chrome/150.0.7871.186 Mobile Safari/537.36 (compatible; Googlebot/2.1; +http://www.google.com/bot.html)"
66.249.70.68 - - [16/Aug/2026:04:16:24 +0200] "GET /shop/customer/bookmark.php?items/U1601725896/ HTTP/1.1" 500 - "-" "Mozilla/5.0 (compatible; Googlebot/2.1; +http://www.google.com/bot.html)"
66.249.70.68 - - [16/Aug/2026:04:17:18 +0200] "GET /shop/customer/bookmark.php?items/B1601776656/ HTTP/1.1" 500 - "-" "Mozilla/5.0 (Linux; Android 6.0.1; Nexus 5X Build/MMB29P) AppleWebKit/537.36 (KHTML, like Gecko) Chrome/150.0.7871.186 Mobile Safari/537.36 (compatible; Googlebot/2.1; +http://www.google.com/bot.html)"
66.249.70.68 - - [16/Aug/2026:04:17:22 +0200] "GET /shop/customer/bookmark.php?items/B1601776656/ HTTP/1.1" 500 - "-" "Mozilla/5.0 (compatible; Googlebot/2.1; +http://www.google.com/bot.html)"
66.249.70.69 - - [16/Aug/2026:04:17:15 +0200] "GET /shop/customer/bookmark.php?items/U1601725896/ HTTP/1.1" 500 - "-" "Mozilla/5.0 (Linux; Android 6.0.1; Nexus 5X Build/MMB29P) AppleWebKit/537.36 (KHTML, like Gecko) Chrome/150.0.7871.186 Mobile Safari/537.36 (compatible; Googlebot/2.1; +http://www.google.com/bot.html)"
66.249.70.67 - - [16/Aug/2026:04:17:28 +0200] "GET /shop/customer/bookmark.php?items/M16021247876/ HTTP/1.1" 500 - "-" "Mozilla/5.0 (Linux; Android 6.0.1; Nexus 5X Build/MMB29P) AppleWebKit/537.36 (KHTML, like Gecko) Chrome/150.0.7871.186 Mobile Safari/537.36 (compatible; Googlebot/2.1; +http://www.google.com/bot.html)"
66.249.70.67 - - [16/Aug/2026:04:18:19 +0200] "GET /shop/customer/bookmark.php?items/M1601583527/ HTTP/1.1" 500 - "-" "Mozilla/5.0 (compatible; Googlebot/2.1; +http://www.google.com/bot.html)"
66.249.70.67 - - [16/Aug/2026:04:18:56 +0200] "GET /shop/customer/bookmark.php?items/B16021385950/ HTTP/1.1" 500 - "-" "Mozilla/5.0 (Linux; Android 6.0.1; Nexus 5X Build/MMB29P) AppleWebKit/537.36 (KHTML, like Gecko) Chrome/150.0.7871.186 Mobile Safari/537.36 (compatible; Googlebot/2.1; +http://www.google.com/bot.html)"
66.249.70.69 - - [16/Aug/2026:04:19:02 +0200] "GET /shop/customer/bookmark.php?items/A16063207503/ HTTP/1.1" 500 - "-" "Mozilla/5.0 (Linux; Android 6.0.1; Nexus 5X Build/MMB29P) AppleWebKit/537.36 (KHTML, like Gecko) Chrome/150.0.7871.186 Mobile Safari/537.36 (compatible; Googlebot/2.1; +http://www.google.com/bot.html)"
66.249.70.68 - - [16/Aug/2026:04:19:14 +0200] "GET /shop/customer/bookmark.php?items/A16063207503/ HTTP/1.1" 500 - "-" "Mozilla/5.0 (compatible; Googlebot/2.1; +http://www.google.com/bot.html)"
66.249.70.67 - - [16/Aug/2026:04:19:38 +0200] "GET /shop/customer/bookmark.php?items/F16021445893/ HTTP/1.1" 500 - "-" "Mozilla/5.0 (compatible; Googlebot/2.1; +http://www.google.com/bot.html)"
66.249.70.67 - - [16/Aug/2026:04:19:44 +0200] "GET /shop/customer/bookmark.php?items/H16021439623/ HTTP/1.1" 500 - "-" "Mozilla/5.0 (Linux; Android 6.0.1; Nexus 5X Build/MMB29P) AppleWebKit/537.36 (KHTML, like Gecko) Chrome/150.0.7871.186 Mobile Safari/537.36 (compatible; Googlebot/2.1; +http://www.google.com/bot.html)"
66.249.70.68 - - [16/Aug/2026:04:20:02 +0200] "GET /shop/customer/bookmark.php?items/O1601518603/ HTTP/1.1" 500 - "-" "Mozilla/5.0 (Linux; Android 6.0.1; Nexus 5X Build/MMB29P) AppleWebKit/537.36 (KHTML, like Gecko) Chrome/150.0.7871.186 Mobile Safari/537.36 (compatible; Googlebot/2.1; +http://www.google.com/bot.html)"
66.249.70.67 - - [16/Aug/2026:04:20:08 +0200] "GET /shop/customer/bookmark.php?items/U1600139002/ HTTP/1.1" 500 - "-" "Mozilla/5.0 (Linux; Android 6.0.1; Nexus 5X Build/MMB29P) AppleWebKit/537.36 (KHTML, like Gecko) Chrome/150.0.7871.186 Mobile Safari/537.36 (compatible; Googlebot/2.1; +http://www.google.com/bot.html)"
66.249.70.67 - - [16/Aug/2026:04:20:25 +0200] "GET /shop/customer/bookmark.php?items/K16042399932/ HTTP/1.1" 500 - "-" "Mozilla/5.0 (Linux; Android 6.0.1; Nexus 5X Build/MMB29P) AppleWebKit/537.36 (KHTML, like Gecko) Chrome/150.0.7871.186 Mobile Safari/537.36 (compatible; Googlebot/2.1; +http://www.google.com/bot.html)"
66.249.70.67 - - [16/Aug/2026:04:20:32 +0200] "GET /shop/customer/bookmark.php?items/Y16052684196/ HTTP/1.1" 500 - "-" "Mozilla/5.0 (Linux; Android 6.0.1; Nexus 5X Build/MMB29P) AppleWebKit/537.36 (KHTML, like Gecko) Chrome/150.0.7871.186 Mobile Safari/537.36 (compatible; Googlebot/2.1; +http://www.google.com/bot.html)"
66.249.70.67 - - [16/Aug/2026:04:20:37 +0200] "GET /shop/customer/bookmark.php?items/Y16021114961/ HTTP/1.1" 500 - "-" "Mozilla/5.0 (Linux; Android 6.0.1; Nexus 5X Build/MMB29P) AppleWebKit/537.36 (KHTML, like Gecko) Chrome/150.0.7871.186 Mobile Safari/537.36 (compatible; Googlebot/2.1; +http://www.google.com/bot.html)"
66.249.70.67 - - [16/Aug/2026:04:20:43 +0200] "GET /shop/customer/bookmark.php?items/H1600234596/ HTTP/1.1" 500 - "-" "Mozilla/5.0 (compatible; Googlebot/2.1; +http://www.google.com/bot.html)"
66.249.70.67 - - [16/Aug/2026:04:20:49 +0200] "GET /shop/customer/bookmark.php?items/A1601606496/ HTTP/1.1" 500 - "-" "Mozilla/5.0 (Linux; Android 6.0.1; Nexus 5X Build/MMB29P) AppleWebKit/537.36 (KHTML, like Gecko) Chrome/150.0.7871.186 Mobile Safari/537.36 (compatible; Googlebot/2.1; +http://www.google.com/bot.html)"
66.249.70.69 - - [16/Aug/2026:04:21:23 +0200] "GET /shop/customer/bookmark.php?items/Y16063199778/ HTTP/1.1" 500 - "-" "Mozilla/5.0 (compatible; Googlebot/2.1; +http://www.google.com/bot.html)"
66.249.70.67 - - [16/Aug/2026:04:21:18 +0200] "GET /shop/customer/bookmark.php?items/M16042038206/ HTTP/1.1" 500 - "-" "Mozilla/5.0 (Linux; Android 6.0.1; Nexus 5X Build/MMB29P) AppleWebKit/537.36 (KHTML, like Gecko) Chrome/150.0.7871.186 Mobile Safari/537.36 (compatible; Googlebot/2.1; +http://www.google.com/bot.html)"
66.249.70.68 - - [16/Aug/2026:04:21:29 +0200] "GET /shop/customer/bookmark.php?items/B16021323009/ HTTP/1.1" 500 - "-" "Mozilla/5.0 (Linux; Android 6.0.1; Nexus 5X Build/MMB29P) AppleWebKit/537.36 (KHTML, like Gecko) Chrome/150.0.7871.186 Mobile Safari/537.36 (compatible; Googlebot/2.1; +http://www.google.com/bot.html)"
66.249.70.67 - - [16/Aug/2026:04:21:41 +0200] "GET /shop/customer/bookmark.php?items/R16042082027/ HTTP/1.1" 500 - "-" "Mozilla/5.0 (Linux; Android 6.0.1; Nexus 5X Build/MMB29P) AppleWebKit/537.36 (KHTML, like Gecko) Chrome/150.0.7871.186 Mobile Safari/537.36 (compatible; Googlebot/2.1; +http://www.google.com/bot.html)"
66.249.70.67 - - [16/Aug/2026:04:21:58 +0200] "GET /shop/customer/bookmark.php?items/W1601597147/ HTTP/1.1" 500 - "-" "Mozilla/5.0 (Linux; Android 6.0.1; Nexus 5X Build/MMB29P) AppleWebKit/537.36 (KHTML, like Gecko) Chrome/150.0.7871.186 Mobile Safari/537.36 (compatible; Googlebot/2.1; +http://www.google.com/bot.html)"
66.249.70.67 - - [16/Aug/2026:04:22:09 +0200] "GET /shop/customer/bookmark.php?items/A16052723808/ HTTP/1.1" 500 - "-" "Mozilla/5.0 (Linux; Android 6.0.1; Nexus 5X Build/MMB29P) AppleWebKit/537.36 (KHTML, like Gecko) Chrome/150.0.7871.186 Mobile Safari/537.36 (compatible; Googlebot/2.1; +http://www.google.com/bot.html)"
66.249.70.67 - - [16/Aug/2026:04:22:03 +0200] "GET /shop/customer/bookmark.php?items/G16021132271/ HTTP/1.1" 500 - "-" "Mozilla/5.0 (Linux; Android 6.0.1; Nexus 5X Build/MMB29P) AppleWebKit/537.36 (KHTML, like Gecko) Chrome/150.0.7871.186 Mobile Safari/537.36 (compatible; Googlebot/2.1; +http://www.google.com/bot.html)"
66.249.70.67 - - [16/Aug/2026:04:22:15 +0200] "GET /shop/customer/bookmark.php?items/V1601858840/ HTTP/1.1" 500 - "-" "Mozilla/5.0 (Linux; Android 6.0.1; Nexus 5X Build/MMB29P) AppleWebKit/537.36 (KHTML, like Gecko) Chrome/150.0.7871.186 Mobile Safari/537.36 (compatible; Googlebot/2.1; +http://www.google.com/bot.html)"
66.249.70.67 - - [16/Aug/2026:04:22:26 +0200] "GET /shop/customer/bookmark.php?items/U1600219821/ HTTP/1.1" 500 - "-" "Mozilla/5.0 (compatible; Googlebot/2.1; +http://www.google.com/bot.html)"
66.249.70.67 - - [16/Aug/2026:04:22:42 +0200] "GET /shop/customer/bookmark.php?items/Q16042449938/ HTTP/1.1" 500 - "-" "Mozilla/5.0 (Linux; Android 6.0.1; Nexus 5X Build/MMB29P) AppleWebKit/537.36 (KHTML, like Gecko) Chrome/150.0.7871.186 Mobile Safari/537.36 (compatible; Googlebot/2.1; +http://www.google.com/bot.html)"
66.249.70.67 - - [16/Aug/2026:04:22:48 +0200] "GET /shop/customer/bookmark.php?items/S16062879670/ HTTP/1.1" 500 - "-" "Mozilla/5.0 (Linux; Android 6.0.1; Nexus 5X Build/MMB29P) AppleWebKit/537.36 (KHTML, like Gecko) Chrome/150.0.7871.186 Mobile Safari/537.36 (compatible; Googlebot/2.1; +http://www.google.com/bot.html)"
66.249.70.67 - - [16/Aug/2026:04:23:32 +0200] "GET /shop/customer/bookmark.php?items/Z1601907449/ HTTP/1.1" 500 - "-" "Mozilla/5.0 (compatible; Googlebot/2.1; +http://www.google.com/bot.html)"
66.249.70.67 - - [16/Aug/2026:04:23:37 +0200] "GET /shop/customer/bookmark.php?items/I16042218570/ HTTP/1.1" 500 - "-" "Mozilla/5.0 (Linux; Android 6.0.1; Nexus 5X Build/MMB29P) AppleWebKit/537.36 (KHTML, like Gecko) Chrome/150.0.7871.186 Mobile Safari/537.36 (compatible; Googlebot/2.1; +http://www.google.com/bot.html)"
66.249.70.67 - - [16/Aug/2026:04:23:42 +0200] "GET /shop/customer/bookmark.php?items/F16021102609/ HTTP/1.1" 500 - "-" "Mozilla/5.0 (Linux; Android 6.0.1; Nexus 5X Build/MMB29P) AppleWebKit/537.36 (KHTML, like Gecko) Chrome/150.0.7871.186 Mobile Safari/537.36 (compatible; Googlebot/2.1; +http://www.google.com/bot.html)"
66.249.70.67 - - [16/Aug/2026:04:23:53 +0200] "GET /shop/customer/bookmark.php?items/F1600486019/ HTTP/1.1" 500 - "-" "Mozilla/5.0 (Linux; Android 6.0.1; Nexus 5X Build/MMB29P) AppleWebKit/537.36 (KHTML, like Gecko) Chrome/150.0.7871.186 Mobile Safari/537.36 (compatible; Googlebot/2.1; +http://www.google.com/bot.html)"
66.249.70.68 - - [16/Aug/2026:04:25:01 +0200] "GET /shop/customer/bookmark.php?items/L1600366206/ HTTP/1.1" 500 - "-" "Mozilla/5.0 (Linux; Android 6.0.1; Nexus 5X Build/MMB29P) AppleWebKit/537.36 (KHTML, like Gecko) Chrome/150.0.7871.186 Mobile Safari/537.36 (compatible; Googlebot/2.1; +http://www.google.com/bot.html)"
66.249.70.69 - - [16/Aug/2026:04:25:04 +0200] "GET /shop/customer/bookmark.php?items/W16063033544/ HTTP/1.1" 500 - "-" "Mozilla/5.0 (Linux; Android 6.0.1; Nexus 5X Build/MMB29P) AppleWebKit/537.36 (KHTML, like Gecko) Chrome/150.0.7871.186 Mobile Safari/537.36 (compatible; Googlebot/2.1; +http://www.google.com/bot.html)"
66.249.70.68 - - [16/Aug/2026:04:25:26 +0200] "GET /shop/customer/bookmark.php?items/N16063097348/ HTTP/1.1" 500 - "-" "Mozilla/5.0 (compatible; Googlebot/2.1; +http://www.google.com/bot.html)"
66.249.70.67 - - [16/Aug/2026:04:25:44 +0200] "GET /shop/customer/bookmark.php?items/D1601967051/ HTTP/1.1" 500 - "-" "Mozilla/5.0 (Linux; Android 6.0.1; Nexus 5X Build/MMB29P) AppleWebKit/537.36 (KHTML, like Gecko) Chrome/150.0.7871.186 Mobile Safari/537.36 (compatible; Googlebot/2.1; +http://www.google.com/bot.html)"
66.249.70.67 - - [16/Aug/2026:04:25:37 +0200] "GET /shop/customer/bookmark.php?items/F1600301569/ HTTP/1.1" 500 - "-" "Mozilla/5.0 (Linux; Android 6.0.1; Nexus 5X Build/MMB29P) AppleWebKit/537.36 (KHTML, like Gecko) Chrome/150.0.7871.186 Mobile Safari/537.36 (compatible; Googlebot/2.1; +http://www.google.com/bot.html)"
66.249.70.67 - - [16/Aug/2026:04:25:49 +0200] "GET /shop/customer/bookmark.php?items/D1601967051/ HTTP/1.1" 500 - "-" "Mozilla/5.0 (compatible; Googlebot/2.1; +http://www.google.com/bot.html)"
66.249.70.67 - - [16/Aug/2026:04:26:00 +0200] "GET /shop/customer/bookmark.php?items/G16042422184/ HTTP/1.1" 500 - "-" "Mozilla/5.0 (Linux; Android 6.0.1; Nexus 5X Build/MMB29P) AppleWebKit/537.36 (KHTML, like Gecko) Chrome/150.0.7871.186 Mobile Safari/537.36 (compatible; Googlebot/2.1; +http://www.google.com/bot.html)"
66.249.70.67 - - [16/Aug/2026:04:25:54 +0200] "GET /shop/customer/bookmark.php?items/A16042417117/ HTTP/1.1" 500 - "-" "Mozilla/5.0 (Linux; Android 6.0.1; Nexus 5X Build/MMB29P) AppleWebKit/537.36 (KHTML, like Gecko) Chrome/150.0.7871.186 Mobile Safari/537.36 (compatible; Googlebot/2.1; +http://www.google.com/bot.html)"
66.249.70.68 - - [16/Aug/2026:04:26:05 +0200] "GET /shop/customer/bookmark.php?items/H1600455374/ HTTP/1.1" 500 - "-" "Mozilla/5.0 (Linux; Android 6.0.1; Nexus 5X Build/MMB29P) AppleWebKit/537.36 (KHTML, like Gecko) Chrome/150.0.7871.186 Mobile Safari/537.36 (compatible; Googlebot/2.1; +http://www.google.com/bot.html)"
66.249.70.67 - - [16/Aug/2026:04:26:11 +0200] "GET /shop/customer/bookmark.php?items/X1600141540/ HTTP/1.1" 500 - "-" "Mozilla/5.0 (Linux; Android 6.0.1; Nexus 5X Build/MMB29P) AppleWebKit/537.36 (KHTML, like Gecko) Chrome/150.0.7871.186 Mobile Safari/537.36 (compatible; Googlebot/2.1; +http://www.google.com/bot.html)"
66.249.70.67 - - [16/Aug/2026:04:26:28 +0200] "GET /shop/customer/bookmark.php?items/B16042086138/ HTTP/1.1" 500 - "-" "Mozilla/5.0 (Linux; Android 6.0.1; Nexus 5X Build/MMB29P) AppleWebKit/537.36 (KHTML, like Gecko) Chrome/150.0.7871.186 Mobile Safari/537.36 (compatible; Googlebot/2.1; +http://www.google.com/bot.html)"
66.249.70.67 - - [16/Aug/2026:04:26:39 +0200] "GET /shop/customer/bookmark.php?items/A16042480184/ HTTP/1.1" 500 - "-" "Mozilla/5.0 (Linux; Android 6.0.1; Nexus 5X Build/MMB29P) AppleWebKit/537.36 (KHTML, like Gecko) Chrome/150.0.7871.186 Mobile Safari/537.36 (compatible; Googlebot/2.1; +http://www.google.com/bot.html)"
66.249.70.68 - - [16/Aug/2026:04:27:00 +0200] "GET /shop/customer/bookmark.php?items/Q1601786914/ HTTP/1.1" 500 - "-" "Mozilla/5.0 (Linux; Android 6.0.1; Nexus 5X Build/MMB29P) AppleWebKit/537.36 (KHTML, like Gecko) Chrome/150.0.7871.186 Mobile Safari/537.36 (compatible; Googlebot/2.1; +http://www.google.com/bot.html)"
66.249.70.67 - - [16/Aug/2026:04:27:06 +0200] "GET /shop/customer/bookmark.php?items/L160077974/ HTTP/1.1" 500 - "-" "Mozilla/5.0 (Linux; Android 6.0.1; Nexus 5X Build/MMB29P) AppleWebKit/537.36 (KHTML, like Gecko) Chrome/150.0.7871.186 Mobile Safari/537.36 (compatible; Googlebot/2.1; +http://www.google.com/bot.html)"
66.249.70.67 - - [16/Aug/2026:04:27:16 +0200] "GET /shop/customer/bookmark.php?items/I1600131379/ HTTP/1.1" 500 - "-" "Mozilla/5.0 (compatible; Googlebot/2.1; +http://www.google.com/bot.html)"
66.249.70.67 - - [16/Aug/2026:04:27:11 +0200] "GET /shop/customer/bookmark.php?items/Q16031691783/ HTTP/1.1" 500 - "-" "Mozilla/5.0 (Linux; Android 6.0.1; Nexus 5X Build/MMB29P) AppleWebKit/537.36 (KHTML, like Gecko) Chrome/150.0.7871.186 Mobile Safari/537.36 (compatible; Googlebot/2.1; +http://www.google.com/bot.html)"
66.249.70.67 - - [16/Aug/2026:04:27:22 +0200] "GET /shop/customer/bookmark.php?items/O16042046729/ HTTP/1.1" 500 - "-" "Mozilla/5.0 (compatible; Googlebot/2.1; +http://www.google.com/bot.html)"
66.249.70.67 - - [16/Aug/2026:04:27:32 +0200] "GET /shop/pg/2815719 HTTP/1.1" 500 - "-" "Mozilla/5.0 (compatible; Googlebot/2.1; +http://www.google.com/bot.html)"
66.249.70.67 - - [16/Aug/2026:04:27:27 +0200] "GET /shop/customer/bookmark.php?items/Q16042449938/ HTTP/1.1" 500 - "-" "Mozilla/5.0 (Linux; Android 6.0.1; Nexus 5X Build/MMB29P) AppleWebKit/537.36 (KHTML, like Gecko) Chrome/150.0.7871.186 Mobile Safari/537.36 (compatible; Googlebot/2.1; +http://www.google.com/bot.html)"
66.249.70.67 - - [16/Aug/2026:04:27:38 +0200] "GET /shop/customer/bookmark.php?items/X1601771696/ HTTP/1.1" 500 - "-" "Mozilla/5.0 (Linux; Android 6.0.1; Nexus 5X Build/MMB29P) AppleWebKit/537.36 (KHTML, like Gecko) Chrome/150.0.7871.186 Mobile Safari/537.36 (compatible; Googlebot/2.1; +http://www.google.com/bot.html)"
66.249.70.67 - - [16/Aug/2026:04:27:54 +0200] "GET /shop/customer/bookmark.php?items/Q16021000200/ HTTP/1.1" 500 - "-" "Mozilla/5.0 (Linux; Android 6.0.1; Nexus 5X Build/MMB29P) AppleWebKit/537.36 (KHTML, like Gecko) Chrome/150.0.7871.186 Mobile Safari/537.36 (compatible; Googlebot/2.1; +http://www.google.com/bot.html)"
66.249.70.67 - - [16/Aug/2026:04:27:59 +0200] "GET /shop/customer/bookmark.php?items/F16021092075/ HTTP/1.1" 500 - "-" "Mozilla/5.0 (Linux; Android 6.0.1; Nexus 5X Build/MMB29P) AppleWebKit/537.36 (KHTML, like Gecko) Chrome/150.0.7871.186 Mobile Safari/537.36 (compatible; Googlebot/2.1; +http://www.google.com/bot.html)"
66.249.70.67 - - [16/Aug/2026:04:28:09 +0200] "GET /shop/customer/bookmark.php?items/G16052668850/ HTTP/1.1" 500 - "-" "Mozilla/5.0 (Linux; Android 6.0.1; Nexus 5X Build/MMB29P) AppleWebKit/537.36 (KHTML, like Gecko) Chrome/150.0.7871.186 Mobile Safari/537.36 (compatible; Googlebot/2.1; +http://www.google.com/bot.html)"
66.249.70.69 - - [16/Aug/2026:04:28:04 +0200] "GET /shop/customer/bookmark.php?items/V16042105447/ HTTP/1.1" 500 - "-" "Mozilla/5.0 (Linux; Android 6.0.1; Nexus 5X Build/MMB29P) AppleWebKit/537.36 (KHTML, like Gecko) Chrome/150.0.7871.186 Mobile Safari/537.36 (compatible; Googlebot/2.1; +http://www.google.com/bot.html)"
66.249.70.67 - - [16/Aug/2026:04:28:20 +0200] "GET /shop/customer/bookmark.php?items/Q16042449938/ HTTP/1.1" 500 - "-" "Mozilla/5.0 (compatible; Googlebot/2.1; +http://www.google.com/bot.html)"
66.249.70.67 - - [16/Aug/2026:04:28:25 +0200] "GET /shop/customer/bookmark.php?items/N16021147728/ HTTP/1.1" 500 - "-" "Mozilla/5.0 (Linux; Android 6.0.1; Nexus 5X Build/MMB29P) AppleWebKit/537.36 (KHTML, like Gecko) Chrome/150.0.7871.186 Mobile Safari/537.36 (compatible; Googlebot/2.1; +http://www.google.com/bot.html)"
66.249.70.67 - - [16/Aug/2026:04:28:35 +0200] "GET /shop/customer/bookmark.php?items/A16021488062/ HTTP/1.1" 500 - "-" "Mozilla/5.0 (Linux; Android 6.0.1; Nexus 5X Build/MMB29P) AppleWebKit/537.36 (KHTML, like Gecko) Chrome/150.0.7871.186 Mobile Safari/537.36 (compatible; Googlebot/2.1; +http://www.google.com/bot.html)"
66.249.70.67 - - [16/Aug/2026:04:28:41 +0200] "GET /shop/customer/bookmark.php?items/M16021164484/ HTTP/1.1" 500 - "-" "Mozilla/5.0 (Linux; Android 6.0.1; Nexus 5X Build/MMB29P) AppleWebKit/537.36 (KHTML, like Gecko) Chrome/150.0.7871.186 Mobile Safari/537.36 (compatible; Googlebot/2.1; +http://www.google.com/bot.html)"
66.249.70.67 - - [16/Aug/2026:04:28:56 +0200] "GET /shop/customer/bookmark.php?items/B16063231041/ HTTP/1.1" 500 - "-" "Mozilla/5.0 (Linux; Android 6.0.1; Nexus 5X Build/MMB29P) AppleWebKit/537.36 (KHTML, like Gecko) Chrome/150.0.7871.186 Mobile Safari/537.36 (compatible; Googlebot/2.1; +http://www.google.com/bot.html)"
