135.225.78.186 - - [15/Aug/2026:19:06:26 +0200] "GET /wp-ws68.php?p= HTTP/1.1" 500 - "-" "-"
135.225.78.186 - - [15/Aug/2026:19:06:28 +0200] "GET /yj09.php HTTP/1.1" 500 - "-" "-"
135.225.78.186 - - [15/Aug/2026:19:06:30 +0200] "GET /scxy.php HTTP/1.1" 500 - "-" "-"
135.225.78.186 - - [15/Aug/2026:19:06:41 +0200] "GET /3PJcpMFsD8B.php HTTP/1.1" 500 - "-" "-"
135.225.78.186 - - [15/Aug/2026:19:06:43 +0200] "GET /BDKR28WP.php HTTP/1.1" 500 - "-" "-"
66.249.70.69 - - [15/Aug/2026:19:06:38 +0200] "GET /shop/customer/bookmark.php?items/T1600135659/ HTTP/1.1" 500 - "-" "Mozilla/5.0 (Linux; Android 6.0.1; Nexus 5X Build/MMB29P) AppleWebKit/537.36 (KHTML, like Gecko) Chrome/150.0.7871.186 Mobile Safari/537.36 (compatible; Googlebot/2.1; +http://www.google.com/bot.html)"
135.225.78.186 - - [15/Aug/2026:19:06:46 +0200] "GET /4PJcpMFsD8B.php HTTP/1.1" 500 - "-" "-"
135.225.78.186 - - [15/Aug/2026:19:06:57 +0200] "GET /1xmomo.php HTTP/1.1" 500 - "-" "-"
135.225.78.186 - - [15/Aug/2026:19:07:08 +0200] "GET /blurbs.php HTTP/1.1" 500 - "-" "-"
135.225.78.186 - - [15/Aug/2026:19:07:10 +0200] "GET /bajah.php HTTP/1.1" 500 - "-" "-"
135.225.78.186 - - [15/Aug/2026:19:07:12 +0200] "GET /domvf.php HTTP/1.1" 500 - "-" "-"
135.225.78.186 - - [15/Aug/2026:19:07:15 +0200] "GET /fpwch.php HTTP/1.1" 500 - "-" "-"
135.225.78.186 - - [15/Aug/2026:19:07:26 +0200] "GET /sf.php HTTP/1.1" 500 - "-" "-"
135.225.78.186 - - [15/Aug/2026:19:07:28 +0200] "GET /xx.php HTTP/1.1" 500 - "-" "-"
135.225.78.186 - - [15/Aug/2026:19:07:38 +0200] "GET /adminner.php HTTP/1.1" 500 - "-" "-"
135.225.78.186 - - [15/Aug/2026:19:07:52 +0200] "GET /wp-admin/css/colors/modern/ HTTP/1.1" 500 - "-" "-"
135.225.78.186 - - [15/Aug/2026:19:07:55 +0200] "GET //wp-includes/assets/ HTTP/1.1" 500 - "-" "-"
66.249.70.69 - - [15/Aug/2026:19:07:56 +0200] "GET /shop/customer/bookmark.php?items/O16063097772/ HTTP/1.1" 500 - "-" "Mozilla/5.0 (compatible; Googlebot/2.1; +http://www.google.com/bot.html)"
135.225.78.186 - - [15/Aug/2026:19:08:07 +0200] "GET /wp-admin/css/colors/sunrise/ HTTP/1.1" 500 - "-" "-"
135.225.78.186 - - [15/Aug/2026:19:08:09 +0200] "GET //wp-includes/l10n/ HTTP/1.1" 500 - "-" "-"
135.225.78.186 - - [15/Aug/2026:19:08:12 +0200] "GET /wp-content/uploads/ HTTP/1.1" 500 - "-" "-"
135.225.78.186 - - [15/Aug/2026:19:08:14 +0200] "GET //abcd.php HTTP/1.1" 500 - "-" "-"
135.225.78.186 - - [15/Aug/2026:19:08:17 +0200] "GET //cgi-bin/index.php HTTP/1.1" 500 - "-" "-"
135.225.78.186 - - [15/Aug/2026:19:08:20 +0200] "GET //wp-includes/css/dist/ HTTP/1.1" 500 - "-" "-"
135.225.78.186 - - [15/Aug/2026:19:08:31 +0200] "GET //adminfuns.php HTTP/1.1" 500 - "-" "-"
135.225.78.186 - - [15/Aug/2026:19:08:33 +0200] "GET /wp-content/themes/index.php HTTP/1.1" 500 - "-" "-"
135.225.78.186 - - [15/Aug/2026:19:08:50 +0200] "GET //wp-includes/js/jquery/ HTTP/1.1" 500 - "-" "-"
135.225.78.186 - - [15/Aug/2026:19:09:00 +0200] "GET //wp-content/admin.php HTTP/1.1" 500 - "-" "-"
135.225.78.186 - - [15/Aug/2026:19:09:10 +0200] "GET /wp-includes/blocks/details/ HTTP/1.1" 500 - "-" "-"
135.225.78.186 - - [15/Aug/2026:19:09:21 +0200] "GET /wp-includes/blocks/audi/ HTTP/1.1" 500 - "-" "-"
135.225.78.186 - - [15/Aug/2026:19:09:22 +0200] "GET /.well-known/about.php HTTP/1.1" 500 - "-" "-"
135.225.78.186 - - [15/Aug/2026:19:08:35 +0200] "GET /wp-blog.php HTTP/1.1" 500 - "-" "-"
135.225.78.186 - - [15/Aug/2026:19:09:32 +0200] "GET /wp-includes/ID3/about.php HTTP/1.1" 500 - "-" "-"
66.249.70.68 - - [15/Aug/2026:19:09:36 +0200] "GET /shop/customer/bookmark.php?items/O16063097772/ HTTP/1.1" 500 - "-" "Mozilla/5.0 (Linux; Android 6.0.1; Nexus 5X Build/MMB29P) AppleWebKit/537.36 (KHTML, like Gecko) Chrome/150.0.7871.186 Mobile Safari/537.36 (compatible; Googlebot/2.1; +http://www.google.com/bot.html)"
135.225.78.186 - - [15/Aug/2026:19:09:43 +0200] "GET //wp-includes/assets/ HTTP/1.1" 500 - "-" "-"
66.249.70.67 - - [15/Aug/2026:19:09:58 +0200] "GET /shop/customer/bookmark.php?items/P16021497811/ HTTP/1.1" 500 - "-" "Mozilla/5.0 (compatible; Googlebot/2.1; +http://www.google.com/bot.html)"
135.225.78.186 - - [15/Aug/2026:19:09:54 +0200] "GET /wp-includes/Text/ HTTP/1.1" 500 - "-" "-"
135.225.78.186 - - [15/Aug/2026:19:10:06 +0200] "GET /goods.php HTTP/1.1" 500 - "-" "-"
66.249.70.67 - - [15/Aug/2026:19:10:17 +0200] "GET /shop/customer/bookmark.php?items/I16021201982/ HTTP/1.1" 500 - "-" "Mozilla/5.0 (Linux; Android 6.0.1; Nexus 5X Build/MMB29P) AppleWebKit/537.36 (KHTML, like Gecko) Chrome/150.0.7871.186 Mobile Safari/537.36 (compatible; Googlebot/2.1; +http://www.google.com/bot.html)"
66.249.70.67 - - [15/Aug/2026:19:10:34 +0200] "GET /shop/customer/bookmark.php?items/F160074959/ HTTP/1.1" 500 - "-" "Mozilla/5.0 (compatible; Googlebot/2.1; +http://www.google.com/bot.html)"
114.119.136.249 - - [15/Aug/2026:19:10:41 +0200] "GET / HTTP/1.1" 500 - "http://pixelika.net/" "Mozilla/5.0 (Linux; Android 7.0;) AppleWebKit/537.36 (HTML, like Gecko) Mobile Safari/537.36 (compatible; PetalBot;+https://webmaster.petalsearch.com/site/petalbot)"
66.249.70.67 - - [15/Aug/2026:19:10:48 +0200] "GET /shop/customer/bookmark.php?items/C16052738478/ HTTP/1.1" 500 - "-" "Mozilla/5.0 (compatible; Googlebot/2.1; +http://www.google.com/bot.html)"
66.249.70.67 - - [15/Aug/2026:19:12:23 +0200] "GET /shop/customer/bookmark.php?items/F160074959/ HTTP/1.1" 500 - "-" "Mozilla/5.0 (Linux; Android 6.0.1; Nexus 5X Build/MMB29P) AppleWebKit/537.36 (KHTML, like Gecko) Chrome/150.0.7871.186 Mobile Safari/537.36 (compatible; Googlebot/2.1; +http://www.google.com/bot.html)"
66.249.70.67 - - [15/Aug/2026:19:12:58 +0200] "GET /shop/customer/bookmark.php?items/Y1601876204/ HTTP/1.1" 500 - "-" "Mozilla/5.0 (Linux; Android 6.0.1; Nexus 5X Build/MMB29P) AppleWebKit/537.36 (KHTML, like Gecko) Chrome/150.0.7871.186 Mobile Safari/537.36 (compatible; Googlebot/2.1; +http://www.google.com/bot.html)"
66.249.70.67 - - [15/Aug/2026:19:14:01 +0200] "GET /shop/customer/bookmark.php?items/M16052724551/ HTTP/1.1" 500 - "-" "Mozilla/5.0 (Linux; Android 6.0.1; Nexus 5X Build/MMB29P) AppleWebKit/537.36 (KHTML, like Gecko) Chrome/150.0.7871.186 Mobile Safari/537.36 (compatible; Googlebot/2.1; +http://www.google.com/bot.html)"
66.249.70.68 - - [15/Aug/2026:19:14:26 +0200] "GET /shop/customer/bookmark.php?items/Y16042476526/ HTTP/1.1" 500 - "-" "Mozilla/5.0 (Linux; Android 6.0.1; Nexus 5X Build/MMB29P) AppleWebKit/537.36 (KHTML, like Gecko) Chrome/150.0.7871.186 Mobile Safari/537.36 (compatible; Googlebot/2.1; +http://www.google.com/bot.html)"
66.249.70.67 - - [15/Aug/2026:19:15:13 +0200] "GET /shop/customer/bookmark.php?items/I16021449017/ HTTP/1.1" 500 - "-" "Mozilla/5.0 (Linux; Android 6.0.1; Nexus 5X Build/MMB29P) AppleWebKit/537.36 (KHTML, like Gecko) Chrome/150.0.7871.186 Mobile Safari/537.36 (compatible; Googlebot/2.1; +http://www.google.com/bot.html)"
66.249.70.67 - - [15/Aug/2026:19:15:47 +0200] "GET /shop/customer/bookmark.php?items/R1601828714/ HTTP/1.1" 500 - "-" "Mozilla/5.0 (compatible; Googlebot/2.1; +http://www.google.com/bot.html)"
35.181.170.66 - - [15/Aug/2026:19:16:10 +0200] "HEAD / HTTP/1.1" 500 - "-" "Mozilla/5.0 (compatible; DomainScores/2.1; +https://www.domainscores.net/headers)"
66.249.70.67 - - [15/Aug/2026:19:16:50 +0200] "GET /shop/customer/bookmark.php?items/T16042179346/ HTTP/1.1" 500 - "-" "Mozilla/5.0 (Linux; Android 6.0.1; Nexus 5X Build/MMB29P) AppleWebKit/537.36 (KHTML, like Gecko) Chrome/150.0.7871.186 Mobile Safari/537.36 (compatible; Googlebot/2.1; +http://www.google.com/bot.html)"
66.249.70.67 - - [15/Aug/2026:19:18:23 +0200] "GET /shop/customer/bookmark.php?items/T16042179346/ HTTP/1.1" 500 - "-" "Mozilla/5.0 (compatible; Googlebot/2.1; +http://www.google.com/bot.html)"
66.249.70.67 - - [15/Aug/2026:19:18:53 +0200] "GET /shop/customer/bookmark.php?items/W1600234287/ HTTP/1.1" 500 - "-" "Mozilla/5.0 (Linux; Android 6.0.1; Nexus 5X Build/MMB29P) AppleWebKit/537.36 (KHTML, like Gecko) Chrome/150.0.7871.186 Mobile Safari/537.36 (compatible; Googlebot/2.1; +http://www.google.com/bot.html)"
66.249.70.68 - - [15/Aug/2026:19:19:09 +0200] "GET /shop/customer/bookmark.php?items/C16926306712/ HTTP/1.1" 500 - "-" "Mozilla/5.0 (Linux; Android 6.0.1; Nexus 5X Build/MMB29P) AppleWebKit/537.36 (KHTML, like Gecko) Chrome/150.0.7871.186 Mobile Safari/537.36 (compatible; Googlebot/2.1; +http://www.google.com/bot.html)"
66.249.70.68 - - [15/Aug/2026:19:19:20 +0200] "GET /shop/customer/bookmark.php?items/W1601814965/ HTTP/1.1" 500 - "-" "Mozilla/5.0 (compatible; Googlebot/2.1; +http://www.google.com/bot.html)"
20.24.67.246 - - [15/Aug/2026:19:19:20 +0200] "GET /wp-content/plugins/hellopress/wp_filemanager.php HTTP/1.1" 500 - "-" "-"
20.24.67.246 - - [15/Aug/2026:19:19:23 +0200] "GET /this_is_a_new_hello_world.php HTTP/1.1" 500 - "-" "-"
66.249.70.68 - - [15/Aug/2026:19:19:27 +0200] "GET /shop/customer/bookmark.php?items/Q1600390686/ HTTP/1.1" 500 - "-" "Mozilla/5.0 (compatible; Googlebot/2.1; +http://www.google.com/bot.html)"
20.24.67.246 - - [15/Aug/2026:19:19:34 +0200] "GET /x.php HTTP/1.1" 500 - "-" "-"
20.24.67.246 - - [15/Aug/2026:19:19:46 +0200] "GET /mgrr.php HTTP/1.1" 500 - "-" "-"
20.24.67.246 - - [15/Aug/2026:19:19:49 +0200] "GET /domvf.php HTTP/1.1" 500 - "-" "-"
20.24.67.246 - - [15/Aug/2026:19:19:51 +0200] "GET /dyt8mjxc3yofbkoriukvgjaCdefault.php HTTP/1.1" 500 - "-" "-"
20.24.67.246 - - [15/Aug/2026:19:19:53 +0200] "GET /gec.php HTTP/1.1" 500 - "-" "-"
20.24.67.246 - - [15/Aug/2026:19:20:05 +0200] "GET /sky.php HTTP/1.1" 500 - "-" "-"
20.24.67.246 - - [15/Aug/2026:19:20:17 +0200] "GET /fffm.php HTTP/1.1" 500 - "-" "-"
66.249.70.68 - - [15/Aug/2026:19:20:26 +0200] "GET /shop/customer/bookmark.php?items/V16063216698/ HTTP/1.1" 500 - "-" "Mozilla/5.0 (compatible; Googlebot/2.1; +http://www.google.com/bot.html)"
66.249.70.68 - - [15/Aug/2026:19:21:08 +0200] "GET /shop/customer/bookmark.php?items/W1601803096/ HTTP/1.1" 500 - "-" "Mozilla/5.0 (compatible; Googlebot/2.1; +http://www.google.com/bot.html)"
66.249.70.68 - - [15/Aug/2026:19:21:18 +0200] "GET /shop/customer/bookmark.php?items/V16063111811/ HTTP/1.1" 500 - "-" "Mozilla/5.0 (compatible; Googlebot/2.1; +http://www.google.com/bot.html)"
20.24.67.246 - - [15/Aug/2026:19:21:58 +0200] "GET /yj09.php HTTP/1.1" 500 - "-" "-"
20.24.67.246 - - [15/Aug/2026:19:21:59 +0200] "GET /k.php HTTP/1.1" 500 - "-" "-"
20.24.67.246 - - [15/Aug/2026:19:22:01 +0200] "GET /w.php HTTP/1.1" 500 - "-" "-"
20.24.67.246 - - [15/Aug/2026:19:22:02 +0200] "GET /fpwch.php HTTP/1.1" 500 - "-" "-"
20.24.67.246 - - [15/Aug/2026:19:22:13 +0200] "GET /w2025.php HTTP/1.1" 500 - "-" "-"
20.24.67.246 - - [15/Aug/2026:19:22:24 +0200] "GET /FWAZ.php HTTP/1.1" 500 - "-" "-"
66.249.70.67 - - [15/Aug/2026:19:22:31 +0200] "GET /shop/customer/bookmark.php?items/K16021090147/ HTTP/1.1" 500 - "-" "Mozilla/5.0 (compatible; Googlebot/2.1; +http://www.google.com/bot.html)"
20.24.67.246 - - [15/Aug/2026:19:22:27 +0200] "GET /qterm.php?p= HTTP/1.1" 500 - "-" "-"
20.24.67.246 - - [15/Aug/2026:19:22:38 +0200] "GET /blurbs.php HTTP/1.1" 500 - "-" "-"
20.24.67.246 - - [15/Aug/2026:19:22:42 +0200] "GET /wp-ws68.php?p= HTTP/1.1" 500 - "-" "-"
20.24.67.246 - - [15/Aug/2026:19:22:54 +0200] "GET /rt.php HTTP/1.1" 500 - "-" "-"
20.24.67.246 - - [15/Aug/2026:19:22:56 +0200] "GET /100.php HTTP/1.1" 500 - "-" "-"
104.28.160.255 - - [15/Aug/2026:19:22:49 +0200] "GET / HTTP/1.1" 500 - "-" "Mozilla/5.0 (Macintosh; Intel Mac OS X 10_15_7) AppleWebKit/605.1.15 (KHTML, like Gecko) Version/18.3 Safari/605.1.15"
20.24.67.246 - - [15/Aug/2026:19:22:59 +0200] "GET /ccc.php?p= HTTP/1.1" 500 - "-" "-"
66.249.70.68 - - [15/Aug/2026:19:22:52 +0200] "GET /shop/customer/bookmark.php?items/O16031954693/ HTTP/1.1" 500 - "-" "Mozilla/5.0 (compatible; Googlebot/2.1; +http://www.google.com/bot.html)"
20.24.67.246 - - [15/Aug/2026:19:23:01 +0200] "GET /get.php HTTP/1.1" 500 - "-" "-"
69.46.65.137 - - [15/Aug/2026:19:22:55 +0200] "GET / HTTP/1.1" 500 - "-" "Mozilla/5.0 (Macintosh; Intel Mac OS X 10_15_7) AppleWebKit/605.1.15 (KHTML, like Gecko) Version/18.3 Safari/605.1.15"
20.24.67.246 - - [15/Aug/2026:19:23:04 +0200] "GET /images.php HTTP/1.1" 500 - "-" "-"
103.104.22.174 - - [15/Aug/2026:19:23:00 +0200] "GET / HTTP/1.1" 500 - "-" "Mozilla/5.0 (Macintosh; Intel Mac OS X 10_15_7) AppleWebKit/605.1.15 (KHTML, like Gecko) Version/18.3 Safari/605.1.15"
103.104.22.229 - - [15/Aug/2026:19:23:05 +0200] "GET / HTTP/1.1" 500 - "-" "Mozilla/5.0 (Macintosh; Intel Mac OS X 10_15_7) AppleWebKit/605.1.15 (KHTML, like Gecko) Version/18.3 Safari/605.1.15"
20.24.67.246 - - [15/Aug/2026:19:23:07 +0200] "GET /alls.php HTTP/1.1" 500 - "-" "-"
20.24.67.246 - - [15/Aug/2026:19:23:18 +0200] "GET /coffexium.php HTTP/1.1" 500 - "-" "-"
20.24.67.246 - - [15/Aug/2026:19:23:21 +0200] "GET /red.php HTTP/1.1" 500 - "-" "-"
20.24.67.246 - - [15/Aug/2026:19:23:32 +0200] "GET /wp-includes/sodium_compat/ HTTP/1.1" 500 - "-" "-"
20.24.67.246 - - [15/Aug/2026:19:23:35 +0200] "GET /wp-includes/Text/ HTTP/1.1" 500 - "-" "-"
66.249.70.67 - - [15/Aug/2026:19:23:39 +0200] "GET /shop/customer/bookmark.php?items/P16021439028/ HTTP/1.1" 500 - "-" "Mozilla/5.0 (Linux; Android 6.0.1; Nexus 5X Build/MMB29P) AppleWebKit/537.36 (KHTML, like Gecko) Chrome/150.0.7871.186 Mobile Safari/537.36 (compatible; Googlebot/2.1; +http://www.google.com/bot.html)"
20.24.67.246 - - [15/Aug/2026:19:23:38 +0200] "GET /wp-content/uploads/ HTTP/1.1" 500 - "-" "-"
20.24.67.246 - - [15/Aug/2026:19:23:50 +0200] "GET /wp-content/index.php HTTP/1.1" 500 - "-" "-"
20.24.67.246 - - [15/Aug/2026:19:24:03 +0200] "GET ///admin.php HTTP/1.1" 500 - "-" "-"
20.24.67.246 - - [15/Aug/2026:19:24:05 +0200] "GET /file52.php HTTP/1.1" 500 - "-" "-"
66.249.70.68 - - [15/Aug/2026:19:24:14 +0200] "GET /shop/customer/bookmark.php?items/A1601766125/ HTTP/1.1" 500 - "-" "Mozilla/5.0 (Linux; Android 6.0.1; Nexus 5X Build/MMB29P) AppleWebKit/537.36 (KHTML, like Gecko) Chrome/150.0.7871.186 Mobile Safari/537.36 (compatible; Googlebot/2.1; +http://www.google.com/bot.html)"
20.24.67.246 - - [15/Aug/2026:19:24:08 +0200] "GET /geck.php HTTP/1.1" 500 - "-" "-"
20.24.67.246 - - [15/Aug/2026:19:24:18 +0200] "GET /biufile.php HTTP/1.1" 500 - "-" "-"
20.24.67.246 - - [15/Aug/2026:19:24:21 +0200] "GET /dejavu.php HTTP/1.1" 500 - "-" "-"
20.24.67.246 - - [15/Aug/2026:19:24:24 +0200] "GET /aaf.php HTTP/1.1" 500 - "-" "-"
66.249.70.68 - - [15/Aug/2026:19:24:21 +0200] "GET /shop/customer/bookmark.php?items/I16042174341/ HTTP/1.1" 500 - "-" "Mozilla/5.0 (compatible; Googlebot/2.1; +http://www.google.com/bot.html)"
20.24.67.246 - - [15/Aug/2026:19:24:26 +0200] "GET /h02ugyh.php HTTP/1.1" 500 - "-" "-"
20.24.67.246 - - [15/Aug/2026:19:24:39 +0200] "GET /155.php HTTP/1.1" 500 - "-" "-"
20.24.67.246 - - [15/Aug/2026:19:24:52 +0200] "GET /ops.php HTTP/1.1" 500 - "-" "-"
20.24.67.246 - - [15/Aug/2026:19:24:55 +0200] "GET /mac.php HTTP/1.1" 500 - "-" "-"
66.249.70.67 - - [15/Aug/2026:19:24:53 +0200] "GET /shop/customer/bookmark.php?items/R16062973341/ HTTP/1.1" 500 - "-" "Mozilla/5.0 (Linux; Android 6.0.1; Nexus 5X Build/MMB29P) AppleWebKit/537.36 (KHTML, like Gecko) Chrome/150.0.7871.186 Mobile Safari/537.36 (compatible; Googlebot/2.1; +http://www.google.com/bot.html)"
20.24.67.246 - - [15/Aug/2026:19:24:57 +0200] "GET /wp-includes/blocks/post-comments-form/ HTTP/1.1" 500 - "-" "-"
20.24.67.246 - - [15/Aug/2026:19:25:02 +0200] "GET /wp-admin/js/ HTTP/1.1" 500 - "-" "-"
66.249.70.69 - - [15/Aug/2026:19:25:11 +0200] "GET /shop/customer/bookmark.php?items/N16884164397/ HTTP/1.1" 500 - "-" "Mozilla/5.0 (Linux; Android 6.0.1; Nexus 5X Build/MMB29P) AppleWebKit/537.36 (KHTML, like Gecko) Chrome/150.0.7871.186 Mobile Safari/537.36 (compatible; Googlebot/2.1; +http://www.google.com/bot.html)"
20.24.67.246 - - [15/Aug/2026:19:25:14 +0200] "GET /makeasmtp.php?p= HTTP/1.1" 500 - "-" "-"
20.24.67.246 - - [15/Aug/2026:19:25:26 +0200] "GET /wp-includes/ID3/about.php HTTP/1.1" 500 - "-" "-"
20.24.67.246 - - [15/Aug/2026:19:25:37 +0200] "GET /system_log.php HTTP/1.1" 500 - "-" "-"
66.249.70.68 - - [15/Aug/2026:19:25:31 +0200] "GET /shop/customer/bookmark.php?items/I16042174341/ HTTP/1.1" 500 - "-" "Mozilla/5.0 (Linux; Android 6.0.1; Nexus 5X Build/MMB29P) AppleWebKit/537.36 (KHTML, like Gecko) Chrome/150.0.7871.186 Mobile Safari/537.36 (compatible; Googlebot/2.1; +http://www.google.com/bot.html)"
20.24.67.246 - - [15/Aug/2026:19:25:41 +0200] "GET /wp-admin/css/ HTTP/1.1" 500 - "-" "-"
20.24.67.246 - - [15/Aug/2026:19:25:53 +0200] "GET /wp-admin/css/colors/modern/ HTTP/1.1" 500 - "-" "-"
20.24.67.246 - - [15/Aug/2026:19:26:05 +0200] "GET /pucci.php HTTP/1.1" 500 - "-" "-"
20.24.67.246 - - [15/Aug/2026:19:26:08 +0200] "GET /wp-includes/blocks/details/ HTTP/1.1" 500 - "-" "-"
20.24.67.246 - - [15/Aug/2026:19:26:11 +0200] "GET /wp-includes/blocks/audio/ HTTP/1.1" 500 - "-" "-"
66.249.70.67 - - [15/Aug/2026:19:26:30 +0200] "GET /shop/customer/bookmark.php?items/Y16042079505/ HTTP/1.1" 500 - "-" "Mozilla/5.0 (Linux; Android 6.0.1; Nexus 5X Build/MMB29P) AppleWebKit/537.36 (KHTML, like Gecko) Chrome/150.0.7871.186 Mobile Safari/537.36 (compatible; Googlebot/2.1; +http://www.google.com/bot.html)"
20.24.67.246 - - [15/Aug/2026:19:26:22 +0200] "GET /wp-temp.php HTTP/1.1" 500 - "-" "-"
20.24.67.246 - - [15/Aug/2026:19:26:33 +0200] "GET //wp-admin/js/index.php HTTP/1.1" 500 - "-" "-"
20.24.67.246 - - [15/Aug/2026:19:26:36 +0200] "GET /puc.php HTTP/1.1" 500 - "-" "-"
20.24.67.246 - - [15/Aug/2026:19:26:39 +0200] "GET //wp-includes/Requests/ HTTP/1.1" 500 - "-" "-"
20.24.67.246 - - [15/Aug/2026:19:26:51 +0200] "GET /8.php HTTP/1.1" 500 - "-" "-"
20.24.67.246 - - [15/Aug/2026:19:26:54 +0200] "GET /1.php HTTP/1.1" 500 - "-" "-"
66.249.70.68 - - [15/Aug/2026:19:26:56 +0200] "GET /shop/customer/bookmark.php?items/U16063126460/ HTTP/1.1" 500 - "-" "Mozilla/5.0 (compatible; Googlebot/2.1; +http://www.google.com/bot.html)"
20.24.67.246 - - [15/Aug/2026:19:26:57 +0200] "GET /about.php HTTP/1.1" 500 - "-" "-"
66.249.70.69 - - [15/Aug/2026:19:27:08 +0200] "GET /shop/customer/bookmark.php?items/D16021394205/ HTTP/1.1" 500 - "-" "Mozilla/5.0 (compatible; Googlebot/2.1; +http://www.google.com/bot.html)"
20.24.67.246 - - [15/Aug/2026:19:27:09 +0200] "GET //admin.php HTTP/1.1" 500 - "-" "-"
20.24.67.246 - - [15/Aug/2026:19:27:20 +0200] "GET //edit.php HTTP/1.1" 500 - "-" "-"
20.24.67.246 - - [15/Aug/2026:19:27:23 +0200] "GET /wp-content/admin.php HTTP/1.1" 500 - "-" "-"
20.24.67.246 - - [15/Aug/2026:19:27:34 +0200] "GET /inputs.php HTTP/1.1" 500 - "-" "-"
20.24.67.246 - - [15/Aug/2026:19:27:36 +0200] "GET //av.php HTTP/1.1" 500 - "-" "-"
20.24.67.246 - - [15/Aug/2026:19:27:48 +0200] "GET /classwithtostring.php?p= HTTP/1.1" 500 - "-" "-"
66.249.70.68 - - [15/Aug/2026:19:28:00 +0200] "GET /shop/customer/bookmark.php?items/Y1601596126/ HTTP/1.1" 500 - "-" "Mozilla/5.0 (compatible; Googlebot/2.1; +http://www.google.com/bot.html)"
20.24.67.246 - - [15/Aug/2026:19:28:00 +0200] "GET /wp-content/themes/index.php HTTP/1.1" 500 - "-" "-"
66.249.70.67 - - [15/Aug/2026:19:28:27 +0200] "GET /shop/customer/bookmark.php?items/J16042231690/ HTTP/1.1" 500 - "-" "Mozilla/5.0 (compatible; Googlebot/2.1; +http://www.google.com/bot.html)"
20.24.67.246 - - [15/Aug/2026:19:28:56 +0200] "GET //adminfuns.php HTTP/1.1" 500 - "-" "-"
20.24.67.246 - - [15/Aug/2026:19:29:07 +0200] "GET /ms-edit.php HTTP/1.1" 500 - "-" "-"
20.24.67.246 - - [15/Aug/2026:19:29:11 +0200] "GET /222.php HTTP/1.1" 500 - "-" "-"
20.24.67.246 - - [15/Aug/2026:19:29:13 +0200] "GET //cgi-bin/index.php HTTP/1.1" 500 - "-" "-"
66.249.70.68 - - [15/Aug/2026:19:29:15 +0200] "GET /shop/customer/bookmark.php?items/X1600247499/ HTTP/1.1" 500 - "-" "Mozilla/5.0 (Linux; Android 6.0.1; Nexus 5X Build/MMB29P) AppleWebKit/537.36 (KHTML, like Gecko) Chrome/150.0.7871.186 Mobile Safari/537.36 (compatible; Googlebot/2.1; +http://www.google.com/bot.html)"
20.24.67.246 - - [15/Aug/2026:19:29:16 +0200] "GET /BDKR28WP.php HTTP/1.1" 500 - "-" "-"
20.24.67.246 - - [15/Aug/2026:19:29:28 +0200] "GET //wp-includes/l10n/ HTTP/1.1" 500 - "-" "-"
20.24.67.246 - - [15/Aug/2026:19:29:40 +0200] "GET /wp.php HTTP/1.1" 500 - "-" "-"
20.24.67.246 - - [15/Aug/2026:19:29:42 +0200] "GET /i.php HTTP/1.1" 500 - "-" "-"
20.24.67.246 - - [15/Aug/2026:19:29:54 +0200] "GET //abcd.php HTTP/1.1" 500 - "-" "-"
20.24.67.246 - - [15/Aug/2026:19:29:57 +0200] "GET /wp-manager.php HTTP/1.1" 500 - "-" "-"
20.24.67.246 - - [15/Aug/2026:19:30:03 +0200] "GET /wp-includes/Text/Diff/Engine/about.php HTTP/1.1" 500 - "-" "-"
20.24.67.246 - - [15/Aug/2026:19:30:15 +0200] "GET //cgi-bin/admin.php HTTP/1.1" 500 - "-" "-"
20.24.67.246 - - [15/Aug/2026:19:30:19 +0200] "GET /wp-content/ HTTP/1.1" 500 - "-" "-"
20.24.67.246 - - [15/Aug/2026:19:30:21 +0200] "GET /simple.php HTTP/1.1" 500 - "-" "-"
66.249.70.69 - - [15/Aug/2026:19:30:14 +0200] "GET /shop/customer/bookmark.php?items/S16062913374/ HTTP/1.1" 500 - "-" "Mozilla/5.0 (compatible; Googlebot/2.1; +http://www.google.com/bot.html)"
20.24.67.246 - - [15/Aug/2026:19:30:24 +0200] "GET /xxx.php HTTP/1.1" 500 - "-" "-"
20.24.67.246 - - [15/Aug/2026:19:30:28 +0200] "GET /hypo.php HTTP/1.1" 500 - "-" "-"
20.24.67.246 - - [15/Aug/2026:19:30:40 +0200] "GET /wp-admin/css/colors/blue/ HTTP/1.1" 500 - "-" "-"
157.66.56.167 - - [15/Aug/2026:19:30:57 +0200] "GET /sftp-config.json HTTP/1.1" 500 - "-" "Mozilla/5.0 (Macintosh; Intel Mac OS X 10.15; rv:77.0) Gecko/20100101 Firefox/77.0"
20.24.67.246 - - [15/Aug/2026:19:30:52 +0200] "GET /chosen.php HTTP/1.1" 500 - "-" "-"
20.24.67.246 - - [15/Aug/2026:19:31:06 +0200] "GET //wp-includes/block-bindings/ HTTP/1.1" 500 - "-" "-"
20.24.67.246 - - [15/Aug/2026:19:31:18 +0200] "GET /als.php HTTP/1.1" 500 - "-" "-"
20.24.67.246 - - [15/Aug/2026:19:31:30 +0200] "GET /nox.php HTTP/1.1" 500 - "-" "-"
20.24.67.246 - - [15/Aug/2026:19:31:43 +0200] "GET /file59.php HTTP/1.1" 500 - "-" "-"
20.24.67.246 - - [15/Aug/2026:19:31:54 +0200] "GET /admin.php? HTTP/1.1" 500 - "-" "-"
20.24.67.246 - - [15/Aug/2026:19:32:06 +0200] "GET /aa2.php HTTP/1.1" 500 - "-" "-"
66.249.70.69 - - [15/Aug/2026:19:32:07 +0200] "GET /shop/customer/bookmark.php?items/S16042287618/ HTTP/1.1" 500 - "-" "Mozilla/5.0 (Linux; Android 6.0.1; Nexus 5X Build/MMB29P) AppleWebKit/537.36 (KHTML, like Gecko) Chrome/150.0.7871.186 Mobile Safari/537.36 (compatible; Googlebot/2.1; +http://www.google.com/bot.html)"
20.24.67.246 - - [15/Aug/2026:19:32:19 +0200] "GET /xamp.php HTTP/1.1" 500 - "-" "-"
20.24.67.246 - - [15/Aug/2026:19:32:24 +0200] "GET /bless.php HTTP/1.1" 500 - "-" "-"
20.24.67.246 - - [15/Aug/2026:19:32:37 +0200] "GET /file25.php HTTP/1.1" 500 - "-" "-"
20.24.67.246 - - [15/Aug/2026:19:32:49 +0200] "GET /file15.php HTTP/1.1" 500 - "-" "-"
20.24.67.246 - - [15/Aug/2026:19:33:03 +0200] "GET /f35.php HTTP/1.1" 500 - "-" "-"
20.24.67.246 - - [15/Aug/2026:19:33:07 +0200] "GET /wp-load.php HTTP/1.1" 500 - "-" "-"
66.249.70.67 - - [15/Aug/2026:19:33:10 +0200] "GET /shop/customer/bookmark.php?items/S16042287618/ HTTP/1.1" 500 - "-" "Mozilla/5.0 (compatible; Googlebot/2.1; +http://www.google.com/bot.html)"
20.24.67.246 - - [15/Aug/2026:19:33:19 +0200] "GET //wp-includes/assets/ HTTP/1.1" 500 - "-" "-"
20.24.67.246 - - [15/Aug/2026:19:33:32 +0200] "GET /wp-admin/css/colors/sunrise/ HTTP/1.1" 500 - "-" "-"
20.24.67.246 - - [15/Aug/2026:19:33:44 +0200] "GET /wp-admin/network/plugins.php HTTP/1.1" 500 - "-" "-"
20.24.67.246 - - [15/Aug/2026:19:33:48 +0200] "GET /aaa.php HTTP/1.1" 500 - "-" "-"
20.24.67.246 - - [15/Aug/2026:19:34:00 +0200] "GET /gecko.php HTTP/1.1" 500 - "-" "-"
20.24.67.246 - - [15/Aug/2026:19:34:04 +0200] "GET /xiugai.php?p= HTTP/1.1" 500 - "-" "-"
20.24.67.246 - - [15/Aug/2026:19:34:07 +0200] "GET /adminner.php HTTP/1.1" 500 - "-" "-"
20.24.67.246 - - [15/Aug/2026:19:34:18 +0200] "GET /file1221.php HTTP/1.1" 500 - "-" "-"
20.24.67.246 - - [15/Aug/2026:19:34:29 +0200] "GET /inx.php HTTP/1.1" 500 - "-" "-"
66.249.70.68 - - [15/Aug/2026:19:34:25 +0200] "GET /shop/customer/bookmark.php?items/H16062788140/ HTTP/1.1" 500 - "-" "Mozilla/5.0 (Linux; Android 6.0.1; Nexus 5X Build/MMB29P) AppleWebKit/537.36 (KHTML, like Gecko) Chrome/150.0.7871.186 Mobile Safari/537.36 (compatible; Googlebot/2.1; +http://www.google.com/bot.html)"
20.24.67.246 - - [15/Aug/2026:19:34:34 +0200] "GET /reviall.php HTTP/1.1" 500 - "-" "-"
20.24.67.246 - - [15/Aug/2026:19:34:36 +0200] "GET /11.php?p= HTTP/1.1" 500 - "-" "-"
20.24.67.246 - - [15/Aug/2026:19:34:47 +0200] "GET /File.php HTTP/1.1" 500 - "-" "-"
20.24.67.246 - - [15/Aug/2026:19:34:49 +0200] "GET /fi22.php HTTP/1.1" 500 - "-" "-"
20.24.67.246 - - [15/Aug/2026:19:34:59 +0200] "GET /3PJcpMFsD8B.php HTTP/1.1" 500 - "-" "-"
20.24.67.246 - - [15/Aug/2026:19:35:02 +0200] "GET /a3ampzmbipnkpxeqhqpsanCdefault.php HTTP/1.1" 500 - "-" "-"
20.24.67.246 - - [15/Aug/2026:19:35:12 +0200] "GET /4PJcpMFsD8B.php HTTP/1.1" 500 - "-" "-"
66.249.70.68 - - [15/Aug/2026:19:35:20 +0200] "GET /shop/customer/bookmark.php?items/C16042351714/ HTTP/1.1" 500 - "-" "Mozilla/5.0 (compatible; Googlebot/2.1; +http://www.google.com/bot.html)"
20.24.67.246 - - [15/Aug/2026:19:35:14 +0200] "GET /i99z7zzbwtpteujvv6s8hiCdefault.php HTTP/1.1" 500 - "-" "-"
20.24.67.246 - - [15/Aug/2026:19:35:25 +0200] "GET /gwaih1gfzp5vuwr04Cdefault.php HTTP/1.1" 500 - "-" "-"
20.24.67.246 - - [15/Aug/2026:19:35:28 +0200] "GET /1wvekeybd9it2di2vyipgr6Cdefault.php HTTP/1.1" 500 - "-" "-"
20.24.67.246 - - [15/Aug/2026:19:35:30 +0200] "GET /media.php HTTP/1.1" 500 - "-" "-"
20.24.67.246 - - [15/Aug/2026:19:35:41 +0200] "GET /inso.php HTTP/1.1" 500 - "-" "-"
20.24.67.246 - - [15/Aug/2026:19:35:52 +0200] "GET /shiny.php HTTP/1.1" 500 - "-" "-"
20.24.67.246 - - [15/Aug/2026:19:36:03 +0200] "GET /403dd.php HTTP/1.1" 500 - "-" "-"
20.24.67.246 - - [15/Aug/2026:19:36:14 +0200] "GET /baba.php HTTP/1.1" 500 - "-" "-"
20.24.67.246 - - [15/Aug/2026:19:36:25 +0200] "GET /site.php HTTP/1.1" 500 - "-" "-"
20.24.67.246 - - [15/Aug/2026:19:36:27 +0200] "GET /wp-admin/maint/index.php HTTP/1.1" 500 - "-" "-"
66.249.70.68 - - [15/Aug/2026:19:36:31 +0200] "GET /shop/customer/bookmark.php?items/I16063122714/ HTTP/1.1" 500 - "-" "Mozilla/5.0 (compatible; Googlebot/2.1; +http://www.google.com/bot.html)"
20.24.67.246 - - [15/Aug/2026:19:36:30 +0200] "GET /cabs.php HTTP/1.1" 500 - "-" "-"
66.249.70.68 - - [15/Aug/2026:19:36:48 +0200] "GET /shop/customer/bookmark.php?items/C1601713412/ HTTP/1.1" 500 - "-" "Mozilla/5.0 (Linux; Android 6.0.1; Nexus 5X Build/MMB29P) AppleWebKit/537.36 (KHTML, like Gecko) Chrome/150.0.7871.186 Mobile Safari/537.36 (compatible; Googlebot/2.1; +http://www.google.com/bot.html)"
20.24.67.246 - - [15/Aug/2026:19:36:41 +0200] "GET /v.php HTTP/1.1" 500 - "-" "-"
20.24.67.246 - - [15/Aug/2026:19:36:53 +0200] "GET /insc.php HTTP/1.1" 500 - "-" "-"
20.24.67.246 - - [15/Aug/2026:19:37:04 +0200] "GET /file.php? HTTP/1.1" 500 - "-" "-"
66.249.70.69 - - [15/Aug/2026:19:37:07 +0200] "GET /shop/customer/bookmark.php?items/I1600440196/ HTTP/1.1" 500 - "-" "Mozilla/5.0 (compatible; Googlebot/2.1; +http://www.google.com/bot.html)"
20.24.67.246 - - [15/Aug/2026:19:37:26 +0200] "GET /dex.php HTTP/1.1" 500 - "-" "-"
20.24.67.246 - - [15/Aug/2026:19:37:38 +0200] "GET /key.php HTTP/1.1" 500 - "-" "-"
20.24.67.246 - - [15/Aug/2026:19:37:40 +0200] "GET /yyy.php HTTP/1.1" 500 - "-" "-"
66.249.70.67 - - [15/Aug/2026:19:37:56 +0200] "GET /shop/customer/bookmark.php?items/K16021107809/ HTTP/1.1" 500 - "-" "Mozilla/5.0 (Linux; Android 6.0.1; Nexus 5X Build/MMB29P) AppleWebKit/537.36 (KHTML, like Gecko) Chrome/150.0.7871.186 Mobile Safari/537.36 (compatible; Googlebot/2.1; +http://www.google.com/bot.html)"
20.24.67.246 - - [15/Aug/2026:19:37:51 +0200] "GET /thoms.php HTTP/1.1" 500 - "-" "-"
20.24.67.246 - - [15/Aug/2026:19:38:02 +0200] "GET /rt.php HTTP/1.1" 500 - "-" "-"
20.24.67.246 - - [15/Aug/2026:19:38:05 +0200] "GET /w_1.php HTTP/1.1" 500 - "-" "-"
66.249.70.69 - - [15/Aug/2026:19:38:08 +0200] "GET /shop/customer/bookmark.php?items/U16021431601/ HTTP/1.1" 500 - "-" "Mozilla/5.0 (compatible; Googlebot/2.1; +http://www.google.com/bot.html)"
20.24.67.246 - - [15/Aug/2026:19:38:16 +0200] "GET /wp4.php HTTP/1.1" 500 - "-" "-"
20.24.67.246 - - [15/Aug/2026:19:38:27 +0200] "GET /uibvb.php HTTP/1.1" 500 - "-" "-"
66.249.70.68 - - [15/Aug/2026:19:39:05 +0200] "GET /shop/pg/75883 HTTP/1.1" 500 - "-" "Mozilla/5.0 (compatible; Googlebot/2.1; +http://www.google.com/bot.html)"
66.249.70.68 - - [15/Aug/2026:19:40:04 +0200] "GET /shop/customer/bookmark.php?items/W16062906533/ HTTP/1.1" 500 - "-" "Mozilla/5.0 (Linux; Android 6.0.1; Nexus 5X Build/MMB29P) AppleWebKit/537.36 (KHTML, like Gecko) Chrome/150.0.7871.186 Mobile Safari/537.36 (compatible; Googlebot/2.1; +http://www.google.com/bot.html)"
66.249.70.67 - - [15/Aug/2026:19:40:19 +0200] "GET /shop/customer/bookmark.php?items/V16021098000/ HTTP/1.1" 500 - "-" "Mozilla/5.0 (compatible; Googlebot/2.1; +http://www.google.com/bot.html)"
66.249.70.67 - - [15/Aug/2026:19:40:29 +0200] "GET /shop/customer/bookmark.php?items/C160052647/ HTTP/1.1" 500 - "-" "Mozilla/5.0 (Linux; Android 6.0.1; Nexus 5X Build/MMB29P) AppleWebKit/537.36 (KHTML, like Gecko) Chrome/150.0.7871.186 Mobile Safari/537.36 (compatible; Googlebot/2.1; +http://www.google.com/bot.html)"
66.249.70.67 - - [15/Aug/2026:19:43:23 +0200] "GET /shop/customer/bookmark.php?items/L16031768373/ HTTP/1.1" 500 - "-" "Mozilla/5.0 (compatible; Googlebot/2.1; +http://www.google.com/bot.html)"
66.249.70.68 - - [15/Aug/2026:19:44:06 +0200] "GET /shop/customer/bookmark.php?items/U160094210/ HTTP/1.1" 500 - "-" "Mozilla/5.0 (compatible; Googlebot/2.1; +http://www.google.com/bot.html)"
4.223.164.152 - - [15/Aug/2026:19:44:57 +0200] "GET /wp-content/plugins/hellopress/wp_filemanager.php HTTP/1.1" 500 - "-" "-"
4.223.164.152 - - [15/Aug/2026:19:45:08 +0200] "GET /this_is_a_new_hello_world.php HTTP/1.1" 500 - "-" "-"
4.223.164.152 - - [15/Aug/2026:19:45:10 +0200] "GET /x.php HTTP/1.1" 500 - "-" "-"
4.223.164.152 - - [15/Aug/2026:19:45:13 +0200] "GET /mgrr.php HTTP/1.1" 500 - "-" "-"
4.223.164.152 - - [15/Aug/2026:19:45:23 +0200] "GET /domvf.php HTTP/1.1" 500 - "-" "-"
4.223.164.152 - - [15/Aug/2026:19:45:34 +0200] "GET /dyt8mjxc3yofbkoriukvgjaCdefault.php HTTP/1.1" 500 - "-" "-"
4.223.164.152 - - [15/Aug/2026:19:45:36 +0200] "GET /gec.php HTTP/1.1" 500 - "-" "-"
4.223.164.152 - - [15/Aug/2026:19:45:46 +0200] "GET /sky.php HTTP/1.1" 500 - "-" "-"
4.223.164.152 - - [15/Aug/2026:19:45:49 +0200] "GET /fffm.php HTTP/1.1" 500 - "-" "-"
66.249.70.67 - - [15/Aug/2026:19:45:54 +0200] "GET /shop/customer/bookmark.php?items/V1600352281/ HTTP/1.1" 500 - "-" "Mozilla/5.0 (Linux; Android 6.0.1; Nexus 5X Build/MMB29P) AppleWebKit/537.36 (KHTML, like Gecko) Chrome/150.0.7871.186 Mobile Safari/537.36 (compatible; Googlebot/2.1; +http://www.google.com/bot.html)"
4.223.164.152 - - [15/Aug/2026:19:46:00 +0200] "GET /sixxis.php HTTP/1.1" 500 - "-" "-"
4.223.164.152 - - [15/Aug/2026:19:46:10 +0200] "GET /yj09.php HTTP/1.1" 500 - "-" "-"
4.223.164.152 - - [15/Aug/2026:19:46:20 +0200] "GET /k.php HTTP/1.1" 500 - "-" "-"
4.223.164.152 - - [15/Aug/2026:19:46:30 +0200] "GET /w.php HTTP/1.1" 500 - "-" "-"
4.223.164.152 - - [15/Aug/2026:19:46:41 +0200] "GET /fpwch.php HTTP/1.1" 500 - "-" "-"
4.223.164.152 - - [15/Aug/2026:19:46:43 +0200] "GET /w2025.php HTTP/1.1" 500 - "-" "-"
66.249.70.67 - - [15/Aug/2026:19:46:42 +0200] "GET /shop/customer/bookmark.php?items/R1601927899/ HTTP/1.1" 500 - "-" "Mozilla/5.0 (Linux; Android 6.0.1; Nexus 5X Build/MMB29P) AppleWebKit/537.36 (KHTML, like Gecko) Chrome/150.0.7871.186 Mobile Safari/537.36 (compatible; Googlebot/2.1; +http://www.google.com/bot.html)"
4.223.164.152 - - [15/Aug/2026:19:46:45 +0200] "GET /FWAZ.php HTTP/1.1" 500 - "-" "-"
4.223.164.152 - - [15/Aug/2026:19:46:57 +0200] "GET /qterm.php?p= HTTP/1.1" 500 - "-" "-"
4.223.164.152 - - [15/Aug/2026:19:47:00 +0200] "GET /blurbs.php HTTP/1.1" 500 - "-" "-"
4.223.164.152 - - [15/Aug/2026:19:47:03 +0200] "GET /wp-ws68.php?p= HTTP/1.1" 500 - "-" "-"
4.223.164.152 - - [15/Aug/2026:19:47:13 +0200] "GET /rt.php HTTP/1.1" 500 - "-" "-"
66.249.70.67 - - [15/Aug/2026:19:47:19 +0200] "GET /shop/customer/bookmark.php?items/I1600380061/ HTTP/1.1" 500 - "-" "Mozilla/5.0 (Linux; Android 6.0.1; Nexus 5X Build/MMB29P) AppleWebKit/537.36 (KHTML, like Gecko) Chrome/150.0.7871.186 Mobile Safari/537.36 (compatible; Googlebot/2.1; +http://www.google.com/bot.html)"
4.223.164.152 - - [15/Aug/2026:19:47:23 +0200] "GET /100.php HTTP/1.1" 500 - "-" "-"
4.223.164.152 - - [15/Aug/2026:19:47:34 +0200] "GET /ccc.php?p= HTTP/1.1" 500 - "-" "-"
4.223.164.152 - - [15/Aug/2026:19:47:37 +0200] "GET /get.php HTTP/1.1" 500 - "-" "-"
4.223.164.152 - - [15/Aug/2026:19:47:47 +0200] "GET /images.php HTTP/1.1" 500 - "-" "-"
4.223.164.152 - - [15/Aug/2026:19:47:57 +0200] "GET /alls.php HTTP/1.1" 500 - "-" "-"
4.223.164.152 - - [15/Aug/2026:19:48:08 +0200] "GET /coffexium.php HTTP/1.1" 500 - "-" "-"
66.249.70.69 - - [15/Aug/2026:19:48:12 +0200] "GET /shop/customer/bookmark.php?items/O1601720300/ HTTP/1.1" 500 - "-" "Mozilla/5.0 (Linux; Android 6.0.1; Nexus 5X Build/MMB29P) AppleWebKit/537.36 (KHTML, like Gecko) Chrome/150.0.7871.186 Mobile Safari/537.36 (compatible; Googlebot/2.1; +http://www.google.com/bot.html)"
4.223.164.152 - - [15/Aug/2026:19:48:18 +0200] "GET /red.php HTTP/1.1" 500 - "-" "-"
4.223.164.152 - - [15/Aug/2026:19:48:31 +0200] "GET /wp-includes/sodium_compat/ HTTP/1.1" 500 - "-" "-"
4.223.164.152 - - [15/Aug/2026:19:48:42 +0200] "GET /wp-includes/Text/ HTTP/1.1" 500 - "-" "-"
4.223.164.152 - - [15/Aug/2026:19:48:53 +0200] "GET /wp-content/uploads/ HTTP/1.1" 500 - "-" "-"
4.223.164.152 - - [15/Aug/2026:19:49:04 +0200] "GET /wp-content/index.php HTTP/1.1" 500 - "-" "-"
4.223.164.152 - - [15/Aug/2026:19:49:08 +0200] "GET ///admin.php HTTP/1.1" 500 - "-" "-"
66.249.70.68 - - [15/Aug/2026:19:49:08 +0200] "GET /shop/customer/bookmark.php?items/M16021002110/ HTTP/1.1" 500 - "-" "Mozilla/5.0 (compatible; Googlebot/2.1; +http://www.google.com/bot.html)"
4.223.164.152 - - [15/Aug/2026:19:49:12 +0200] "GET /file52.php HTTP/1.1" 500 - "-" "-"
4.223.164.152 - - [15/Aug/2026:19:49:16 +0200] "GET /geck.php HTTP/1.1" 500 - "-" "-"
4.223.164.152 - - [15/Aug/2026:19:49:29 +0200] "GET /biufile.php HTTP/1.1" 500 - "-" "-"
4.223.164.152 - - [15/Aug/2026:19:49:32 +0200] "GET /dejavu.php HTTP/1.1" 500 - "-" "-"
4.223.164.152 - - [15/Aug/2026:19:49:43 +0200] "GET /aaf.php HTTP/1.1" 500 - "-" "-"
4.223.164.152 - - [15/Aug/2026:19:49:45 +0200] "GET /h02ugyh.php HTTP/1.1" 500 - "-" "-"
66.249.70.67 - - [15/Aug/2026:19:49:54 +0200] "GET /shop/customer/bookmark.php?items/D16021073569/ HTTP/1.1" 500 - "-" "Mozilla/5.0 (compatible; Googlebot/2.1; +http://www.google.com/bot.html)"
4.223.164.152 - - [15/Aug/2026:19:49:56 +0200] "GET /155.php HTTP/1.1" 500 - "-" "-"
4.223.164.152 - - [15/Aug/2026:19:50:07 +0200] "GET /ops.php HTTP/1.1" 500 - "-" "-"
66.249.70.69 - - [15/Aug/2026:19:50:01 +0200] "GET /shop/customer/bookmark.php?items/N16021208311/ HTTP/1.1" 500 - "-" "Mozilla/5.0 (compatible; Googlebot/2.1; +http://www.google.com/bot.html)"
4.223.164.152 - - [15/Aug/2026:19:50:10 +0200] "GET /mac.php HTTP/1.1" 500 - "-" "-"
4.223.164.152 - - [15/Aug/2026:19:50:22 +0200] "GET /wp-includes/blocks/post-comments-form/ HTTP/1.1" 500 - "-" "-"
4.223.164.152 - - [15/Aug/2026:19:50:34 +0200] "GET /wp-admin/js/ HTTP/1.1" 500 - "-" "-"
4.223.164.152 - - [15/Aug/2026:19:50:46 +0200] "GET /makeasmtp.php?p= HTTP/1.1" 500 - "-" "-"
4.223.164.152 - - [15/Aug/2026:19:50:53 +0200] "GET /wp-includes/ID3/about.php HTTP/1.1" 500 - "-" "-"
4.223.164.152 - - [15/Aug/2026:19:51:08 +0200] "GET /system_log.php HTTP/1.1" 500 - "-" "-"
4.223.164.152 - - [15/Aug/2026:19:51:20 +0200] "GET /wp-admin/css/ HTTP/1.1" 500 - "-" "-"
4.223.164.152 - - [15/Aug/2026:19:51:31 +0200] "GET /wp-admin/css/colors/modern/ HTTP/1.1" 500 - "-" "-"
4.223.164.152 - - [15/Aug/2026:19:51:43 +0200] "GET /pucci.php HTTP/1.1" 500 - "-" "-"
4.223.164.152 - - [15/Aug/2026:19:51:47 +0200] "GET /wp-includes/blocks/details/ HTTP/1.1" 500 - "-" "-"
4.223.164.152 - - [15/Aug/2026:19:52:00 +0200] "GET /wp-includes/blocks/audio/ HTTP/1.1" 500 - "-" "-"
66.249.70.68 - - [15/Aug/2026:19:52:07 +0200] "GET /shop/customer/bookmark.php?items/R1601543086/ HTTP/1.1" 500 - "-" "Mozilla/5.0 (compatible; Googlebot/2.1; +http://www.google.com/bot.html)"
4.223.164.152 - - [15/Aug/2026:19:52:03 +0200] "GET /wp-temp.php HTTP/1.1" 500 - "-" "-"
66.249.70.67 - - [15/Aug/2026:19:52:12 +0200] "GET /shop/customer/bookmark.php?items/O16063246853/ HTTP/1.1" 500 - "-" "Mozilla/5.0 (compatible; Googlebot/2.1; +http://www.google.com/bot.html)"
4.223.164.152 - - [15/Aug/2026:19:52:13 +0200] "GET //wp-admin/js/index.php HTTP/1.1" 500 - "-" "-"
4.223.164.152 - - [15/Aug/2026:19:52:26 +0200] "GET /puc.php HTTP/1.1" 500 - "-" "-"
4.223.164.152 - - [15/Aug/2026:19:52:36 +0200] "GET //wp-includes/Requests/ HTTP/1.1" 500 - "-" "-"
4.223.164.152 - - [15/Aug/2026:19:52:39 +0200] "GET /8.php HTTP/1.1" 500 - "-" "-"
4.223.164.152 - - [15/Aug/2026:19:52:42 +0200] "GET /1.php HTTP/1.1" 500 - "-" "-"
4.223.164.152 - - [15/Aug/2026:19:52:52 +0200] "GET /about.php HTTP/1.1" 500 - "-" "-"
4.223.164.152 - - [15/Aug/2026:19:52:53 +0200] "GET //admin.php HTTP/1.1" 500 - "-" "-"
4.223.164.152 - - [15/Aug/2026:19:52:55 +0200] "GET //edit.php HTTP/1.1" 500 - "-" "-"
4.223.164.152 - - [15/Aug/2026:19:52:57 +0200] "GET /wp-content/admin.php HTTP/1.1" 500 - "-" "-"
4.223.164.152 - - [15/Aug/2026:19:52:58 +0200] "GET /inputs.php HTTP/1.1" 500 - "-" "-"
4.223.164.152 - - [15/Aug/2026:19:53:01 +0200] "GET //av.php HTTP/1.1" 500 - "-" "-"
4.223.164.152 - - [15/Aug/2026:19:53:11 +0200] "GET /classwithtostring.php?p= HTTP/1.1" 500 - "-" "-"
4.223.164.152 - - [15/Aug/2026:19:53:21 +0200] "GET /wp-content/themes/index.php HTTP/1.1" 500 - "-" "-"
4.223.164.152 - - [15/Aug/2026:19:53:23 +0200] "GET /wp-blog.php HTTP/1.1" 500 - "-" "-"
66.249.70.67 - - [15/Aug/2026:19:53:32 +0200] "GET /shop/customer/bookmark.php?items/X1600428640/ HTTP/1.1" 500 - "-" "Mozilla/5.0 (Linux; Android 6.0.1; Nexus 5X Build/MMB29P) AppleWebKit/537.36 (KHTML, like Gecko) Chrome/150.0.7871.186 Mobile Safari/537.36 (compatible; Googlebot/2.1; +http://www.google.com/bot.html)"
4.223.164.152 - - [15/Aug/2026:19:53:34 +0200] "GET //wp-includes/js/jquery/ HTTP/1.1" 500 - "-" "-"
4.223.164.152 - - [15/Aug/2026:19:53:45 +0200] "GET //adminfuns.php HTTP/1.1" 500 - "-" "-"
4.223.164.152 - - [15/Aug/2026:19:53:55 +0200] "GET /ms-edit.php HTTP/1.1" 500 - "-" "-"
4.223.164.152 - - [15/Aug/2026:19:53:57 +0200] "GET /222.php HTTP/1.1" 500 - "-" "-"
4.223.164.152 - - [15/Aug/2026:19:54:00 +0200] "GET //cgi-bin/index.php HTTP/1.1" 500 - "-" "-"
4.223.164.152 - - [15/Aug/2026:19:54:12 +0200] "GET /BDKR28WP.php HTTP/1.1" 500 - "-" "-"
4.223.164.152 - - [15/Aug/2026:19:54:24 +0200] "GET //wp-includes/l10n/ HTTP/1.1" 500 - "-" "-"
66.249.70.67 - - [15/Aug/2026:19:54:27 +0200] "GET /shop/customer/bookmark.php?items/B16021239594/ HTTP/1.1" 500 - "-" "Mozilla/5.0 (Linux; Android 6.0.1; Nexus 5X Build/MMB29P) AppleWebKit/537.36 (KHTML, like Gecko) Chrome/150.0.7871.186 Mobile Safari/537.36 (compatible; Googlebot/2.1; +http://www.google.com/bot.html)"
4.223.164.152 - - [15/Aug/2026:19:54:28 +0200] "GET /wp.php HTTP/1.1" 500 - "-" "-"
4.223.164.152 - - [15/Aug/2026:19:54:31 +0200] "GET /i.php HTTP/1.1" 500 - "-" "-"
4.223.164.152 - - [15/Aug/2026:19:54:45 +0200] "GET //abcd.php HTTP/1.1" 500 - "-" "-"
4.223.164.152 - - [15/Aug/2026:19:54:48 +0200] "GET /wp-manager.php HTTP/1.1" 500 - "-" "-"
4.223.164.152 - - [15/Aug/2026:19:54:51 +0200] "GET /wp-includes/Text/Diff/Engine/about.php HTTP/1.1" 500 - "-" "-"
4.223.164.152 - - [15/Aug/2026:19:54:54 +0200] "GET //cgi-bin/admin.php HTTP/1.1" 500 - "-" "-"
4.223.164.152 - - [15/Aug/2026:19:54:56 +0200] "GET /wp-content/ HTTP/1.1" 500 - "-" "-"
66.249.70.68 - - [15/Aug/2026:19:55:03 +0200] "GET /shop/customer/bookmark.php?items/D16052566582/ HTTP/1.1" 500 - "-" "Mozilla/5.0 (compatible; Googlebot/2.1; +http://www.google.com/bot.html)"
4.223.164.152 - - [15/Aug/2026:19:55:07 +0200] "GET /simple.php HTTP/1.1" 500 - "-" "-"
4.223.164.152 - - [15/Aug/2026:19:55:17 +0200] "GET /xxx.php HTTP/1.1" 500 - "-" "-"
4.223.164.152 - - [15/Aug/2026:19:55:28 +0200] "GET /hypo.php HTTP/1.1" 500 - "-" "-"
4.223.164.152 - - [15/Aug/2026:19:55:38 +0200] "GET /wp-admin/css/colors/blue/ HTTP/1.1" 500 - "-" "-"
4.223.164.152 - - [15/Aug/2026:19:55:49 +0200] "GET /chosen.php HTTP/1.1" 500 - "-" "-"
4.223.164.152 - - [15/Aug/2026:19:56:06 +0200] "GET /als.php HTTP/1.1" 500 - "-" "-"
66.249.70.67 - - [15/Aug/2026:19:55:59 +0200] "GET /shop/customer/bookmark.php?items/Z16052569358/ HTTP/1.1" 500 - "-" "Mozilla/5.0 (Linux; Android 6.0.1; Nexus 5X Build/MMB29P) AppleWebKit/537.36 (KHTML, like Gecko) Chrome/150.0.7871.186 Mobile Safari/537.36 (compatible; Googlebot/2.1; +http://www.google.com/bot.html)"
4.223.164.152 - - [15/Aug/2026:19:56:08 +0200] "GET /nox.php HTTP/1.1" 500 - "-" "-"
4.223.164.152 - - [15/Aug/2026:19:56:20 +0200] "GET /file59.php HTTP/1.1" 500 - "-" "-"
4.223.164.152 - - [15/Aug/2026:19:56:31 +0200] "GET /admin.php? HTTP/1.1" 500 - "-" "-"
4.223.164.152 - - [15/Aug/2026:19:56:33 +0200] "GET /aa2.php HTTP/1.1" 500 - "-" "-"
4.223.164.152 - - [15/Aug/2026:19:56:35 +0200] "GET /xamp.php HTTP/1.1" 500 - "-" "-"
4.223.164.152 - - [15/Aug/2026:19:56:39 +0200] "GET /bless.php HTTP/1.1" 500 - "-" "-"
4.223.164.152 - - [15/Aug/2026:19:56:51 +0200] "GET /file25.php HTTP/1.1" 500 - "-" "-"
4.223.164.152 - - [15/Aug/2026:19:55:51 +0200] "GET //wp-includes/block-bindings/ HTTP/1.1" 500 - "-" "-"
4.223.164.152 - - [15/Aug/2026:19:56:53 +0200] "GET /file15.php HTTP/1.1" 500 - "-" "-"
4.223.164.152 - - [15/Aug/2026:19:57:03 +0200] "GET /f35.php HTTP/1.1" 500 - "-" "-"
66.249.70.69 - - [15/Aug/2026:19:57:07 +0200] "GET /shop/customer/bookmark.php?items/Z16052713139/ HTTP/1.1" 500 - "-" "Mozilla/5.0 (compatible; Googlebot/2.1; +http://www.google.com/bot.html)"
4.223.164.152 - - [15/Aug/2026:19:57:05 +0200] "GET /wp-load.php HTTP/1.1" 500 - "-" "-"
4.223.164.152 - - [15/Aug/2026:19:57:14 +0200] "GET //wp-includes/assets/ HTTP/1.1" 500 - "-" "-"
66.249.70.67 - - [15/Aug/2026:19:57:14 +0200] "GET /shop/customer/bookmark.php?items/Z16052713139/ HTTP/1.1" 500 - "-" "Mozilla/5.0 (Linux; Android 6.0.1; Nexus 5X Build/MMB29P) AppleWebKit/537.36 (KHTML, like Gecko) Chrome/150.0.7871.186 Mobile Safari/537.36 (compatible; Googlebot/2.1; +http://www.google.com/bot.html)"
4.223.164.152 - - [15/Aug/2026:19:57:16 +0200] "GET /wp-admin/css/colors/sunrise/ HTTP/1.1" 500 - "-" "-"
4.223.164.152 - - [15/Aug/2026:19:57:27 +0200] "GET /wp-admin/network/plugins.php HTTP/1.1" 500 - "-" "-"
4.223.164.152 - - [15/Aug/2026:19:57:30 +0200] "GET /aaa.php HTTP/1.1" 500 - "-" "-"
4.223.164.152 - - [15/Aug/2026:19:57:32 +0200] "GET /gecko.php HTTP/1.1" 500 - "-" "-"
4.223.164.152 - - [15/Aug/2026:19:57:35 +0200] "GET /xiugai.php?p= HTTP/1.1" 500 - "-" "-"
4.223.164.152 - - [15/Aug/2026:19:57:37 +0200] "GET /adminner.php HTTP/1.1" 500 - "-" "-"
4.223.164.152 - - [15/Aug/2026:19:57:39 +0200] "GET /file1221.php HTTP/1.1" 500 - "-" "-"
4.223.164.152 - - [15/Aug/2026:19:57:49 +0200] "GET /inx.php HTTP/1.1" 500 - "-" "-"
4.223.164.152 - - [15/Aug/2026:19:57:52 +0200] "GET /reviall.php HTTP/1.1" 500 - "-" "-"
4.223.164.152 - - [15/Aug/2026:19:57:54 +0200] "GET /11.php?p= HTTP/1.1" 500 - "-" "-"
4.223.164.152 - - [15/Aug/2026:19:58:04 +0200] "GET /File.php HTTP/1.1" 500 - "-" "-"
4.223.164.152 - - [15/Aug/2026:19:58:06 +0200] "GET /fi22.php HTTP/1.1" 500 - "-" "-"
66.249.70.68 - - [15/Aug/2026:19:58:19 +0200] "GET /shop/customer/bookmark.php?items/F160053879/ HTTP/1.1" 500 - "-" "Mozilla/5.0 (compatible; Googlebot/2.1; +http://www.google.com/bot.html)"
4.223.164.152 - - [15/Aug/2026:19:58:17 +0200] "GET /3PJcpMFsD8B.php HTTP/1.1" 500 - "-" "-"
4.223.164.152 - - [15/Aug/2026:19:58:27 +0200] "GET /a3ampzmbipnkpxeqhqpsanCdefault.php HTTP/1.1" 500 - "-" "-"
4.223.164.152 - - [15/Aug/2026:19:58:29 +0200] "GET /4PJcpMFsD8B.php HTTP/1.1" 500 - "-" "-"
4.223.164.152 - - [15/Aug/2026:19:58:31 +0200] "GET /i99z7zzbwtpteujvv6s8hiCdefault.php HTTP/1.1" 500 - "-" "-"
4.223.164.152 - - [15/Aug/2026:19:58:41 +0200] "GET /gwaih1gfzp5vuwr04Cdefault.php HTTP/1.1" 500 - "-" "-"
66.249.70.67 - - [15/Aug/2026:19:59:00 +0200] "GET /shop/customer/bookmark.php?items/B1601828615/ HTTP/1.1" 500 - "-" "Mozilla/5.0 (compatible; Googlebot/2.1; +http://www.google.com/bot.html)"
4.223.164.152 - - [15/Aug/2026:19:58:51 +0200] "GET /1wvekeybd9it2di2vyipgr6Cdefault.php HTTP/1.1" 500 - "-" "-"
4.223.164.152 - - [15/Aug/2026:19:59:04 +0200] "GET /media.php HTTP/1.1" 500 - "-" "-"
4.223.164.152 - - [15/Aug/2026:19:59:06 +0200] "GET /inso.php HTTP/1.1" 500 - "-" "-"
4.223.164.152 - - [15/Aug/2026:19:59:18 +0200] "GET /shiny.php HTTP/1.1" 500 - "-" "-"
4.223.164.152 - - [15/Aug/2026:19:59:29 +0200] "GET /403dd.php HTTP/1.1" 500 - "-" "-"
66.249.70.67 - - [15/Aug/2026:19:59:29 +0200] "GET /shop/customer/bookmark.php?items/I1601834252/ HTTP/1.1" 500 - "-" "Mozilla/5.0 (compatible; Googlebot/2.1; +http://www.google.com/bot.html)"
4.223.164.152 - - [15/Aug/2026:19:59:40 +0200] "GET /baba.php HTTP/1.1" 500 - "-" "-"
4.223.164.152 - - [15/Aug/2026:19:59:43 +0200] "GET /site.php HTTP/1.1" 500 - "-" "-"
4.223.164.152 - - [15/Aug/2026:19:59:46 +0200] "GET /wp-admin/maint/index.php HTTP/1.1" 500 - "-" "-"
4.223.164.152 - - [15/Aug/2026:19:59:57 +0200] "GET /cabs.php HTTP/1.1" 500 - "-" "-"
4.223.164.152 - - [15/Aug/2026:20:00:09 +0200] "GET /v.php HTTP/1.1" 500 - "-" "-"
4.223.164.152 - - [15/Aug/2026:20:00:11 +0200] "GET /insc.php HTTP/1.1" 500 - "-" "-"
66.249.70.67 - - [15/Aug/2026:20:00:12 +0200] "GET /shop/customer/bookmark.php?items/L1601713251/ HTTP/1.1" 500 - "-" "Mozilla/5.0 (compatible; Googlebot/2.1; +http://www.google.com/bot.html)"
4.223.164.152 - - [15/Aug/2026:20:00:14 +0200] "GET /file.php? HTTP/1.1" 500 - "-" "-"
4.223.164.152 - - [15/Aug/2026:20:00:16 +0200] "GET /dex.php HTTP/1.1" 500 - "-" "-"
4.223.164.152 - - [15/Aug/2026:20:00:27 +0200] "GET /key.php HTTP/1.1" 500 - "-" "-"
4.223.164.152 - - [15/Aug/2026:20:00:38 +0200] "GET /yyy.php HTTP/1.1" 500 - "-" "-"
4.223.164.152 - - [15/Aug/2026:20:00:41 +0200] "GET /thoms.php HTTP/1.1" 500 - "-" "-"
4.223.164.152 - - [15/Aug/2026:20:00:43 +0200] "GET /rt.php HTTP/1.1" 500 - "-" "-"
66.249.70.68 - - [15/Aug/2026:20:00:35 +0200] "GET /shop/customer/bookmark.php?items/F16062890385/ HTTP/1.1" 500 - "-" "Mozilla/5.0 (compatible; Googlebot/2.1; +http://www.google.com/bot.html)"
4.223.164.152 - - [15/Aug/2026:20:00:45 +0200] "GET /w_1.php HTTP/1.1" 500 - "-" "-"
4.223.164.152 - - [15/Aug/2026:20:00:56 +0200] "GET /wp4.php HTTP/1.1" 500 - "-" "-"
4.223.164.152 - - [15/Aug/2026:20:01:07 +0200] "GET /uibvb.php HTTP/1.1" 500 - "-" "-"
4.223.164.152 - - [15/Aug/2026:20:01:17 +0200] "GET /modern.php HTTP/1.1" 500 - "-" "-"
66.249.70.67 - - [15/Aug/2026:20:01:56 +0200] "GET /shop/customer/bookmark.php?items/J1601637546/ HTTP/1.1" 500 - "-" "Mozilla/5.0 (Linux; Android 6.0.1; Nexus 5X Build/MMB29P) AppleWebKit/537.36 (KHTML, like Gecko) Chrome/150.0.7871.186 Mobile Safari/537.36 (compatible; Googlebot/2.1; +http://www.google.com/bot.html)"
66.249.70.68 - - [15/Aug/2026:20:02:17 +0200] "GET /shop/customer/bookmark.php?items/E1601897246/ HTTP/1.1" 500 - "-" "Mozilla/5.0 (compatible; Googlebot/2.1; +http://www.google.com/bot.html)"
169.58.72.248 - - [15/Aug/2026:20:02:28 +0200] "GET /wp-admin/css/ HTTP/1.1" 500 - "-" "Mozilla/5.0 (Windows NT 10.0; Win64; x64) AppleWebKit/537.36 (KHTML, like Gecko) Chrome/120.0.0.0 Safari/537.36"
169.58.72.248 - - [15/Aug/2026:20:03:07 +0200] "GET /wp-admin/maint/ HTTP/1.1" 500 - "-" "Mozilla/5.0 (Windows NT 10.0; Win64; x64) AppleWebKit/537.36 (KHTML, like Gecko) Chrome/120.0.0.0 Safari/537.36"
66.249.70.69 - - [15/Aug/2026:20:03:21 +0200] "GET /shop/customer/bookmark.php?items/T16021401743/ HTTP/1.1" 500 - "-" "Mozilla/5.0 (Linux; Android 6.0.1; Nexus 5X Build/MMB29P) AppleWebKit/537.36 (KHTML, like Gecko) Chrome/150.0.7871.186 Mobile Safari/537.36 (compatible; Googlebot/2.1; +http://www.google.com/bot.html)"
169.58.72.248 - - [15/Aug/2026:20:03:24 +0200] "GET /wp-admin/js/widgets/ HTTP/1.1" 500 - "-" "Mozilla/5.0 (Windows NT 10.0; Win64; x64) AppleWebKit/537.36 (KHTML, like Gecko) Chrome/120.0.0.0 Safari/537.36"
169.58.72.248 - - [15/Aug/2026:20:03:45 +0200] "GET /wp-admin/network/ HTTP/1.1" 500 - "-" "Mozilla/5.0 (Windows NT 10.0; Win64; x64) AppleWebKit/537.36 (KHTML, like Gecko) Chrome/120.0.0.0 Safari/537.36"
66.249.70.69 - - [15/Aug/2026:20:03:42 +0200] "GET /shop/customer/bookmark.php?items/R1600115664/ HTTP/1.1" 500 - "-" "Mozilla/5.0 (Linux; Android 6.0.1; Nexus 5X Build/MMB29P) AppleWebKit/537.36 (KHTML, like Gecko) Chrome/150.0.7871.186 Mobile Safari/537.36 (compatible; Googlebot/2.1; +http://www.google.com/bot.html)"
169.58.72.248 - - [15/Aug/2026:20:04:19 +0200] "GET /wp-includes/Text/ HTTP/1.1" 500 - "-" "Mozilla/5.0 (Windows NT 10.0; Win64; x64) AppleWebKit/537.36 (KHTML, like Gecko) Chrome/120.0.0.0 Safari/537.36"
66.249.70.67 - - [15/Aug/2026:20:04:38 +0200] "GET /shop/customer/bookmark.php?items/U16063231037/ HTTP/1.1" 500 - "-" "Mozilla/5.0 (compatible; Googlebot/2.1; +http://www.google.com/bot.html)"
169.58.72.248 - - [15/Aug/2026:20:05:00 +0200] "GET /wp-includes/ID3/ HTTP/1.1" 500 - "-" "Mozilla/5.0 (Windows NT 10.0; Win64; x64) AppleWebKit/537.36 (KHTML, like Gecko) Chrome/120.0.0.0 Safari/537.36"
66.249.70.69 - - [15/Aug/2026:20:05:05 +0200] "GET /shop/customer/bookmark.php?items/R1600115664/ HTTP/1.1" 500 - "-" "Mozilla/5.0 (compatible; Googlebot/2.1; +http://www.google.com/bot.html)"
169.58.72.248 - - [15/Aug/2026:20:05:23 +0200] "GET /wp-includes/sitemaps/providers/ HTTP/1.1" 500 - "-" "Mozilla/5.0 (Windows NT 10.0; Win64; x64) AppleWebKit/537.36 (KHTML, like Gecko) Chrome/120.0.0.0 Safari/537.36"
