66.249.70.67 - - [16/Aug/2026:10:28:37 +0200] "GET /shop/customer/bookmark.php?items/U1600100866/ HTTP/1.1" 500 - "-" "Mozilla/5.0 (Linux; Android 6.0.1; Nexus 5X Build/MMB29P) AppleWebKit/537.36 (KHTML, like Gecko) Chrome/150.0.7871.186 Mobile Safari/537.36 (compatible; Googlebot/2.1; +http://www.google.com/bot.html)"
66.249.70.67 - - [16/Aug/2026:10:28:49 +0200] "GET /shop/customer/bookmark.php?items/W16008963/ HTTP/1.1" 500 - "-" "Mozilla/5.0 (Linux; Android 6.0.1; Nexus 5X Build/MMB29P) AppleWebKit/537.36 (KHTML, like Gecko) Chrome/150.0.7871.186 Mobile Safari/537.36 (compatible; Googlebot/2.1; +http://www.google.com/bot.html)"
146.71.76.185 - - [16/Aug/2026:10:28:42 +0200] "GET /news/wp-includes/wlwmanifest.xml HTTP/1.1" 200 - "-" "Mozilla/5.0 (Windows NT 10.0; Win64; x64) AppleWebKit/537.36 (KHTML, like Gecko) Chrome/80.0.3987.149 Safari/537.36"
146.71.76.185 - - [16/Aug/2026:10:29:01 +0200] "GET /2018/wp-includes/wlwmanifest.xml HTTP/1.1" 200 - "-" "Mozilla/5.0 (Windows NT 10.0; Win64; x64) AppleWebKit/537.36 (KHTML, like Gecko) Chrome/80.0.3987.149 Safari/537.36"
146.71.76.185 - - [16/Aug/2026:10:29:11 +0200] "GET /2019/wp-includes/wlwmanifest.xml HTTP/1.1" 500 - "-" "Mozilla/5.0 (Windows NT 10.0; Win64; x64) AppleWebKit/537.36 (KHTML, like Gecko) Chrome/80.0.3987.149 Safari/537.36"
74.248.136.165 - - [16/Aug/2026:10:29:27 +0200] "GET /wp-content/plugins/hellopress/wp_filemanager.php HTTP/1.1" 500 - "-" "-"
146.71.76.185 - - [16/Aug/2026:10:29:23 +0200] "GET /shop/wp-includes/wlwmanifest.xml HTTP/1.1" 200 - "-" "Mozilla/5.0 (Windows NT 10.0; Win64; x64) AppleWebKit/537.36 (KHTML, like Gecko) Chrome/80.0.3987.149 Safari/537.36"
66.249.70.67 - - [16/Aug/2026:10:29:32 +0200] "GET /shop/customer/bookmark.php?items/Y16052606118/ HTTP/1.1" 500 - "-" "Mozilla/5.0 (compatible; Googlebot/2.1; +http://www.google.com/bot.html)"
74.248.136.165 - - [16/Aug/2026:10:29:38 +0200] "GET /this_is_a_new_hello_world.php HTTP/1.1" 500 - "-" "-"
74.248.136.165 - - [16/Aug/2026:10:29:49 +0200] "GET /ws61.php HTTP/1.1" 500 - "-" "-"
74.248.136.165 - - [16/Aug/2026:10:29:52 +0200] "GET /rum.php HTTP/1.1" 500 - "-" "-"
146.71.76.185 - - [16/Aug/2026:10:29:40 +0200] "GET /wp1/wp-includes/wlwmanifest.xml HTTP/1.1" 200 - "-" "Mozilla/5.0 (Windows NT 10.0; Win64; x64) AppleWebKit/537.36 (KHTML, like Gecko) Chrome/80.0.3987.149 Safari/537.36"
74.248.136.165 - - [16/Aug/2026:10:29:56 +0200] "GET /ze.php HTTP/1.1" 500 - "-" "-"
146.71.76.185 - - [16/Aug/2026:10:29:59 +0200] "GET /test/wp-includes/wlwmanifest.xml HTTP/1.1" 200 - "-" "Mozilla/5.0 (Windows NT 10.0; Win64; x64) AppleWebKit/537.36 (KHTML, like Gecko) Chrome/80.0.3987.149 Safari/537.36"
74.248.136.165 - - [16/Aug/2026:10:29:59 +0200] "GET /gjm.php HTTP/1.1" 500 - "-" "-"
74.248.136.165 - - [16/Aug/2026:10:30:11 +0200] "GET /new4.php HTTP/1.1" 500 - "-" "-"
146.71.76.185 - - [16/Aug/2026:10:30:09 +0200] "GET /media/wp-includes/wlwmanifest.xml HTTP/1.1" 200 - "-" "Mozilla/5.0 (Windows NT 10.0; Win64; x64) AppleWebKit/537.36 (KHTML, like Gecko) Chrome/80.0.3987.149 Safari/537.36"
146.71.76.185 - - [16/Aug/2026:10:30:26 +0200] "GET /wp2/wp-includes/wlwmanifest.xml HTTP/1.1" 500 - "-" "Mozilla/5.0 (Windows NT 10.0; Win64; x64) AppleWebKit/537.36 (KHTML, like Gecko) Chrome/80.0.3987.149 Safari/537.36"
66.249.70.68 - - [16/Aug/2026:10:30:19 +0200] "GET /shop/customer/bookmark.php?items/P16062863811/ HTTP/1.1" 500 - "-" "Mozilla/5.0 (Linux; Android 6.0.1; Nexus 5X Build/MMB29P) AppleWebKit/537.36 (KHTML, like Gecko) Chrome/150.0.7871.186 Mobile Safari/537.36 (compatible; Googlebot/2.1; +http://www.google.com/bot.html)"
74.248.136.165 - - [16/Aug/2026:10:30:23 +0200] "GET /wp-act.php HTTP/1.1" 500 - "-" "-"
146.71.76.185 - - [16/Aug/2026:10:30:29 +0200] "GET /site/wp-includes/wlwmanifest.xml HTTP/1.1" 500 - "-" "Mozilla/5.0 (Windows NT 10.0; Win64; x64) AppleWebKit/537.36 (KHTML, like Gecko) Chrome/80.0.3987.149 Safari/537.36"
146.71.76.185 - - [16/Aug/2026:10:30:42 +0200] "GET /cms/wp-includes/wlwmanifest.xml HTTP/1.1" 500 - "-" "Mozilla/5.0 (Windows NT 10.0; Win64; x64) AppleWebKit/537.36 (KHTML, like Gecko) Chrome/80.0.3987.149 Safari/537.36"
74.248.136.165 - - [16/Aug/2026:10:30:34 +0200] "GET /grsiuk.php HTTP/1.1" 500 - "-" "-"
74.248.136.165 - - [16/Aug/2026:10:30:50 +0200] "GET //h.php HTTP/1.1" 500 - "-" "-"
146.71.76.185 - - [16/Aug/2026:10:30:47 +0200] "GET /sito/wp-includes/wlwmanifest.xml HTTP/1.1" 200 - "-" "Mozilla/5.0 (Windows NT 10.0; Win64; x64) AppleWebKit/537.36 (KHTML, like Gecko) Chrome/80.0.3987.149 Safari/537.36"
74.248.136.165 - - [16/Aug/2026:10:31:04 +0200] "GET //koiy.php HTTP/1.1" 500 - "-" "-"
74.248.136.165 - - [16/Aug/2026:10:31:16 +0200] "GET /fff.php HTTP/1.1" 500 - "-" "-"
74.248.136.165 - - [16/Aug/2026:10:31:29 +0200] "GET /pouhg.php HTTP/1.1" 500 - "-" "-"
66.249.70.68 - - [16/Aug/2026:10:31:33 +0200] "GET /shop/customer/bookmark.php?items/Y16042005377/ HTTP/1.1" 500 - "-" "Mozilla/5.0 (Linux; Android 6.0.1; Nexus 5X Build/MMB29P) AppleWebKit/537.36 (KHTML, like Gecko) Chrome/150.0.7871.186 Mobile Safari/537.36 (compatible; Googlebot/2.1; +http://www.google.com/bot.html)"
74.248.136.165 - - [16/Aug/2026:10:31:32 +0200] "GET /moon3.php HTTP/1.1" 500 - "-" "-"
74.248.136.165 - - [16/Aug/2026:10:31:45 +0200] "GET /opts.php HTTP/1.1" 500 - "-" "-"
74.248.136.165 - - [16/Aug/2026:10:32:01 +0200] "GET /zwq13.php HTTP/1.1" 500 - "-" "-"
74.248.136.165 - - [16/Aug/2026:10:32:07 +0200] "GET /Okxob.php HTTP/1.1" 500 - "-" "-"
74.248.136.165 - - [16/Aug/2026:10:32:18 +0200] "GET /file59.php HTTP/1.1" 500 - "-" "-"
74.248.136.165 - - [16/Aug/2026:10:32:33 +0200] "GET /eauu.php HTTP/1.1" 500 - "-" "-"
66.249.70.67 - - [16/Aug/2026:10:32:32 +0200] "GET /shop/customer/bookmark.php?items/Y16042005377/ HTTP/1.1" 500 - "-" "Mozilla/5.0 (Linux; Android 6.0.1; Nexus 5X Build/MMB29P) AppleWebKit/537.36 (KHTML, like Gecko) Chrome/150.0.7871.186 Mobile Safari/537.36 (compatible; Googlebot/2.1; +http://www.google.com/bot.html)"
74.248.136.165 - - [16/Aug/2026:10:32:37 +0200] "GET /dsd.php HTTP/1.1" 500 - "-" "-"
74.248.136.165 - - [16/Aug/2026:10:32:52 +0200] "GET /c4.php HTTP/1.1" 500 - "-" "-"
74.248.136.165 - - [16/Aug/2026:10:32:57 +0200] "GET /an7.php HTTP/1.1" 500 - "-" "-"
74.248.136.165 - - [16/Aug/2026:10:33:02 +0200] "GET /bsg-management/php.php HTTP/1.1" 500 - "-" "-"
66.249.70.67 - - [16/Aug/2026:10:33:07 +0200] "GET /shop/customer/bookmark.php?items/U16062976416/ HTTP/1.1" 500 - "-" "Mozilla/5.0 (compatible; Googlebot/2.1; +http://www.google.com/bot.html)"
74.248.136.165 - - [16/Aug/2026:10:33:16 +0200] "GET /byp8.php HTTP/1.1" 500 - "-" "-"
74.248.136.165 - - [16/Aug/2026:10:33:30 +0200] "GET /plugins.php HTTP/1.1" 500 - "-" "-"
74.248.136.165 - - [16/Aug/2026:10:33:35 +0200] "GET /100.kb.php HTTP/1.1" 500 - "-" "-"
74.248.136.165 - - [16/Aug/2026:10:33:48 +0200] "GET /mamzi.php HTTP/1.1" 500 - "-" "-"
74.248.136.165 - - [16/Aug/2026:10:34:00 +0200] "GET //ms.php HTTP/1.1" 500 - "-" "-"
74.248.136.165 - - [16/Aug/2026:10:34:04 +0200] "GET /gfile.php HTTP/1.1" 500 - "-" "-"
74.248.136.165 - - [16/Aug/2026:10:34:16 +0200] "GET /public/wp-blog.php HTTP/1.1" 500 - "-" "-"
74.248.136.165 - - [16/Aug/2026:10:34:19 +0200] "GET /cu.php HTTP/1.1" 500 - "-" "-"
74.248.136.165 - - [16/Aug/2026:10:34:32 +0200] "GET /X57.php HTTP/1.1" 500 - "-" "-"
66.249.70.69 - - [16/Aug/2026:10:34:34 +0200] "GET /shop/customer/bookmark.php?items/U16062992747/ HTTP/1.1" 500 - "-" "Mozilla/5.0 (Linux; Android 6.0.1; Nexus 5X Build/MMB29P) AppleWebKit/537.36 (KHTML, like Gecko) Chrome/150.0.7871.186 Mobile Safari/537.36 (compatible; Googlebot/2.1; +http://www.google.com/bot.html)"
74.248.136.165 - - [16/Aug/2026:10:34:36 +0200] "GET /forbidals.php HTTP/1.1" 500 - "-" "-"
66.249.70.68 - - [16/Aug/2026:10:34:47 +0200] "GET /shop/customer/bookmark.php?items/X1601929382/ HTTP/1.1" 500 - "-" "Mozilla/5.0 (Linux; Android 6.0.1; Nexus 5X Build/MMB29P) AppleWebKit/537.36 (KHTML, like Gecko) Chrome/150.0.7871.186 Mobile Safari/537.36 (compatible; Googlebot/2.1; +http://www.google.com/bot.html)"
74.248.136.165 - - [16/Aug/2026:10:34:49 +0200] "GET //edit.php HTTP/1.1" 500 - "-" "-"
74.248.136.165 - - [16/Aug/2026:10:35:02 +0200] "GET /kj.php HTTP/1.1" 500 - "-" "-"
74.248.136.165 - - [16/Aug/2026:10:35:14 +0200] "GET /bes.php HTTP/1.1" 500 - "-" "-"
74.248.136.165 - - [16/Aug/2026:10:35:26 +0200] "GET /ws60.php HTTP/1.1" 500 - "-" "-"
66.249.70.68 - - [16/Aug/2026:10:35:46 +0200] "GET /shop/customer/bookmark.php?items/D16052626501/ HTTP/1.1" 500 - "-" "Mozilla/5.0 (Linux; Android 6.0.1; Nexus 5X Build/MMB29P) AppleWebKit/537.36 (KHTML, like Gecko) Chrome/150.0.7871.186 Mobile Safari/537.36 (compatible; Googlebot/2.1; +http://www.google.com/bot.html)"
74.248.136.165 - - [16/Aug/2026:10:35:38 +0200] "GET /olfclass.php HTTP/1.1" 500 - "-" "-"
74.248.136.165 - - [16/Aug/2026:10:35:49 +0200] "GET /wpver.php HTTP/1.1" 500 - "-" "-"
66.249.70.67 - - [16/Aug/2026:10:35:58 +0200] "GET /shop/customer/bookmark.php?items/G1601836937/ HTTP/1.1" 500 - "-" "Mozilla/5.0 (Linux; Android 6.0.1; Nexus 5X Build/MMB29P) AppleWebKit/537.36 (KHTML, like Gecko) Chrome/150.0.7871.186 Mobile Safari/537.36 (compatible; Googlebot/2.1; +http://www.google.com/bot.html)"
74.248.136.165 - - [16/Aug/2026:10:36:01 +0200] "GET //thui.php HTTP/1.1" 500 - "-" "-"
74.248.136.165 - - [16/Aug/2026:10:36:12 +0200] "GET /tmpls.php HTTP/1.1" 500 - "-" "-"
74.248.136.165 - - [16/Aug/2026:10:36:15 +0200] "GET /nzv.php HTTP/1.1" 500 - "-" "-"
74.248.136.165 - - [16/Aug/2026:10:36:17 +0200] "GET /error1.php HTTP/1.1" 500 - "-" "-"
74.248.136.165 - - [16/Aug/2026:10:36:27 +0200] "GET /155.php HTTP/1.1" 500 - "-" "-"
74.248.136.165 - - [16/Aug/2026:10:36:28 +0200] "GET /fasx.php HTTP/1.1" 500 - "-" "-"
74.248.136.165 - - [16/Aug/2026:10:36:44 +0200] "GET /zxin.php HTTP/1.1" 500 - "-" "-"
74.248.136.165 - - [16/Aug/2026:10:36:55 +0200] "GET /pass4.php HTTP/1.1" 500 - "-" "-"
74.248.136.165 - - [16/Aug/2026:10:36:58 +0200] "GET /wp-conflg.php HTTP/1.1" 500 - "-" "-"
74.248.136.165 - - [16/Aug/2026:10:37:09 +0200] "GET /z.php HTTP/1.1" 500 - "-" "-"
74.248.136.165 - - [16/Aug/2026:10:37:13 +0200] "GET /222.php HTTP/1.1" 500 - "-" "-"
74.248.136.165 - - [16/Aug/2026:10:36:29 +0200] "GET /wp-good.php HTTP/1.1" 500 - "-" "-"
169.58.146.40 - - [16/Aug/2026:10:37:22 +0200] "GET /wp-admin/ HTTP/1.1" 500 - "-" "Mozilla/5.0 (Windows NT 10.0; Win64; x64) AppleWebKit/537.36 (KHTML, like Gecko) Chrome/120.0.0.0 Safari/537.36"
74.248.136.165 - - [16/Aug/2026:10:37:24 +0200] "GET /G-in.php HTTP/1.1" 500 - "-" "-"
169.58.146.40 - - [16/Aug/2026:10:37:25 +0200] "GET /wp-admin/css/ HTTP/1.1" 500 - "-" "Mozilla/5.0 (Windows NT 10.0; Win64; x64) AppleWebKit/537.36 (KHTML, like Gecko) Chrome/120.0.0.0 Safari/537.36"
169.58.146.40 - - [16/Aug/2026:10:37:38 +0200] "GET /wp-admin/css/colors/blue/ HTTP/1.1" 500 - "-" "Mozilla/5.0 (Windows NT 10.0; Win64; x64) AppleWebKit/537.36 (KHTML, like Gecko) Chrome/120.0.0.0 Safari/537.36"
74.248.136.165 - - [16/Aug/2026:10:37:37 +0200] "GET /xxx.php HTTP/1.1" 500 - "-" "-"
74.248.136.165 - - [16/Aug/2026:10:37:41 +0200] "GET /un.php HTTP/1.1" 500 - "-" "-"
169.58.146.40 - - [16/Aug/2026:10:37:43 +0200] "GET /wp-admin/includes/ HTTP/1.1" 500 - "-" "Mozilla/5.0 (Windows NT 10.0; Win64; x64) AppleWebKit/537.36 (KHTML, like Gecko) Chrome/120.0.0.0 Safari/537.36"
74.248.136.165 - - [16/Aug/2026:10:37:45 +0200] "GET /autogooey.php HTTP/1.1" 500 - "-" "-"
66.249.70.68 - - [16/Aug/2026:10:37:43 +0200] "GET /shop/customer/bookmark.php?items/P16042160957/ HTTP/1.1" 500 - "-" "Mozilla/5.0 (Linux; Android 6.0.1; Nexus 5X Build/MMB29P) AppleWebKit/537.36 (KHTML, like Gecko) Chrome/150.0.7871.186 Mobile Safari/537.36 (compatible; Googlebot/2.1; +http://www.google.com/bot.html)"
74.248.136.165 - - [16/Aug/2026:10:37:48 +0200] "GET /sty.php HTTP/1.1" 500 - "-" "-"
74.248.136.165 - - [16/Aug/2026:10:38:00 +0200] "GET /wio.php HTTP/1.1" 500 - "-" "-"
169.58.146.40 - - [16/Aug/2026:10:37:57 +0200] "GET /wp-admin/js/ HTTP/1.1" 500 - "-" "Mozilla/5.0 (Windows NT 10.0; Win64; x64) AppleWebKit/537.36 (KHTML, like Gecko) Chrome/120.0.0.0 Safari/537.36"
169.58.146.40 - - [16/Aug/2026:10:38:07 +0200] "GET /wp-admin/js/widgets/ HTTP/1.1" 500 - "-" "Mozilla/5.0 (Windows NT 10.0; Win64; x64) AppleWebKit/537.36 (KHTML, like Gecko) Chrome/120.0.0.0 Safari/537.36"
74.248.136.165 - - [16/Aug/2026:10:38:04 +0200] "GET /1061.php HTTP/1.1" 500 - "-" "-"
66.249.70.67 - - [16/Aug/2026:10:38:03 +0200] "GET /shop/customer/bookmark.php?items/Y16042203160/ HTTP/1.1" 500 - "-" "Mozilla/5.0 (compatible; Googlebot/2.1; +http://www.google.com/bot.html)"
169.58.146.40 - - [16/Aug/2026:10:38:11 +0200] "GET /wp-admin/images/ HTTP/1.1" 500 - "-" "Mozilla/5.0 (Windows NT 10.0; Win64; x64) AppleWebKit/537.36 (KHTML, like Gecko) Chrome/120.0.0.0 Safari/537.36"
74.248.136.165 - - [16/Aug/2026:10:38:14 +0200] "GET /gec.php HTTP/1.1" 500 - "-" "-"
74.248.136.165 - - [16/Aug/2026:10:38:26 +0200] "GET /scx.php7 HTTP/1.1" 500 - "-" "-"
74.248.136.165 - - [16/Aug/2026:10:38:29 +0200] "GET /wp-admin/sc.php HTTP/1.1" 500 - "-" "-"
169.58.146.40 - - [16/Aug/2026:10:38:22 +0200] "GET /wp-admin/network/ HTTP/1.1" 500 - "-" "Mozilla/5.0 (Windows NT 10.0; Win64; x64) AppleWebKit/537.36 (KHTML, like Gecko) Chrome/120.0.0.0 Safari/537.36"
169.58.146.40 - - [16/Aug/2026:10:38:26 +0200] "GET /wp-admin/user/ HTTP/1.1" 500 - "-" "Mozilla/5.0 (Windows NT 10.0; Win64; x64) AppleWebKit/537.36 (KHTML, like Gecko) Chrome/120.0.0.0 Safari/537.36"
169.58.146.40 - - [16/Aug/2026:10:38:36 +0200] "GET /wp-includes/ HTTP/1.1" 500 - "-" "Mozilla/5.0 (Windows NT 10.0; Win64; x64) AppleWebKit/537.36 (KHTML, like Gecko) Chrome/120.0.0.0 Safari/537.36"
169.58.146.40 - - [16/Aug/2026:10:38:38 +0200] "GET /wp-includes/Text/ HTTP/1.1" 500 - "-" "Mozilla/5.0 (Windows NT 10.0; Win64; x64) AppleWebKit/537.36 (KHTML, like Gecko) Chrome/120.0.0.0 Safari/537.36"
74.248.136.165 - - [16/Aug/2026:10:38:32 +0200] "GET /wp5.php HTTP/1.1" 500 - "-" "-"
74.248.136.165 - - [16/Aug/2026:10:38:42 +0200] "GET /a2.php HTTP/1.1" 500 - "-" "-"
169.58.146.40 - - [16/Aug/2026:10:38:43 +0200] "GET /wp-includes/Text/Diff/ HTTP/1.1" 500 - "-" "Mozilla/5.0 (Windows NT 10.0; Win64; x64) AppleWebKit/537.36 (KHTML, like Gecko) Chrome/120.0.0.0 Safari/537.36"
74.248.136.165 - - [16/Aug/2026:10:38:53 +0200] "GET /app.php HTTP/1.1" 500 - "-" "-"
74.248.136.165 - - [16/Aug/2026:10:38:54 +0200] "GET //wp-includes/js/tinymce/themes/inlite HTTP/1.1" 301 309 "-" "-"
169.58.146.40 - - [16/Aug/2026:10:38:54 +0200] "GET /wp-includes/css/ HTTP/1.1" 500 - "-" "Mozilla/5.0 (Windows NT 10.0; Win64; x64) AppleWebKit/537.36 (KHTML, like Gecko) Chrome/120.0.0.0 Safari/537.36"
74.248.136.165 - - [16/Aug/2026:10:38:54 +0200] "GET /wp-includes/js/tinymce/themes/inlite/ HTTP/1.1" 500 - "-" "-"
74.248.136.165 - - [16/Aug/2026:10:38:56 +0200] "GET /wp-content/admin.php HTTP/1.1" 500 - "-" "-"
169.58.146.40 - - [16/Aug/2026:10:38:57 +0200] "GET /wp-includes/css/dist/ HTTP/1.1" 500 - "-" "Mozilla/5.0 (Windows NT 10.0; Win64; x64) AppleWebKit/537.36 (KHTML, like Gecko) Chrome/120.0.0.0 Safari/537.36"
74.248.136.165 - - [16/Aug/2026:10:38:57 +0200] "GET /cxc.php HTTP/1.1" 500 - "-" "-"
74.248.136.165 - - [16/Aug/2026:10:39:07 +0200] "GET /alfa-rex.php7 HTTP/1.1" 500 - "-" "-"
74.248.136.165 - - [16/Aug/2026:10:39:09 +0200] "GET /0.php HTTP/1.1" 500 - "-" "-"
66.249.70.69 - - [16/Aug/2026:10:39:15 +0200] "GET /shop/customer/bookmark.php?items/D1601553167/ HTTP/1.1" 500 - "-" "Mozilla/5.0 (compatible; Googlebot/2.1; +http://www.google.com/bot.html)"
169.58.146.40 - - [16/Aug/2026:10:39:08 +0200] "GET /wp-includes/fonts/ HTTP/1.1" 500 - "-" "Mozilla/5.0 (Windows NT 10.0; Win64; x64) AppleWebKit/537.36 (KHTML, like Gecko) Chrome/120.0.0.0 Safari/537.36"
74.248.136.165 - - [16/Aug/2026:10:39:11 +0200] "GET /dom.php HTTP/1.1" 500 - "-" "-"
169.58.146.40 - - [16/Aug/2026:10:39:12 +0200] "GET /wp-includes/ID3/ HTTP/1.1" 500 - "-" "Mozilla/5.0 (Windows NT 10.0; Win64; x64) AppleWebKit/537.36 (KHTML, like Gecko) Chrome/120.0.0.0 Safari/537.36"
74.248.136.165 - - [16/Aug/2026:10:39:22 +0200] "GET /bb.php HTTP/1.1" 500 - "-" "-"
74.248.136.165 - - [16/Aug/2026:10:39:23 +0200] "GET /ok.php HTTP/1.1" 500 - "-" "-"
74.248.136.165 - - [16/Aug/2026:10:39:24 +0200] "GET /wp9.php HTTP/1.1" 500 - "-" "-"
66.249.70.67 - - [16/Aug/2026:10:39:30 +0200] "GET /shop/customer/bookmark.php?items/L160023511/ HTTP/1.1" 500 - "-" "Mozilla/5.0 (compatible; Googlebot/2.1; +http://www.google.com/bot.html)"
169.58.146.40 - - [16/Aug/2026:10:39:25 +0200] "GET /wp-includes/sitemaps/providers/ HTTP/1.1" 500 - "-" "Mozilla/5.0 (Windows NT 10.0; Win64; x64) AppleWebKit/537.36 (KHTML, like Gecko) Chrome/120.0.0.0 Safari/537.36"
74.248.136.165 - - [16/Aug/2026:10:39:26 +0200] "GET /ws59.php HTTP/1.1" 500 - "-" "-"
169.58.146.40 - - [16/Aug/2026:10:39:36 +0200] "GET /wp-includes/IXR/ HTTP/1.1" 500 - "-" "Mozilla/5.0 (Windows NT 10.0; Win64; x64) AppleWebKit/537.36 (KHTML, like Gecko) Chrome/120.0.0.0 Safari/537.36"
169.58.146.40 - - [16/Aug/2026:10:39:39 +0200] "GET /wp-includes/images/ HTTP/1.1" 500 - "-" "Mozilla/5.0 (Windows NT 10.0; Win64; x64) AppleWebKit/537.36 (KHTML, like Gecko) Chrome/120.0.0.0 Safari/537.36"
66.249.70.67 - - [16/Aug/2026:10:39:43 +0200] "GET /shop/customer/bookmark.php?items/F16021256923/ HTTP/1.1" 500 - "-" "Mozilla/5.0 (Linux; Android 6.0.1; Nexus 5X Build/MMB29P) AppleWebKit/537.36 (KHTML, like Gecko) Chrome/150.0.7871.186 Mobile Safari/537.36 (compatible; Googlebot/2.1; +http://www.google.com/bot.html)"
74.248.136.165 - - [16/Aug/2026:10:39:36 +0200] "GET /Ov-Simple1.php HTTP/1.1" 500 - "-" "-"
74.248.136.165 - - [16/Aug/2026:10:39:45 +0200] "GET /wp-admin/css/bolt.php HTTP/1.1" 500 - "-" "-"
169.58.146.40 - - [16/Aug/2026:10:39:46 +0200] "GET /wp-includes/PHPMailer/ HTTP/1.1" 500 - "-" "Mozilla/5.0 (Windows NT 10.0; Win64; x64) AppleWebKit/537.36 (KHTML, like Gecko) Chrome/120.0.0.0 Safari/537.36"
169.58.146.40 - - [16/Aug/2026:10:39:51 +0200] "GET /wp-includes/pomo/ HTTP/1.1" 500 - "-" "Mozilla/5.0 (Windows NT 10.0; Win64; x64) AppleWebKit/537.36 (KHTML, like Gecko) Chrome/120.0.0.0 Safari/537.36"
74.248.136.165 - - [16/Aug/2026:10:39:56 +0200] "GET /vx.php HTTP/1.1" 500 - "-" "-"
74.248.136.165 - - [16/Aug/2026:10:40:05 +0200] "GET /ah25.php HTTP/1.1" 500 - "-" "-"
74.248.136.165 - - [16/Aug/2026:10:40:06 +0200] "GET /tt.php HTTP/1.1" 500 - "-" "-"
169.58.146.40 - - [16/Aug/2026:10:40:06 +0200] "GET /wp-includes/js/ HTTP/1.1" 500 - "-" "Mozilla/5.0 (Windows NT 10.0; Win64; x64) AppleWebKit/537.36 (KHTML, like Gecko) Chrome/120.0.0.0 Safari/537.36"
169.58.146.40 - - [16/Aug/2026:10:40:00 +0200] "GET /wp-includes/blocks/ HTTP/1.1" 500 - "-" "Mozilla/5.0 (Windows NT 10.0; Win64; x64) AppleWebKit/537.36 (KHTML, like Gecko) Chrome/120.0.0.0 Safari/537.36"
74.248.136.165 - - [16/Aug/2026:10:40:08 +0200] "GET /xqq.php HTTP/1.1" 500 - "-" "-"
74.248.136.165 - - [16/Aug/2026:10:40:18 +0200] "GET /06.php HTTP/1.1" 500 - "-" "-"
169.58.146.40 - - [16/Aug/2026:10:40:18 +0200] "GET /wp-includes/js/plupload/ HTTP/1.1" 500 - "-" "Mozilla/5.0 (Windows NT 10.0; Win64; x64) AppleWebKit/537.36 (KHTML, like Gecko) Chrome/120.0.0.0 Safari/537.36"
74.248.136.165 - - [16/Aug/2026:10:40:19 +0200] "GET /166.php HTTP/1.1" 500 - "-" "-"
74.248.136.165 - - [16/Aug/2026:10:40:21 +0200] "GET /snq.php HTTP/1.1" 500 - "-" "-"
74.248.136.165 - - [16/Aug/2026:10:40:22 +0200] "GET /wp-access.php HTTP/1.1" 500 - "-" "-"
169.58.146.40 - - [16/Aug/2026:10:40:15 +0200] "GET /wp-includes/js/codemirror/ HTTP/1.1" 500 - "-" "Mozilla/5.0 (Windows NT 10.0; Win64; x64) AppleWebKit/537.36 (KHTML, like Gecko) Chrome/120.0.0.0 Safari/537.36"
74.248.136.165 - - [16/Aug/2026:10:40:24 +0200] "GET /nw.php HTTP/1.1" 500 - "-" "-"
74.248.136.165 - - [16/Aug/2026:10:40:35 +0200] "GET /ws62.php HTTP/1.1" 500 - "-" "-"
169.58.146.40 - - [16/Aug/2026:10:40:28 +0200] "GET /wp-includes/widgets/ HTTP/1.1" 500 - "-" "Mozilla/5.0 (Windows NT 10.0; Win64; x64) AppleWebKit/537.36 (KHTML, like Gecko) Chrome/120.0.0.0 Safari/537.36"
169.58.146.40 - - [16/Aug/2026:10:40:30 +0200] "GET /wp-content/ HTTP/1.1" 500 - "-" "Mozilla/5.0 (Windows NT 10.0; Win64; x64) AppleWebKit/537.36 (KHTML, like Gecko) Chrome/120.0.0.0 Safari/537.36"
169.58.146.40 - - [16/Aug/2026:10:40:46 +0200] "GET /wp-content/IXR/ HTTP/1.1" 500 - "-" "Mozilla/5.0 (Windows NT 10.0; Win64; x64) AppleWebKit/537.36 (KHTML, like Gecko) Chrome/120.0.0.0 Safari/537.36"
74.248.136.165 - - [16/Aug/2026:10:40:37 +0200] "GET /public/vx.php HTTP/1.1" 500 - "-" "-"
169.58.146.40 - - [16/Aug/2026:10:40:40 +0200] "GET /wp-content/languages/ HTTP/1.1" 500 - "-" "Mozilla/5.0 (Windows NT 10.0; Win64; x64) AppleWebKit/537.36 (KHTML, like Gecko) Chrome/120.0.0.0 Safari/537.36"
74.248.136.165 - - [16/Aug/2026:10:40:47 +0200] "GET /loxi-o.php HTTP/1.1" 500 - "-" "-"
169.58.146.40 - - [16/Aug/2026:10:40:58 +0200] "GET /wp-content/upgrade/ HTTP/1.1" 500 - "-" "Mozilla/5.0 (Windows NT 10.0; Win64; x64) AppleWebKit/537.36 (KHTML, like Gecko) Chrome/120.0.0.0 Safari/537.36"
74.248.136.165 - - [16/Aug/2026:10:40:58 +0200] "GET /sdsa.php HTTP/1.1" 500 - "-" "-"
169.58.146.40 - - [16/Aug/2026:10:41:07 +0200] "GET /wp-content/plugins/ HTTP/1.1" 500 - "-" "Mozilla/5.0 (Windows NT 10.0; Win64; x64) AppleWebKit/537.36 (KHTML, like Gecko) Chrome/120.0.0.0 Safari/537.36"
74.248.136.165 - - [16/Aug/2026:10:41:08 +0200] "GET /wp-freya.php HTTP/1.1" 500 - "-" "-"
74.248.136.165 - - [16/Aug/2026:10:41:18 +0200] "GET /fleen.php HTTP/1.1" 500 - "-" "-"
169.58.146.40 - - [16/Aug/2026:10:41:11 +0200] "GET /wp-content/themes/ HTTP/1.1" 500 - "-" "Mozilla/5.0 (Windows NT 10.0; Win64; x64) AppleWebKit/537.36 (KHTML, like Gecko) Chrome/120.0.0.0 Safari/537.36"
74.248.136.165 - - [16/Aug/2026:10:41:19 +0200] "GET /e.php HTTP/1.1" 500 - "-" "-"
169.58.146.40 - - [16/Aug/2026:10:41:25 +0200] "GET /uploads/ HTTP/1.1" 500 - "-" "Mozilla/5.0 (Windows NT 10.0; Win64; x64) AppleWebKit/537.36 (KHTML, like Gecko) Chrome/120.0.0.0 Safari/537.36"
66.249.70.68 - - [16/Aug/2026:10:41:27 +0200] "GET /shop/customer/bookmark.php?shop/detail/G170010343393/ HTTP/1.1" 500 - "-" "Mozilla/5.0 (Linux; Android 6.0.1; Nexus 5X Build/MMB29P) AppleWebKit/537.36 (KHTML, like Gecko) Chrome/150.0.7871.186 Mobile Safari/537.36 (compatible; Googlebot/2.1; +http://www.google.com/bot.html)"
74.248.136.165 - - [16/Aug/2026:10:41:30 +0200] "GET /hello.php HTTP/1.1" 500 - "-" "-"
169.58.146.40 - - [16/Aug/2026:10:41:39 +0200] "GET /file/ HTTP/1.1" 500 - "-" "Mozilla/5.0 (Windows NT 10.0; Win64; x64) AppleWebKit/537.36 (KHTML, like Gecko) Chrome/120.0.0.0 Safari/537.36"
169.58.146.40 - - [16/Aug/2026:10:41:36 +0200] "GET /files/ HTTP/1.1" 500 - "-" "Mozilla/5.0 (Windows NT 10.0; Win64; x64) AppleWebKit/537.36 (KHTML, like Gecko) Chrome/120.0.0.0 Safari/537.36"
169.58.146.40 - - [16/Aug/2026:10:41:44 +0200] "GET /images/ HTTP/1.1" 500 - "-" "Mozilla/5.0 (Windows NT 10.0; Win64; x64) AppleWebKit/537.36 (KHTML, like Gecko) Chrome/120.0.0.0 Safari/537.36"
74.248.136.165 - - [16/Aug/2026:10:41:40 +0200] "GET /brc.php HTTP/1.1" 500 - "-" "-"
169.58.146.40 - - [16/Aug/2026:10:41:56 +0200] "GET /cgi-bin/ HTTP/1.1" 500 - "-" "Mozilla/5.0 (Windows NT 10.0; Win64; x64) AppleWebKit/537.36 (KHTML, like Gecko) Chrome/120.0.0.0 Safari/537.36"
74.248.136.165 - - [16/Aug/2026:10:41:50 +0200] "GET /file52.php HTTP/1.1" 500 - "-" "-"
74.248.136.165 - - [16/Aug/2026:10:42:03 +0200] "GET /sxdfrt.php HTTP/1.1" 500 - "-" "-"
74.248.136.165 - - [16/Aug/2026:10:42:16 +0200] "GET /path.php HTTP/1.1" 500 - "-" "-"
74.248.136.165 - - [16/Aug/2026:10:42:25 +0200] "GET /wpo.php HTTP/1.1" 500 - "-" "-"
66.249.70.67 - - [16/Aug/2026:10:42:24 +0200] "GET /shop/customer/bookmark.php?items/Z16063206939/ HTTP/1.1" 500 - "-" "Mozilla/5.0 (Linux; Android 6.0.1; Nexus 5X Build/MMB29P) AppleWebKit/537.36 (KHTML, like Gecko) Chrome/150.0.7871.186 Mobile Safari/537.36 (compatible; Googlebot/2.1; +http://www.google.com/bot.html)"
74.248.136.165 - - [16/Aug/2026:10:42:27 +0200] "GET /a1vx.php HTTP/1.1" 500 - "-" "-"
74.248.136.165 - - [16/Aug/2026:10:42:36 +0200] "GET /ty.php HTTP/1.1" 500 - "-" "-"
74.248.136.165 - - [16/Aug/2026:10:42:46 +0200] "GET /vgtyu.php HTTP/1.1" 500 - "-" "-"
66.249.70.67 - - [16/Aug/2026:10:43:05 +0200] "GET /shop/customer/bookmark.php?items/S1600131549/ HTTP/1.1" 500 - "-" "Mozilla/5.0 (compatible; Googlebot/2.1; +http://www.google.com/bot.html)"
74.248.136.165 - - [16/Aug/2026:10:42:57 +0200] "GET /mans.php HTTP/1.1" 500 - "-" "-"
74.248.136.165 - - [16/Aug/2026:10:43:08 +0200] "GET /co.php HTTP/1.1" 500 - "-" "-"
74.248.136.165 - - [16/Aug/2026:10:43:11 +0200] "GET /btx25.php HTTP/1.1" 500 - "-" "-"
74.248.136.165 - - [16/Aug/2026:10:43:12 +0200] "GET /avim.php HTTP/1.1" 500 - "-" "-"
74.248.136.165 - - [16/Aug/2026:10:43:15 +0200] "GET /myfile.php HTTP/1.1" 500 - "-" "-"
74.248.136.165 - - [16/Aug/2026:10:43:25 +0200] "GET /xmy.php HTTP/1.1" 500 - "-" "-"
66.249.70.67 - - [16/Aug/2026:10:43:27 +0200] "GET /shop/customer/bookmark.php?items/C16002570/ HTTP/1.1" 500 - "-" "Mozilla/5.0 (Linux; Android 6.0.1; Nexus 5X Build/MMB29P) AppleWebKit/537.36 (KHTML, like Gecko) Chrome/150.0.7871.186 Mobile Safari/537.36 (compatible; Googlebot/2.1; +http://www.google.com/bot.html)"
74.248.136.165 - - [16/Aug/2026:10:43:27 +0200] "GET /xda.php HTTP/1.1" 500 - "-" "-"
74.248.136.165 - - [16/Aug/2026:10:43:38 +0200] "GET /zz.php HTTP/1.1" 500 - "-" "-"
74.248.136.165 - - [16/Aug/2026:10:43:40 +0200] "GET /xa.php HTTP/1.1" 500 - "-" "-"
74.248.136.165 - - [16/Aug/2026:10:43:42 +0200] "GET /f6.php HTTP/1.1" 500 - "-" "-"
74.248.136.165 - - [16/Aug/2026:10:43:44 +0200] "GET /mcs.php HTTP/1.1" 500 - "-" "-"
74.248.136.165 - - [16/Aug/2026:10:43:46 +0200] "GET /xleet.php HTTP/1.1" 500 - "-" "-"
66.249.70.67 - - [16/Aug/2026:10:43:36 +0200] "GET /shop/customer/bookmark.php?items/E16062894718/ HTTP/1.1" 500 - "-" "Mozilla/5.0 (Linux; Android 6.0.1; Nexus 5X Build/MMB29P) AppleWebKit/537.36 (KHTML, like Gecko) Chrome/150.0.7871.186 Mobile Safari/537.36 (compatible; Googlebot/2.1; +http://www.google.com/bot.html)"
74.248.136.165 - - [16/Aug/2026:10:43:48 +0200] "GET /fr/ms.php HTTP/1.1" 500 - "-" "-"
74.248.136.165 - - [16/Aug/2026:10:43:49 +0200] "GET /gool.php HTTP/1.1" 500 - "-" "-"
74.248.136.165 - - [16/Aug/2026:10:44:01 +0200] "GET /maxro.php HTTP/1.1" 500 - "-" "-"
74.248.136.165 - - [16/Aug/2026:10:44:02 +0200] "GET /wdf.php HTTP/1.1" 500 - "-" "-"
74.248.136.165 - - [16/Aug/2026:10:44:04 +0200] "GET /ff1.php HTTP/1.1" 500 - "-" "-"
74.248.136.165 - - [16/Aug/2026:10:44:05 +0200] "GET /guk.php HTTP/1.1" 500 - "-" "-"
74.248.136.165 - - [16/Aug/2026:10:44:15 +0200] "GET /wp-the.php HTTP/1.1" 500 - "-" "-"
74.248.136.165 - - [16/Aug/2026:10:44:25 +0200] "GET /sbhu.php HTTP/1.1" 500 - "-" "-"
74.248.136.165 - - [16/Aug/2026:10:44:28 +0200] "GET /zc-318.php HTTP/1.1" 500 - "-" "-"
74.248.136.165 - - [16/Aug/2026:10:44:39 +0200] "GET /ccou.php HTTP/1.1" 500 - "-" "-"
74.248.136.165 - - [16/Aug/2026:10:44:52 +0200] "GET /txets.php HTTP/1.1" 500 - "-" "-"
74.248.136.165 - - [16/Aug/2026:10:44:54 +0200] "GET /fun.php HTTP/1.1" 500 - "-" "-"
66.249.70.69 - - [16/Aug/2026:10:44:47 +0200] "GET /shop/customer/bookmark.php?items/X16021060844/ HTTP/1.1" 500 - "-" "Mozilla/5.0 (Linux; Android 6.0.1; Nexus 5X Build/MMB29P) AppleWebKit/537.36 (KHTML, like Gecko) Chrome/150.0.7871.186 Mobile Safari/537.36 (compatible; Googlebot/2.1; +http://www.google.com/bot.html)"
74.248.136.165 - - [16/Aug/2026:10:44:56 +0200] "GET /jq.php HTTP/1.1" 500 - "-" "-"
74.248.136.165 - - [16/Aug/2026:10:45:07 +0200] "GET //sys.php HTTP/1.1" 500 - "-" "-"
74.248.136.165 - - [16/Aug/2026:10:45:19 +0200] "GET /pp.php HTTP/1.1" 500 - "-" "-"
74.248.136.165 - - [16/Aug/2026:10:45:31 +0200] "GET /wqqs.php HTTP/1.1" 500 - "-" "-"
66.249.70.68 - - [16/Aug/2026:10:45:40 +0200] "GET /shop/customer/bookmark.php?items/V16021138415/ HTTP/1.1" 500 - "-" "Mozilla/5.0 (Linux; Android 6.0.1; Nexus 5X Build/MMB29P) AppleWebKit/537.36 (KHTML, like Gecko) Chrome/150.0.7871.186 Mobile Safari/537.36 (compatible; Googlebot/2.1; +http://www.google.com/bot.html)"
74.248.136.165 - - [16/Aug/2026:10:45:42 +0200] "GET /clasa99.php HTTP/1.1" 500 - "-" "-"
74.248.136.165 - - [16/Aug/2026:10:45:54 +0200] "GET /666.php HTTP/1.1" 500 - "-" "-"
74.248.136.165 - - [16/Aug/2026:10:45:58 +0200] "GET /thui.php HTTP/1.1" 500 - "-" "-"
74.248.136.165 - - [16/Aug/2026:10:46:10 +0200] "GET /agg.php HTTP/1.1" 500 - "-" "-"
74.248.136.165 - - [16/Aug/2026:10:46:23 +0200] "GET /erty.php HTTP/1.1" 500 - "-" "-"
74.248.136.165 - - [16/Aug/2026:10:46:26 +0200] "GET /mini.php HTTP/1.1" 500 - "-" "-"
74.248.136.165 - - [16/Aug/2026:10:46:29 +0200] "GET /sid3.php HTTP/1.1" 500 - "-" "-"
74.248.136.165 - - [16/Aug/2026:10:46:40 +0200] "GET /moon.php HTTP/1.1" 500 - "-" "-"
74.248.136.165 - - [16/Aug/2026:10:46:51 +0200] "GET /ms.php HTTP/1.1" 500 - "-" "-"
66.249.70.69 - - [16/Aug/2026:10:47:09 +0200] "GET /shop/customer/bookmark.php?items/Q16042376525/ HTTP/1.1" 500 - "-" "Mozilla/5.0 (compatible; Googlebot/2.1; +http://www.google.com/bot.html)"
74.248.136.165 - - [16/Aug/2026:10:47:03 +0200] "GET /wsws.php HTTP/1.1" 500 - "-" "-"
74.248.136.165 - - [16/Aug/2026:10:47:15 +0200] "GET /motu.php HTTP/1.1" 500 - "-" "-"
74.248.136.165 - - [16/Aug/2026:10:47:27 +0200] "GET /fff.php HTTP/1.1" 500 - "-" "-"
74.248.136.165 - - [16/Aug/2026:10:47:30 +0200] "GET /66.php HTTP/1.1" 500 - "-" "-"
74.248.136.165 - - [16/Aug/2026:10:47:41 +0200] "GET /g.php HTTP/1.1" 500 - "-" "-"
74.248.136.165 - - [16/Aug/2026:10:47:52 +0200] "GET /x7.php HTTP/1.1" 500 - "-" "-"
74.248.136.165 - - [16/Aug/2026:10:47:55 +0200] "GET /god.php HTTP/1.1" 500 - "-" "-"
66.249.70.68 - - [16/Aug/2026:10:47:48 +0200] "GET /shop/customer/bookmark.php?items/F1600464939/ HTTP/1.1" 500 - "-" "Mozilla/5.0 (Linux; Android 6.0.1; Nexus 5X Build/MMB29P) AppleWebKit/537.36 (KHTML, like Gecko) Chrome/150.0.7871.186 Mobile Safari/537.36 (compatible; Googlebot/2.1; +http://www.google.com/bot.html)"
74.248.136.165 - - [16/Aug/2026:10:47:59 +0200] "GET /ebahvhhh.php HTTP/1.1" 500 - "-" "-"
74.248.136.165 - - [16/Aug/2026:10:48:03 +0200] "GET /8.php HTTP/1.1" 500 - "-" "-"
74.248.136.165 - - [16/Aug/2026:10:48:07 +0200] "GET /koiy.php HTTP/1.1" 500 - "-" "-"
66.249.70.67 - - [16/Aug/2026:10:47:59 +0200] "GET /shop/customer/bookmark.php?items/E16042260993/ HTTP/1.1" 500 - "-" "Mozilla/5.0 (compatible; Googlebot/2.1; +http://www.google.com/bot.html)"
74.248.136.165 - - [16/Aug/2026:10:48:09 +0200] "GET /iko.php HTTP/1.1" 500 - "-" "-"
74.248.136.165 - - [16/Aug/2026:10:48:13 +0200] "GET /raw.php HTTP/1.1" 500 - "-" "-"
74.248.136.165 - - [16/Aug/2026:10:48:25 +0200] "GET /05.php HTTP/1.1" 500 - "-" "-"
74.248.136.165 - - [16/Aug/2026:10:48:36 +0200] "GET /public/hi.php HTTP/1.1" 500 - "-" "-"
74.248.136.165 - - [16/Aug/2026:10:48:47 +0200] "GET /get.php HTTP/1.1" 500 - "-" "-"
74.248.136.165 - - [16/Aug/2026:10:48:59 +0200] "GET /rpk.php HTTP/1.1" 500 - "-" "-"
66.249.70.67 - - [16/Aug/2026:10:49:16 +0200] "GET /shop/customer/bookmark.php?items/Z16052570706/ HTTP/1.1" 500 - "-" "Mozilla/5.0 (Linux; Android 6.0.1; Nexus 5X Build/MMB29P) AppleWebKit/537.36 (KHTML, like Gecko) Chrome/150.0.7871.186 Mobile Safari/537.36 (compatible; Googlebot/2.1; +http://www.google.com/bot.html)"
74.248.136.165 - - [16/Aug/2026:10:49:09 +0200] "GET /wp-blog.php HTTP/1.1" 500 - "-" "-"
74.248.136.165 - - [16/Aug/2026:10:49:20 +0200] "GET /mga.php HTTP/1.1" 500 - "-" "-"
66.249.70.67 - - [16/Aug/2026:10:49:27 +0200] "GET /shop/customer/bookmark.php?items/G1601704507/ HTTP/1.1" 500 - "-" "Mozilla/5.0 (compatible; Googlebot/2.1; +http://www.google.com/bot.html)"
74.248.136.165 - - [16/Aug/2026:10:49:32 +0200] "GET /fs.php HTTP/1.1" 500 - "-" "-"
74.248.136.165 - - [16/Aug/2026:10:49:43 +0200] "GET /wp-tem.php HTTP/1.1" 500 - "-" "-"
74.248.136.165 - - [16/Aug/2026:10:49:45 +0200] "GET /sadd.php HTTP/1.1" 500 - "-" "-"
74.248.136.165 - - [16/Aug/2026:10:49:47 +0200] "GET /ex.php HTTP/1.1" 500 - "-" "-"
74.248.136.165 - - [16/Aug/2026:10:49:48 +0200] "GET /tax.php HTTP/1.1" 500 - "-" "-"
74.248.136.165 - - [16/Aug/2026:10:49:59 +0200] "GET /X7x.php HTTP/1.1" 500 - "-" "-"
66.249.70.69 - - [16/Aug/2026:10:50:19 +0200] "GET /shop/customer/bookmark.php?items/X16021081660/ HTTP/1.1" 500 - "-" "Mozilla/5.0 (compatible; Googlebot/2.1; +http://www.google.com/bot.html)"
74.248.136.165 - - [16/Aug/2026:10:50:11 +0200] "GET /ocxla.php HTTP/1.1" 500 - "-" "-"
74.248.136.165 - - [16/Aug/2026:10:50:26 +0200] "GET /post.php HTTP/1.1" 500 - "-" "-"
74.248.136.165 - - [16/Aug/2026:10:50:37 +0200] "GET /nhr.php HTTP/1.1" 500 - "-" "-"
66.249.70.68 - - [16/Aug/2026:10:50:30 +0200] "GET /shop/customer/bookmark.php?items/D16052556891/ HTTP/1.1" 500 - "-" "Mozilla/5.0 (Linux; Android 6.0.1; Nexus 5X Build/MMB29P) AppleWebKit/537.36 (KHTML, like Gecko) Chrome/150.0.7871.186 Mobile Safari/537.36 (compatible; Googlebot/2.1; +http://www.google.com/bot.html)"
74.248.136.165 - - [16/Aug/2026:10:50:40 +0200] "GET /ms-edit.php HTTP/1.1" 500 - "-" "-"
74.248.136.165 - - [16/Aug/2026:10:50:51 +0200] "GET /ws79.php HTTP/1.1" 500 - "-" "-"
74.248.136.165 - - [16/Aug/2026:10:50:53 +0200] "GET /rtx.php HTTP/1.1" 500 - "-" "-"
74.248.136.165 - - [16/Aug/2026:10:51:04 +0200] "GET /end.php HTTP/1.1" 500 - "-" "-"
74.248.136.165 - - [16/Aug/2026:10:51:06 +0200] "GET /ae.php HTTP/1.1" 500 - "-" "-"
66.249.70.67 - - [16/Aug/2026:10:51:16 +0200] "GET /shop/customer/bookmark.php?items/H1601817901/ HTTP/1.1" 500 - "-" "Mozilla/5.0 (compatible; Googlebot/2.1; +http://www.google.com/bot.html)"
66.249.70.69 - - [16/Aug/2026:10:52:04 +0200] "GET /shop/customer/bookmark.php?items/A1601778772/ HTTP/1.1" 500 - "-" "Mozilla/5.0 (compatible; Googlebot/2.1; +http://www.google.com/bot.html)"
74.249.206.207 - - [16/Aug/2026:10:54:37 +0200] "GET /wp-content/plugins/hellopress/wp_filemanager.php HTTP/1.1" 500 - "-" "-"
74.249.206.207 - - [16/Aug/2026:10:54:40 +0200] "GET /this_is_a_new_hello_world.php HTTP/1.1" 500 - "-" "-"
66.249.70.68 - - [16/Aug/2026:10:54:40 +0200] "GET /shop/customer/bookmark.php?items/A1601778772/ HTTP/1.1" 500 - "-" "Mozilla/5.0 (Linux; Android 6.0.1; Nexus 5X Build/MMB29P) AppleWebKit/537.36 (KHTML, like Gecko) Chrome/150.0.7871.186 Mobile Safari/537.36 (compatible; Googlebot/2.1; +http://www.google.com/bot.html)"
74.249.206.207 - - [16/Aug/2026:10:54:43 +0200] "GET /4PJcpMFsD8B.php HTTP/1.1" 500 - "-" "-"
74.249.206.207 - - [16/Aug/2026:10:54:45 +0200] "GET /3PJcpMFsD8B.php HTTP/1.1" 500 - "-" "-"
74.249.206.207 - - [16/Aug/2026:10:54:49 +0200] "GET /ano.php HTTP/1.1" 500 - "-" "-"
66.249.70.67 - - [16/Aug/2026:10:54:57 +0200] "GET /shop/customer/bookmark.php?items/A16052655927/ HTTP/1.1" 500 - "-" "Mozilla/5.0 (Linux; Android 6.0.1; Nexus 5X Build/MMB29P) AppleWebKit/537.36 (KHTML, like Gecko) Chrome/150.0.7871.186 Mobile Safari/537.36 (compatible; Googlebot/2.1; +http://www.google.com/bot.html)"
74.249.206.207 - - [16/Aug/2026:10:55:01 +0200] "GET /xx.php HTTP/1.1" 500 - "-" "-"
66.249.70.67 - - [16/Aug/2026:10:55:14 +0200] "GET /shop/customer/bookmark.php?items/O16042318920/ HTTP/1.1" 500 - "-" "Mozilla/5.0 (Linux; Android 6.0.1; Nexus 5X Build/MMB29P) AppleWebKit/537.36 (KHTML, like Gecko) Chrome/150.0.7871.186 Mobile Safari/537.36 (compatible; Googlebot/2.1; +http://www.google.com/bot.html)"
74.249.206.207 - - [16/Aug/2026:10:55:16 +0200] "GET //av.php HTTP/1.1" 500 - "-" "-"
74.249.206.207 - - [16/Aug/2026:10:55:35 +0200] "GET /media.php HTTP/1.1" 500 - "-" "-"
66.249.70.67 - - [16/Aug/2026:10:55:43 +0200] "GET /shop/customer/bookmark.php?items/Q16042036233/ HTTP/1.1" 500 - "-" "Mozilla/5.0 (compatible; Googlebot/2.1; +http://www.google.com/bot.html)"
66.249.70.69 - - [16/Aug/2026:10:56:17 +0200] "GET /shop/customer/bookmark.php?items/X1601823951/ HTTP/1.1" 500 - "-" "Mozilla/5.0 (compatible; Googlebot/2.1; +http://www.google.com/bot.html)"
74.249.206.207 - - [16/Aug/2026:10:56:30 +0200] "GET /admin.php HTTP/1.1" 500 - "-" "-"
74.249.206.207 - - [16/Aug/2026:10:56:43 +0200] "GET /mac.php HTTP/1.1" 500 - "-" "-"
66.249.70.67 - - [16/Aug/2026:10:56:44 +0200] "GET /shop/customer/bookmark.php?items/X16042274935/ HTTP/1.1" 500 - "-" "Mozilla/5.0 (Linux; Android 6.0.1; Nexus 5X Build/MMB29P) AppleWebKit/537.36 (KHTML, like Gecko) Chrome/150.0.7871.186 Mobile Safari/537.36 (compatible; Googlebot/2.1; +http://www.google.com/bot.html)"
74.249.206.207 - - [16/Aug/2026:10:56:56 +0200] "GET /ops.php HTTP/1.1" 500 - "-" "-"
74.249.206.207 - - [16/Aug/2026:10:57:00 +0200] "GET /coffexium.php HTTP/1.1" 500 - "-" "-"
74.249.206.207 - - [16/Aug/2026:10:57:04 +0200] "GET /coffee.php HTTP/1.1" 500 - "-" "-"
74.249.206.207 - - [16/Aug/2026:10:57:08 +0200] "GET /classwithtostring.php?p= HTTP/1.1" 500 - "-" "-"
74.249.206.207 - - [16/Aug/2026:10:57:21 +0200] "GET /BDKR28WP.php HTTP/1.1" 500 - "-" "-"
74.249.206.207 - - [16/Aug/2026:10:57:35 +0200] "GET /h.php HTTP/1.1" 500 - "-" "-"