66.249.70.67 - - [16/Aug/2026:08:24:07 +0200] "GET /shop/customer/bookmark.php?items/Y1601510362/ HTTP/1.1" 500 - "-" "Mozilla/5.0 (Linux; Android 6.0.1; Nexus 5X Build/MMB29P) AppleWebKit/537.36 (KHTML, like Gecko) Chrome/150.0.7871.186 Mobile Safari/537.36 (compatible; Googlebot/2.1; +http://www.google.com/bot.html)"
66.249.70.67 - - [16/Aug/2026:08:25:09 +0200] "GET /shop/customer/bookmark.php?items/Y16042295557/ HTTP/1.1" 500 - "-" "Mozilla/5.0 (Linux; Android 6.0.1; Nexus 5X Build/MMB29P) AppleWebKit/537.36 (KHTML, like Gecko) Chrome/150.0.7871.186 Mobile Safari/537.36 (compatible; Googlebot/2.1; +http://www.google.com/bot.html)"
66.249.70.68 - - [16/Aug/2026:08:25:22 +0200] "GET /shop/customer/bookmark.php?items/O16021169440/ HTTP/1.1" 500 - "-" "Mozilla/5.0 (compatible; Googlebot/2.1; +http://www.google.com/bot.html)"
66.249.70.68 - - [16/Aug/2026:08:26:06 +0200] "GET /shop/customer/bookmark.php?items/L16821167640/ HTTP/1.1" 500 - "-" "Mozilla/5.0 (compatible; Googlebot/2.1; +http://www.google.com/bot.html)"
66.249.70.67 - - [16/Aug/2026:08:26:18 +0200] "GET /shop/customer/bookmark.php?items/R1601902380/ HTTP/1.1" 500 - "-" "Mozilla/5.0 (Linux; Android 6.0.1; Nexus 5X Build/MMB29P) AppleWebKit/537.36 (KHTML, like Gecko) Chrome/150.0.7871.186 Mobile Safari/537.36 (compatible; Googlebot/2.1; +http://www.google.com/bot.html)"
66.249.70.69 - - [16/Aug/2026:08:27:25 +0200] "GET /shop/customer/bookmark.php?items/G1600218599/ HTTP/1.1" 500 - "-" "Mozilla/5.0 (Linux; Android 6.0.1; Nexus 5X Build/MMB29P) AppleWebKit/537.36 (KHTML, like Gecko) Chrome/150.0.7871.186 Mobile Safari/537.36 (compatible; Googlebot/2.1; +http://www.google.com/bot.html)"
66.249.70.67 - - [16/Aug/2026:08:27:50 +0200] "GET /shop/customer/bookmark.php?items/F16894792180/ HTTP/1.1" 500 - "-" "Mozilla/5.0 (Linux; Android 6.0.1; Nexus 5X Build/MMB29P) AppleWebKit/537.36 (KHTML, like Gecko) Chrome/150.0.7871.186 Mobile Safari/537.36 (compatible; Googlebot/2.1; +http://www.google.com/bot.html)"
66.249.70.67 - - [16/Aug/2026:08:28:34 +0200] "GET /shop/customer/bookmark.php?items/B16042423632/ HTTP/1.1" 500 - "-" "Mozilla/5.0 (compatible; Googlebot/2.1; +http://www.google.com/bot.html)"
66.249.70.67 - - [16/Aug/2026:08:29:34 +0200] "GET /shop/customer/bookmark.php?items/L16006497/ HTTP/1.1" 500 - "-" "Mozilla/5.0 (Linux; Android 6.0.1; Nexus 5X Build/MMB29P) AppleWebKit/537.36 (KHTML, like Gecko) Chrome/150.0.7871.186 Mobile Safari/537.36 (compatible; Googlebot/2.1; +http://www.google.com/bot.html)"
66.249.70.68 - - [16/Aug/2026:08:31:07 +0200] "GET /shop/customer/bookmark.php?items/I16021327344/ HTTP/1.1" 500 - "-" "Mozilla/5.0 (Linux; Android 6.0.1; Nexus 5X Build/MMB29P) AppleWebKit/537.36 (KHTML, like Gecko) Chrome/150.0.7871.186 Mobile Safari/537.36 (compatible; Googlebot/2.1; +http://www.google.com/bot.html)"
66.249.70.69 - - [16/Aug/2026:08:32:35 +0200] "GET /shop/customer/bookmark.php?items/H1601594603/ HTTP/1.1" 500 - "-" "Mozilla/5.0 (Linux; Android 6.0.1; Nexus 5X Build/MMB29P) AppleWebKit/537.36 (KHTML, like Gecko) Chrome/150.0.7871.186 Mobile Safari/537.36 (compatible; Googlebot/2.1; +http://www.google.com/bot.html)"
66.249.70.69 - - [16/Aug/2026:08:33:44 +0200] "GET /shop/customer/bookmark.php?items/Z16021084016/ HTTP/1.1" 500 - "-" "Mozilla/5.0 (compatible; Googlebot/2.1; +http://www.google.com/bot.html)"
66.249.70.67 - - [16/Aug/2026:08:34:29 +0200] "GET /shop/customer/bookmark.php?items/U16063231158/ HTTP/1.1" 500 - "-" "Mozilla/5.0 (compatible; Googlebot/2.1; +http://www.google.com/bot.html)"
66.249.70.69 - - [16/Aug/2026:08:35:33 +0200] "GET /shop/customer/bookmark.php?items/T1601929021/ HTTP/1.1" 500 - "-" "Mozilla/5.0 (Linux; Android 6.0.1; Nexus 5X Build/MMB29P) AppleWebKit/537.36 (KHTML, like Gecko) Chrome/150.0.7871.186 Mobile Safari/537.36 (compatible; Googlebot/2.1; +http://www.google.com/bot.html)"
66.249.70.69 - - [16/Aug/2026:08:36:06 +0200] "GET /shop/customer/bookmark.php?items/Y1600430129/ HTTP/1.1" 500 - "-" "Mozilla/5.0 (compatible; Googlebot/2.1; +http://www.google.com/bot.html)"
66.249.70.67 - - [16/Aug/2026:08:36:31 +0200] "GET /shop/customer/bookmark.php?items/G16042215729/ HTTP/1.1" 500 - "-" "Mozilla/5.0 (Linux; Android 6.0.1; Nexus 5X Build/MMB29P) AppleWebKit/537.36 (KHTML, like Gecko) Chrome/150.0.7871.186 Mobile Safari/537.36 (compatible; Googlebot/2.1; +http://www.google.com/bot.html)"
66.249.70.67 - - [16/Aug/2026:08:37:35 +0200] "GET /shop/customer/bookmark.php?items/Y16052655629/ HTTP/1.1" 500 - "-" "Mozilla/5.0 (Linux; Android 6.0.1; Nexus 5X Build/MMB29P) AppleWebKit/537.36 (KHTML, like Gecko) Chrome/150.0.7871.186 Mobile Safari/537.36 (compatible; Googlebot/2.1; +http://www.google.com/bot.html)"
66.249.70.67 - - [16/Aug/2026:08:37:46 +0200] "GET /shop/customer/bookmark.php?items/T16063195200/ HTTP/1.1" 500 - "-" "Mozilla/5.0 (compatible; Googlebot/2.1; +http://www.google.com/bot.html)"
66.249.70.69 - - [16/Aug/2026:08:39:15 +0200] "GET /shop/customer/bookmark.php?items/B16021412343/ HTTP/1.1" 500 - "-" "Mozilla/5.0 (compatible; Googlebot/2.1; +http://www.google.com/bot.html)"
66.249.70.68 - - [16/Aug/2026:08:40:26 +0200] "GET /shop/customer/bookmark.php?items/T1600346025/ HTTP/1.1" 500 - "-" "Mozilla/5.0 (compatible; Googlebot/2.1; +http://www.google.com/bot.html)"
66.249.70.67 - - [16/Aug/2026:08:40:38 +0200] "GET /shop/customer/bookmark.php?items/T16052507365/ HTTP/1.1" 500 - "-" "Mozilla/5.0 (Linux; Android 6.0.1; Nexus 5X Build/MMB29P) AppleWebKit/537.36 (KHTML, like Gecko) Chrome/150.0.7871.186 Mobile Safari/537.36 (compatible; Googlebot/2.1; +http://www.google.com/bot.html)"
66.249.70.68 - - [16/Aug/2026:08:41:02 +0200] "GET /shop/detail/H170110685005/ HTTP/1.1" 500 - "-" "Mozilla/5.0 (Linux; Android 6.0.1; Nexus 5X Build/MMB29P) AppleWebKit/537.36 (KHTML, like Gecko) Chrome/150.0.7871.186 Mobile Safari/537.36 (compatible; Googlebot/2.1; +http://www.google.com/bot.html)"
66.249.70.68 - - [16/Aug/2026:08:41:33 +0200] "GET /shop/customer/bookmark.php?items/L16021226246/ HTTP/1.1" 500 - "-" "Mozilla/5.0 (Linux; Android 6.0.1; Nexus 5X Build/MMB29P) AppleWebKit/537.36 (KHTML, like Gecko) Chrome/150.0.7871.186 Mobile Safari/537.36 (compatible; Googlebot/2.1; +http://www.google.com/bot.html)"
66.249.70.67 - - [16/Aug/2026:08:42:26 +0200] "GET /shop/customer/bookmark.php?items/T1601739735/ HTTP/1.1" 500 - "-" "Mozilla/5.0 (Linux; Android 6.0.1; Nexus 5X Build/MMB29P) AppleWebKit/537.36 (KHTML, like Gecko) Chrome/150.0.7871.186 Mobile Safari/537.36 (compatible; Googlebot/2.1; +http://www.google.com/bot.html)"
66.249.70.68 - - [16/Aug/2026:08:43:12 +0200] "GET /shop/customer/bookmark.php?items/B16062960882/ HTTP/1.1" 500 - "-" "Mozilla/5.0 (compatible; Googlebot/2.1; +http://www.google.com/bot.html)"
66.249.70.67 - - [16/Aug/2026:08:45:13 +0200] "GET /shop/customer/bookmark.php?items/K16021106866/ HTTP/1.1" 500 - "-" "Mozilla/5.0 (Linux; Android 6.0.1; Nexus 5X Build/MMB29P) AppleWebKit/537.36 (KHTML, like Gecko) Chrome/150.0.7871.186 Mobile Safari/537.36 (compatible; Googlebot/2.1; +http://www.google.com/bot.html)"
66.249.70.67 - - [16/Aug/2026:08:45:49 +0200] "GET /shop/customer/bookmark.php?items/H16062943379/ HTTP/1.1" 500 - "-" "Mozilla/5.0 (compatible; Googlebot/2.1; +http://www.google.com/bot.html)"
66.249.70.69 - - [16/Aug/2026:08:46:04 +0200] "GET /shop/customer/bookmark.php?items/P16062769401/ HTTP/1.1" 500 - "-" "Mozilla/5.0 (Linux; Android 6.0.1; Nexus 5X Build/MMB29P) AppleWebKit/537.36 (KHTML, like Gecko) Chrome/150.0.7871.186 Mobile Safari/537.36 (compatible; Googlebot/2.1; +http://www.google.com/bot.html)"
66.249.70.69 - - [16/Aug/2026:08:47:25 +0200] "GET /shop/pg/2774538 HTTP/1.1" 500 - "-" "Mozilla/5.0 (compatible; Googlebot/2.1; +http://www.google.com/bot.html)"
66.249.70.68 - - [16/Aug/2026:08:47:39 +0200] "GET /shop/customer/bookmark.php?items/F1601833839/ HTTP/1.1" 500 - "-" "Mozilla/5.0 (Linux; Android 6.0.1; Nexus 5X Build/MMB29P) AppleWebKit/537.36 (KHTML, like Gecko) Chrome/150.0.7871.186 Mobile Safari/537.36 (compatible; Googlebot/2.1; +http://www.google.com/bot.html)"
66.249.70.67 - - [16/Aug/2026:08:47:51 +0200] "GET /shop/customer/bookmark.php?items/N16021109041/ HTTP/1.1" 500 - "-" "Mozilla/5.0 (Linux; Android 6.0.1; Nexus 5X Build/MMB29P) AppleWebKit/537.36 (KHTML, like Gecko) Chrome/150.0.7871.186 Mobile Safari/537.36 (compatible; Googlebot/2.1; +http://www.google.com/bot.html)"
66.249.70.67 - - [16/Aug/2026:08:48:43 +0200] "GET /shop/customer/bookmark.php?items/V1601802474/ HTTP/1.1" 500 - "-" "Mozilla/5.0 (compatible; Googlebot/2.1; +http://www.google.com/bot.html)"
66.249.70.67 - - [16/Aug/2026:08:49:26 +0200] "GET /shop/customer/bookmark.php?items/Q16052565326/ HTTP/1.1" 500 - "-" "Mozilla/5.0 (compatible; Googlebot/2.1; +http://www.google.com/bot.html)"
66.249.70.69 - - [16/Aug/2026:08:50:30 +0200] "GET /shop/customer/bookmark.php?items/U16021246731/ HTTP/1.1" 500 - "-" "Mozilla/5.0 (Linux; Android 6.0.1; Nexus 5X Build/MMB29P) AppleWebKit/537.36 (KHTML, like Gecko) Chrome/150.0.7871.186 Mobile Safari/537.36 (compatible; Googlebot/2.1; +http://www.google.com/bot.html)"
66.249.70.67 - - [16/Aug/2026:08:51:46 +0200] "GET /shop/customer/bookmark.php?items/N16021109041/ HTTP/1.1" 500 - "-" "Mozilla/5.0 (Linux; Android 6.0.1; Nexus 5X Build/MMB29P) AppleWebKit/537.36 (KHTML, like Gecko) Chrome/150.0.7871.186 Mobile Safari/537.36 (compatible; Googlebot/2.1; +http://www.google.com/bot.html)"
66.249.70.67 - - [16/Aug/2026:08:52:44 +0200] "GET /shop/customer/bookmark.php?items/H16021266488/ HTTP/1.1" 500 - "-" "Mozilla/5.0 (Linux; Android 6.0.1; Nexus 5X Build/MMB29P) AppleWebKit/537.36 (KHTML, like Gecko) Chrome/150.0.7871.186 Mobile Safari/537.36 (compatible; Googlebot/2.1; +http://www.google.com/bot.html)"
66.249.70.67 - - [16/Aug/2026:08:53:17 +0200] "GET /shop/customer/bookmark.php?items/U16021444119/ HTTP/1.1" 500 - "-" "Mozilla/5.0 (compatible; Googlebot/2.1; +http://www.google.com/bot.html)"
66.249.70.67 - - [16/Aug/2026:08:54:30 +0200] "GET /shop/customer/bookmark.php?items/B16031952870/ HTTP/1.1" 500 - "-" "Mozilla/5.0 (compatible; Googlebot/2.1; +http://www.google.com/bot.html)"
66.249.70.68 - - [16/Aug/2026:08:55:32 +0200] "GET /shop/customer/bookmark.php?items/Q1601922884/ HTTP/1.1" 500 - "-" "Mozilla/5.0 (compatible; Googlebot/2.1; +http://www.google.com/bot.html)"
66.249.70.69 - - [16/Aug/2026:08:56:21 +0200] "GET /shop/customer/bookmark.php?items/V16021318616/ HTTP/1.1" 500 - "-" "Mozilla/5.0 (Linux; Android 6.0.1; Nexus 5X Build/MMB29P) AppleWebKit/537.36 (KHTML, like Gecko) Chrome/150.0.7871.186 Mobile Safari/537.36 (compatible; Googlebot/2.1; +http://www.google.com/bot.html)"
43.135.148.92 - - [16/Aug/2026:08:56:23 +0200] "GET / HTTP/1.1" 500 - "-" "Mozilla/5.0 (iPhone; CPU iPhone OS 13_2_3 like Mac OS X) AppleWebKit/605.1.15 (KHTML, like Gecko) Version/13.0.3 Mobile/15E148 Safari/604.1"
66.249.70.67 - - [16/Aug/2026:08:57:02 +0200] "GET /shop/customer/bookmark.php?items/T1600134930/ HTTP/1.1" 500 - "-" "Mozilla/5.0 (Linux; Android 6.0.1; Nexus 5X Build/MMB29P) AppleWebKit/537.36 (KHTML, like Gecko) Chrome/150.0.7871.186 Mobile Safari/537.36 (compatible; Googlebot/2.1; +http://www.google.com/bot.html)"
66.249.70.69 - - [16/Aug/2026:08:58:45 +0200] "GET /shop/customer/bookmark.php?items/A1601923795/ HTTP/1.1" 500 - "-" "Mozilla/5.0 (compatible; Googlebot/2.1; +http://www.google.com/bot.html)"
123.207.65.62 - - [16/Aug/2026:08:59:13 +0200] "GET / HTTP/1.1" 500 - "-" "Mozilla/5.0 (iPhone; CPU iPhone OS 13_2_3 like Mac OS X) AppleWebKit/605.1.15 (KHTML, like Gecko) Version/13.0.3 Mobile/15E148 Safari/604.1"
66.249.70.69 - - [16/Aug/2026:08:59:18 +0200] "GET /shop/customer/bookmark.php?items/A1601811203/ HTTP/1.1" 500 - "-" "Mozilla/5.0 (Linux; Android 6.0.1; Nexus 5X Build/MMB29P) AppleWebKit/537.36 (KHTML, like Gecko) Chrome/150.0.7871.186 Mobile Safari/537.36 (compatible; Googlebot/2.1; +http://www.google.com/bot.html)"
66.249.70.67 - - [16/Aug/2026:08:59:31 +0200] "GET /shop/customer/bookmark.php?items/D16021413460/ HTTP/1.1" 500 - "-" "Mozilla/5.0 (compatible; Googlebot/2.1; +http://www.google.com/bot.html)"
66.249.70.69 - - [16/Aug/2026:09:00:24 +0200] "GET /shop/customer/bookmark.php?items/G16021150723/ HTTP/1.1" 500 - "-" "Mozilla/5.0 (compatible; Googlebot/2.1; +http://www.google.com/bot.html)"
66.249.70.69 - - [16/Aug/2026:09:01:08 +0200] "GET /shop/customer/bookmark.php?items/P16021223695/ HTTP/1.1" 500 - "-" "Mozilla/5.0 (Linux; Android 6.0.1; Nexus 5X Build/MMB29P) AppleWebKit/537.36 (KHTML, like Gecko) Chrome/150.0.7871.186 Mobile Safari/537.36 (compatible; Googlebot/2.1; +http://www.google.com/bot.html)"
66.249.70.68 - - [16/Aug/2026:09:01:36 +0200] "GET /shop/detail/A16989154502/ HTTP/1.1" 500 - "-" "Mozilla/5.0 (Linux; Android 6.0.1; Nexus 5X Build/MMB29P) AppleWebKit/537.36 (KHTML, like Gecko) Chrome/150.0.7871.186 Mobile Safari/537.36 (compatible; Googlebot/2.1; +http://www.google.com/bot.html)"
66.249.70.67 - - [16/Aug/2026:09:01:49 +0200] "GET /shop/customer/bookmark.php?items/S16031657086/ HTTP/1.1" 500 - "-" "Mozilla/5.0 (Linux; Android 6.0.1; Nexus 5X Build/MMB29P) AppleWebKit/537.36 (KHTML, like Gecko) Chrome/150.0.7871.186 Mobile Safari/537.36 (compatible; Googlebot/2.1; +http://www.google.com/bot.html)"
66.249.70.67 - - [16/Aug/2026:09:02:36 +0200] "GET /shop/customer/bookmark.php?items/E1600405416/ HTTP/1.1" 500 - "-" "Mozilla/5.0 (Linux; Android 6.0.1; Nexus 5X Build/MMB29P) AppleWebKit/537.36 (KHTML, like Gecko) Chrome/150.0.7871.186 Mobile Safari/537.36 (compatible; Googlebot/2.1; +http://www.google.com/bot.html)"
66.249.70.67 - - [16/Aug/2026:09:02:49 +0200] "GET /shop/customer/bookmark.php?items/N1600240654/ HTTP/1.1" 500 - "-" "Mozilla/5.0 (compatible; Googlebot/2.1; +http://www.google.com/bot.html)"
66.249.70.68 - - [16/Aug/2026:09:03:22 +0200] "GET /shop/customer/bookmark.php?items/Y16062887062/ HTTP/1.1" 500 - "-" "Mozilla/5.0 (compatible; Googlebot/2.1; +http://www.google.com/bot.html)"
66.249.70.67 - - [16/Aug/2026:09:04:32 +0200] "GET /shop/customer/bookmark.php?items/N16021291402/ HTTP/1.1" 500 - "-" "Mozilla/5.0 (compatible; Googlebot/2.1; +http://www.google.com/bot.html)"
66.249.70.67 - - [16/Aug/2026:09:04:50 +0200] "GET /shop/customer/bookmark.php?items/M16042105858/ HTTP/1.1" 500 - "-" "Mozilla/5.0 (compatible; Googlebot/2.1; +http://www.google.com/bot.html)"
66.249.70.67 - - [16/Aug/2026:09:05:40 +0200] "GET /shop/customer/bookmark.php?items/M16042105858/ HTTP/1.1" 500 - "-" "Mozilla/5.0 (Linux; Android 6.0.1; Nexus 5X Build/MMB29P) AppleWebKit/537.36 (KHTML, like Gecko) Chrome/150.0.7871.186 Mobile Safari/537.36 (compatible; Googlebot/2.1; +http://www.google.com/bot.html)"
66.249.70.69 - - [16/Aug/2026:09:06:24 +0200] "GET /shop/customer/bookmark.php?items/B16052568402/ HTTP/1.1" 500 - "-" "Mozilla/5.0 (compatible; Googlebot/2.1; +http://www.google.com/bot.html)"
66.249.70.67 - - [16/Aug/2026:09:06:36 +0200] "GET /shop/customer/bookmark.php?items/X16062986736/ HTTP/1.1" 500 - "-" "Mozilla/5.0 (Linux; Android 6.0.1; Nexus 5X Build/MMB29P) AppleWebKit/537.36 (KHTML, like Gecko) Chrome/150.0.7871.186 Mobile Safari/537.36 (compatible; Googlebot/2.1; +http://www.google.com/bot.html)"
66.249.70.69 - - [16/Aug/2026:09:07:21 +0200] "GET /shop/customer/bookmark.php?items/I16062799326/ HTTP/1.1" 500 - "-" "Mozilla/5.0 (Linux; Android 6.0.1; Nexus 5X Build/MMB29P) AppleWebKit/537.36 (KHTML, like Gecko) Chrome/150.0.7871.186 Mobile Safari/537.36 (compatible; Googlebot/2.1; +http://www.google.com/bot.html)"
66.249.70.67 - - [16/Aug/2026:09:08:05 +0200] "GET /shop/customer/bookmark.php?items/V16052683885/ HTTP/1.1" 500 - "-" "Mozilla/5.0 (Linux; Android 6.0.1; Nexus 5X Build/MMB29P) AppleWebKit/537.36 (KHTML, like Gecko) Chrome/150.0.7871.186 Mobile Safari/537.36 (compatible; Googlebot/2.1; +http://www.google.com/bot.html)"
66.249.70.68 - - [16/Aug/2026:09:08:40 +0200] "GET /shop/customer/bookmark.php?items/N1601999461/ HTTP/1.1" 500 - "-" "Mozilla/5.0 (Linux; Android 6.0.1; Nexus 5X Build/MMB29P) AppleWebKit/537.36 (KHTML, like Gecko) Chrome/150.0.7871.186 Mobile Safari/537.36 (compatible; Googlebot/2.1; +http://www.google.com/bot.html)"
66.249.70.67 - - [16/Aug/2026:09:09:37 +0200] "GET /shop/customer/bookmark.php?items/R1601894971/ HTTP/1.1" 500 - "-" "Mozilla/5.0 (Linux; Android 6.0.1; Nexus 5X Build/MMB29P) AppleWebKit/537.36 (KHTML, like Gecko) Chrome/150.0.7871.186 Mobile Safari/537.36 (compatible; Googlebot/2.1; +http://www.google.com/bot.html)"
66.249.70.68 - - [16/Aug/2026:09:09:48 +0200] "GET /shop/customer/bookmark.php?items/F1601907619/ HTTP/1.1" 500 - "-" "Mozilla/5.0 (compatible; Googlebot/2.1; +http://www.google.com/bot.html)"
66.249.70.67 - - [16/Aug/2026:09:10:18 +0200] "GET /shop/customer/bookmark.php?items/O16021248121/ HTTP/1.1" 500 - "-" "Mozilla/5.0 (compatible; Googlebot/2.1; +http://www.google.com/bot.html)"
66.249.70.68 - - [16/Aug/2026:09:10:29 +0200] "GET /shop/customer/bookmark.php?items/Z1601532940/ HTTP/1.1" 500 - "-" "Mozilla/5.0 (Linux; Android 6.0.1; Nexus 5X Build/MMB29P) AppleWebKit/537.36 (KHTML, like Gecko) Chrome/150.0.7871.186 Mobile Safari/537.36 (compatible; Googlebot/2.1; +http://www.google.com/bot.html)"
66.249.70.67 - - [16/Aug/2026:09:10:38 +0200] "GET /shop/customer/bookmark.php?items/S1601540957/ HTTP/1.1" 500 - "-" "Mozilla/5.0 (Linux; Android 6.0.1; Nexus 5X Build/MMB29P) AppleWebKit/537.36 (KHTML, like Gecko) Chrome/150.0.7871.186 Mobile Safari/537.36 (compatible; Googlebot/2.1; +http://www.google.com/bot.html)"
66.249.70.69 - - [16/Aug/2026:09:11:57 +0200] "GET /shop/customer/bookmark.php?items/R16062836307/ HTTP/1.1" 500 - "-" "Mozilla/5.0 (Linux; Android 6.0.1; Nexus 5X Build/MMB29P) AppleWebKit/537.36 (KHTML, like Gecko) Chrome/150.0.7871.186 Mobile Safari/537.36 (compatible; Googlebot/2.1; +http://www.google.com/bot.html)"
66.249.70.68 - - [16/Aug/2026:09:12:49 +0200] "GET /shop/customer/bookmark.php?items/J1601565172/ HTTP/1.1" 500 - "-" "Mozilla/5.0 (Linux; Android 6.0.1; Nexus 5X Build/MMB29P) AppleWebKit/537.36 (KHTML, like Gecko) Chrome/150.0.7871.186 Mobile Safari/537.36 (compatible; Googlebot/2.1; +http://www.google.com/bot.html)"
66.249.70.67 - - [16/Aug/2026:09:13:39 +0200] "GET /shop/customer/bookmark.php?items/J16042018613/ HTTP/1.1" 500 - "-" "Mozilla/5.0 (Linux; Android 6.0.1; Nexus 5X Build/MMB29P) AppleWebKit/537.36 (KHTML, like Gecko) Chrome/150.0.7871.186 Mobile Safari/537.36 (compatible; Googlebot/2.1; +http://www.google.com/bot.html)"
66.249.70.69 - - [16/Aug/2026:09:14:24 +0200] "GET /shop/customer/bookmark.php?items/E160058862/ HTTP/1.1" 500 - "-" "Mozilla/5.0 (Linux; Android 6.0.1; Nexus 5X Build/MMB29P) AppleWebKit/537.36 (KHTML, like Gecko) Chrome/150.0.7871.186 Mobile Safari/537.36 (compatible; Googlebot/2.1; +http://www.google.com/bot.html)"
66.249.70.67 - - [16/Aug/2026:09:15:12 +0200] "GET /shop/customer/bookmark.php?items/Z1601936843/ HTTP/1.1" 500 - "-" "Mozilla/5.0 (Linux; Android 6.0.1; Nexus 5X Build/MMB29P) AppleWebKit/537.36 (KHTML, like Gecko) Chrome/150.0.7871.186 Mobile Safari/537.36 (compatible; Googlebot/2.1; +http://www.google.com/bot.html)"
66.249.70.68 - - [16/Aug/2026:09:16:21 +0200] "GET /shop/customer/bookmark.php?shop/detail/Z16936634470/ HTTP/1.1" 500 - "-" "Mozilla/5.0 (Linux; Android 6.0.1; Nexus 5X Build/MMB29P) AppleWebKit/537.36 (KHTML, like Gecko) Chrome/150.0.7871.186 Mobile Safari/537.36 (compatible; Googlebot/2.1; +http://www.google.com/bot.html)"
66.249.70.67 - - [16/Aug/2026:09:16:32 +0200] "GET /shop/customer/bookmark.php?items/V16042102330/ HTTP/1.1" 500 - "-" "Mozilla/5.0 (Linux; Android 6.0.1; Nexus 5X Build/MMB29P) AppleWebKit/537.36 (KHTML, like Gecko) Chrome/150.0.7871.186 Mobile Safari/537.36 (compatible; Googlebot/2.1; +http://www.google.com/bot.html)"
66.249.70.67 - - [16/Aug/2026:09:17:16 +0200] "GET /shop/customer/bookmark.php?items/G16021153427/ HTTP/1.1" 500 - "-" "Mozilla/5.0 (Linux; Android 6.0.1; Nexus 5X Build/MMB29P) AppleWebKit/537.36 (KHTML, like Gecko) Chrome/150.0.7871.186 Mobile Safari/537.36 (compatible; Googlebot/2.1; +http://www.google.com/bot.html)"
66.249.70.67 - - [16/Aug/2026:09:18:14 +0200] "GET /shop/customer/bookmark.php?items/B16063023570/ HTTP/1.1" 500 - "-" "Mozilla/5.0 (Linux; Android 6.0.1; Nexus 5X Build/MMB29P) AppleWebKit/537.36 (KHTML, like Gecko) Chrome/150.0.7871.186 Mobile Safari/537.36 (compatible; Googlebot/2.1; +http://www.google.com/bot.html)"
66.249.70.68 - - [16/Aug/2026:09:19:00 +0200] "GET /shop/customer/bookmark.php?items/D16042065859/ HTTP/1.1" 500 - "-" "Mozilla/5.0 (compatible; Googlebot/2.1; +http://www.google.com/bot.html)"
66.249.70.68 - - [16/Aug/2026:09:20:06 +0200] "GET /shop/customer/bookmark.php?items/D16052583851/ HTTP/1.1" 500 - "-" "Mozilla/5.0 (compatible; Googlebot/2.1; +http://www.google.com/bot.html)"
66.249.70.69 - - [16/Aug/2026:09:21:08 +0200] "GET /shop/customer/bookmark.php?items/H16063110999/ HTTP/1.1" 500 - "-" "Mozilla/5.0 (compatible; Googlebot/2.1; +http://www.google.com/bot.html)"
66.249.70.68 - - [16/Aug/2026:09:21:51 +0200] "GET /shop/customer/bookmark.php?items/Z1601717383/ HTTP/1.1" 500 - "-" "Mozilla/5.0 (Linux; Android 6.0.1; Nexus 5X Build/MMB29P) AppleWebKit/537.36 (KHTML, like Gecko) Chrome/150.0.7871.186 Mobile Safari/537.36 (compatible; Googlebot/2.1; +http://www.google.com/bot.html)"
66.249.70.67 - - [16/Aug/2026:09:22:30 +0200] "GET /shop/customer/bookmark.php?items/W160018366/ HTTP/1.1" 500 - "-" "Mozilla/5.0 (compatible; Googlebot/2.1; +http://www.google.com/bot.html)"
66.249.70.67 - - [16/Aug/2026:09:22:41 +0200] "GET /shop/customer/bookmark.php?items/B16042285440/ HTTP/1.1" 500 - "-" "Mozilla/5.0 (Linux; Android 6.0.1; Nexus 5X Build/MMB29P) AppleWebKit/537.36 (KHTML, like Gecko) Chrome/150.0.7871.186 Mobile Safari/537.36 (compatible; Googlebot/2.1; +http://www.google.com/bot.html)"
66.249.70.69 - - [16/Aug/2026:09:23:02 +0200] "GET /shop/customer/bookmark.php?items/A16021092457/ HTTP/1.1" 500 - "-" "Mozilla/5.0 (compatible; Googlebot/2.1; +http://www.google.com/bot.html)"
66.249.70.67 - - [16/Aug/2026:09:23:46 +0200] "GET /shop/customer/bookmark.php?items/S1600431166/ HTTP/1.1" 500 - "-" "Mozilla/5.0 (compatible; Googlebot/2.1; +http://www.google.com/bot.html)"
66.249.70.67 - - [16/Aug/2026:09:24:33 +0200] "GET /shop/customer/bookmark.php?items/V1600242582/ HTTP/1.1" 500 - "-" "Mozilla/5.0 (compatible; Googlebot/2.1; +http://www.google.com/bot.html)"
66.249.70.68 - - [16/Aug/2026:09:25:14 +0200] "GET /shop/customer/bookmark.php?items/O16042193221/ HTTP/1.1" 500 - "-" "Mozilla/5.0 (compatible; Googlebot/2.1; +http://www.google.com/bot.html)"
66.249.70.67 - - [16/Aug/2026:09:25:56 +0200] "GET /shop/customer/bookmark.php?items/T1601977681/ HTTP/1.1" 500 - "-" "Mozilla/5.0 (Linux; Android 6.0.1; Nexus 5X Build/MMB29P) AppleWebKit/537.36 (KHTML, like Gecko) Chrome/150.0.7871.186 Mobile Safari/537.36 (compatible; Googlebot/2.1; +http://www.google.com/bot.html)"
66.249.70.67 - - [16/Aug/2026:09:26:49 +0200] "GET /shop/customer/bookmark.php?items/V1600242582/ HTTP/1.1" 500 - "-" "Mozilla/5.0 (compatible; Googlebot/2.1; +http://www.google.com/bot.html)"
66.249.70.68 - - [16/Aug/2026:09:27:10 +0200] "GET /shop/customer/bookmark.php?items/R1600258391/ HTTP/1.1" 500 - "-" "Mozilla/5.0 (compatible; Googlebot/2.1; +http://www.google.com/bot.html)"
66.249.70.67 - - [16/Aug/2026:09:27:39 +0200] "GET /shop/customer/bookmark.php?items/E1600324599/ HTTP/1.1" 500 - "-" "Mozilla/5.0 (Linux; Android 6.0.1; Nexus 5X Build/MMB29P) AppleWebKit/537.36 (KHTML, like Gecko) Chrome/150.0.7871.186 Mobile Safari/537.36 (compatible; Googlebot/2.1; +http://www.google.com/bot.html)"
66.249.70.67 - - [16/Aug/2026:09:27:49 +0200] "GET /shop/customer/bookmark.php?items/L16021327706/ HTTP/1.1" 500 - "-" "Mozilla/5.0 (compatible; Googlebot/2.1; +http://www.google.com/bot.html)"
66.249.70.68 - - [16/Aug/2026:09:28:07 +0200] "GET /shop/customer/bookmark.php?items/K1601860888/ HTTP/1.1" 500 - "-" "Mozilla/5.0 (compatible; Googlebot/2.1; +http://www.google.com/bot.html)"
66.249.70.68 - - [16/Aug/2026:09:29:14 +0200] "GET /shop/customer/bookmark.php?items/I16021481970/ HTTP/1.1" 500 - "-" "Mozilla/5.0 (Linux; Android 6.0.1; Nexus 5X Build/MMB29P) AppleWebKit/537.36 (KHTML, like Gecko) Chrome/150.0.7871.186 Mobile Safari/537.36 (compatible; Googlebot/2.1; +http://www.google.com/bot.html)"
66.249.70.67 - - [16/Aug/2026:09:29:40 +0200] "GET /shop/customer/bookmark.php?items/V16042418324/ HTTP/1.1" 500 - "-" "Mozilla/5.0 (Linux; Android 6.0.1; Nexus 5X Build/MMB29P) AppleWebKit/537.36 (KHTML, like Gecko) Chrome/150.0.7871.186 Mobile Safari/537.36 (compatible; Googlebot/2.1; +http://www.google.com/bot.html)"
66.249.70.67 - - [16/Aug/2026:09:29:52 +0200] "GET /shop/customer/bookmark.php?items/O1601631064/ HTTP/1.1" 500 - "-" "Mozilla/5.0 (Linux; Android 6.0.1; Nexus 5X Build/MMB29P) AppleWebKit/537.36 (KHTML, like Gecko) Chrome/150.0.7871.186 Mobile Safari/537.36 (compatible; Googlebot/2.1; +http://www.google.com/bot.html)"
66.249.70.67 - - [16/Aug/2026:09:30:55 +0200] "GET /shop/customer/bookmark.php?items/K16063157512/ HTTP/1.1" 500 - "-" "Mozilla/5.0 (compatible; Googlebot/2.1; +http://www.google.com/bot.html)"
66.249.70.67 - - [16/Aug/2026:09:31:07 +0200] "GET /shop/customer/bookmark.php?items/A160071585/ HTTP/1.1" 500 - "-" "Mozilla/5.0 (Linux; Android 6.0.1; Nexus 5X Build/MMB29P) AppleWebKit/537.36 (KHTML, like Gecko) Chrome/150.0.7871.186 Mobile Safari/537.36 (compatible; Googlebot/2.1; +http://www.google.com/bot.html)"
66.249.70.68 - - [16/Aug/2026:09:32:18 +0200] "GET /shop/customer/bookmark.php?items/A160071585/ HTTP/1.1" 500 - "-" "Mozilla/5.0 (compatible; Googlebot/2.1; +http://www.google.com/bot.html)"
66.249.70.68 - - [16/Aug/2026:09:32:35 +0200] "GET /shop/customer/bookmark.php?items/U16021378306/ HTTP/1.1" 500 - "-" "Mozilla/5.0 (Linux; Android 6.0.1; Nexus 5X Build/MMB29P) AppleWebKit/537.36 (KHTML, like Gecko) Chrome/150.0.7871.186 Mobile Safari/537.36 (compatible; Googlebot/2.1; +http://www.google.com/bot.html)"
66.249.70.67 - - [16/Aug/2026:09:32:50 +0200] "GET /shop/customer/bookmark.php?items/N16042494578/ HTTP/1.1" 500 - "-" "Mozilla/5.0 (compatible; Googlebot/2.1; +http://www.google.com/bot.html)"
66.249.70.67 - - [16/Aug/2026:09:33:37 +0200] "GET /shop/customer/bookmark.php?items/Y1601593635/ HTTP/1.1" 500 - "-" "Mozilla/5.0 (Linux; Android 6.0.1; Nexus 5X Build/MMB29P) AppleWebKit/537.36 (KHTML, like Gecko) Chrome/150.0.7871.186 Mobile Safari/537.36 (compatible; Googlebot/2.1; +http://www.google.com/bot.html)"
66.249.70.67 - - [16/Aug/2026:09:34:27 +0200] "GET /shop/customer/bookmark.php?items/E16042255931/ HTTP/1.1" 500 - "-" "Mozilla/5.0 (Linux; Android 6.0.1; Nexus 5X Build/MMB29P) AppleWebKit/537.36 (KHTML, like Gecko) Chrome/150.0.7871.186 Mobile Safari/537.36 (compatible; Googlebot/2.1; +http://www.google.com/bot.html)"
66.249.70.68 - - [16/Aug/2026:09:34:41 +0200] "GET /shop/customer/bookmark.php?items/Z16042274449/ HTTP/1.1" 500 - "-" "Mozilla/5.0 (Linux; Android 6.0.1; Nexus 5X Build/MMB29P) AppleWebKit/537.36 (KHTML, like Gecko) Chrome/150.0.7871.186 Mobile Safari/537.36 (compatible; Googlebot/2.1; +http://www.google.com/bot.html)"
66.249.70.69 - - [16/Aug/2026:09:36:04 +0200] "GET /shop/customer/bookmark.php?items/I1600381141/ HTTP/1.1" 500 - "-" "Mozilla/5.0 (Linux; Android 6.0.1; Nexus 5X Build/MMB29P) AppleWebKit/537.36 (KHTML, like Gecko) Chrome/150.0.7871.186 Mobile Safari/537.36 (compatible; Googlebot/2.1; +http://www.google.com/bot.html)"
66.249.70.68 - - [16/Aug/2026:09:36:17 +0200] "GET /shop/customer/bookmark.php?items/Z16052516767/ HTTP/1.1" 500 - "-" "Mozilla/5.0 (compatible; Googlebot/2.1; +http://www.google.com/bot.html)"
66.249.70.67 - - [16/Aug/2026:09:36:50 +0200] "GET /shop/customer/bookmark.php?items/X1601583562/ HTTP/1.1" 500 - "-" "Mozilla/5.0 (compatible; Googlebot/2.1; +http://www.google.com/bot.html)"
66.249.70.69 - - [16/Aug/2026:09:37:16 +0200] "GET /shop/customer/bookmark.php?items/S1600483695/ HTTP/1.1" 500 - "-" "Mozilla/5.0 (compatible; Googlebot/2.1; +http://www.google.com/bot.html)"
66.249.70.69 - - [16/Aug/2026:09:37:19 +0200] "GET /shop/customer/bookmark.php?items/B16062998427/ HTTP/1.1" 500 - "-" "Mozilla/5.0 (compatible; Googlebot/2.1; +http://www.google.com/bot.html)"
66.249.70.68 - - [16/Aug/2026:09:37:27 +0200] "GET /shop/customer/bookmark.php?items/Y1600254919/ HTTP/1.1" 500 - "-" "Mozilla/5.0 (Linux; Android 6.0.1; Nexus 5X Build/MMB29P) AppleWebKit/537.36 (KHTML, like Gecko) Chrome/150.0.7871.186 Mobile Safari/537.36 (compatible; Googlebot/2.1; +http://www.google.com/bot.html)"
66.249.70.68 - - [16/Aug/2026:09:37:56 +0200] "GET /shop/customer/bookmark.php?items/K16052527388/ HTTP/1.1" 500 - "-" "Mozilla/5.0 (Linux; Android 6.0.1; Nexus 5X Build/MMB29P) AppleWebKit/537.36 (KHTML, like Gecko) Chrome/150.0.7871.186 Mobile Safari/537.36 (compatible; Googlebot/2.1; +http://www.google.com/bot.html)"
66.249.70.67 - - [16/Aug/2026:09:38:34 +0200] "GET /shop/customer/bookmark.php?items/F16042488331/ HTTP/1.1" 500 - "-" "Mozilla/5.0 (compatible; Googlebot/2.1; +http://www.google.com/bot.html)"
66.249.70.67 - - [16/Aug/2026:09:39:42 +0200] "GET /shop/customer/bookmark.php?items/F16042488331/ HTTP/1.1" 500 - "-" "Mozilla/5.0 (Linux; Android 6.0.1; Nexus 5X Build/MMB29P) AppleWebKit/537.36 (KHTML, like Gecko) Chrome/150.0.7871.186 Mobile Safari/537.36 (compatible; Googlebot/2.1; +http://www.google.com/bot.html)"
51.68.107.154 - - [16/Aug/2026:09:39:53 +0200] "GET /robots.txt HTTP/1.1" 500 - "-" "Mozilla/5.0 (compatible; MJ12bot/v2.0.5; http://mj12bot.com/)"
66.249.70.69 - - [16/Aug/2026:09:40:33 +0200] "GET /shop/customer/bookmark.php?items/V16063064656/ HTTP/1.1" 500 - "-" "Mozilla/5.0 (Linux; Android 6.0.1; Nexus 5X Build/MMB29P) AppleWebKit/537.36 (KHTML, like Gecko) Chrome/150.0.7871.186 Mobile Safari/537.36 (compatible; Googlebot/2.1; +http://www.google.com/bot.html)"
66.249.70.68 - - [16/Aug/2026:09:40:45 +0200] "GET /shop/customer/bookmark.php?items/H1601852112/ HTTP/1.1" 500 - "-" "Mozilla/5.0 (Linux; Android 6.0.1; Nexus 5X Build/MMB29P) AppleWebKit/537.36 (KHTML, like Gecko) Chrome/150.0.7871.186 Mobile Safari/537.36 (compatible; Googlebot/2.1; +http://www.google.com/bot.html)"
66.249.70.69 - - [16/Aug/2026:09:41:38 +0200] "GET /shop/customer/bookmark.php?items/W16021170335/ HTTP/1.1" 500 - "-" "Mozilla/5.0 (compatible; Googlebot/2.1; +http://www.google.com/bot.html)"
66.249.70.68 - - [16/Aug/2026:09:42:20 +0200] "GET /shop/customer/bookmark.php?items/H1601852112/ HTTP/1.1" 500 - "-" "Mozilla/5.0 (compatible; Googlebot/2.1; +http://www.google.com/bot.html)"
66.249.70.67 - - [16/Aug/2026:09:42:49 +0200] "GET /shop/customer/bookmark.php?items/B16063151086/ HTTP/1.1" 500 - "-" "Mozilla/5.0 (compatible; Googlebot/2.1; +http://www.google.com/bot.html)"
66.249.70.69 - - [16/Aug/2026:09:43:25 +0200] "GET /shop/customer/bookmark.php?items/A1600191865/ HTTP/1.1" 500 - "-" "Mozilla/5.0 (Linux; Android 6.0.1; Nexus 5X Build/MMB29P) AppleWebKit/537.36 (KHTML, like Gecko) Chrome/150.0.7871.186 Mobile Safari/537.36 (compatible; Googlebot/2.1; +http://www.google.com/bot.html)"
66.249.70.69 - - [16/Aug/2026:09:43:34 +0200] "GET /shop/customer/bookmark.php?items/M1601882233/ HTTP/1.1" 500 - "-" "Mozilla/5.0 (compatible; Googlebot/2.1; +http://www.google.com/bot.html)"
66.249.70.67 - - [16/Aug/2026:09:44:24 +0200] "GET /shop/customer/bookmark.php?items/X1601733398/ HTTP/1.1" 500 - "-" "Mozilla/5.0 (compatible; Googlebot/2.1; +http://www.google.com/bot.html)"
66.249.70.67 - - [16/Aug/2026:09:45:29 +0200] "GET /shop/customer/bookmark.php?items/X1601733398/ HTTP/1.1" 500 - "-" "Mozilla/5.0 (Linux; Android 6.0.1; Nexus 5X Build/MMB29P) AppleWebKit/537.36 (KHTML, like Gecko) Chrome/150.0.7871.186 Mobile Safari/537.36 (compatible; Googlebot/2.1; +http://www.google.com/bot.html)"
66.249.70.67 - - [16/Aug/2026:09:45:40 +0200] "GET /shop/customer/bookmark.php?items/I16863072634/ HTTP/1.1" 500 - "-" "Mozilla/5.0 (Linux; Android 6.0.1; Nexus 5X Build/MMB29P) AppleWebKit/537.36 (KHTML, like Gecko) Chrome/150.0.7871.186 Mobile Safari/537.36 (compatible; Googlebot/2.1; +http://www.google.com/bot.html)"
66.249.70.68 - - [16/Aug/2026:09:46:10 +0200] "GET /shop/customer/bookmark.php?items/Y16042239584/ HTTP/1.1" 500 - "-" "Mozilla/5.0 (Linux; Android 6.0.1; Nexus 5X Build/MMB29P) AppleWebKit/537.36 (KHTML, like Gecko) Chrome/150.0.7871.186 Mobile Safari/537.36 (compatible; Googlebot/2.1; +http://www.google.com/bot.html)"
66.249.70.67 - - [16/Aug/2026:09:46:21 +0200] "GET /shop/customer/bookmark.php?items/T1601823501/ HTTP/1.1" 500 - "-" "Mozilla/5.0 (compatible; Googlebot/2.1; +http://www.google.com/bot.html)"
66.249.70.67 - - [16/Aug/2026:09:46:41 +0200] "GET /shop/customer/bookmark.php?shop/detail/E170010074699/ HTTP/1.1" 500 - "-" "Mozilla/5.0 (Linux; Android 6.0.1; Nexus 5X Build/MMB29P) AppleWebKit/537.36 (KHTML, like Gecko) Chrome/150.0.7871.186 Mobile Safari/537.36 (compatible; Googlebot/2.1; +http://www.google.com/bot.html)"
66.249.70.68 - - [16/Aug/2026:09:47:12 +0200] "GET /shop/customer/bookmark.php?items/A16042088644/ HTTP/1.1" 500 - "-" "Mozilla/5.0 (compatible; Googlebot/2.1; +http://www.google.com/bot.html)"
66.249.70.69 - - [16/Aug/2026:09:47:53 +0200] "GET /shop/customer/bookmark.php?items/A16042313040/ HTTP/1.1" 500 - "-" "Mozilla/5.0 (Linux; Android 6.0.1; Nexus 5X Build/MMB29P) AppleWebKit/537.36 (KHTML, like Gecko) Chrome/150.0.7871.186 Mobile Safari/537.36 (compatible; Googlebot/2.1; +http://www.google.com/bot.html)"
43.157.191.20 - - [16/Aug/2026:09:48:08 +0200] "GET / HTTP/1.1" 500 - "-" "Mozilla/5.0 (iPhone; CPU iPhone OS 13_2_3 like Mac OS X) AppleWebKit/605.1.15 (KHTML, like Gecko) Version/13.0.3 Mobile/15E148 Safari/604.1"
66.249.70.68 - - [16/Aug/2026:09:48:47 +0200] "GET /shop/customer/bookmark.php?items/A16062868729/ HTTP/1.1" 500 - "-" "Mozilla/5.0 (compatible; Googlebot/2.1; +http://www.google.com/bot.html)"
66.249.70.67 - - [16/Aug/2026:09:48:58 +0200] "GET /shop/customer/bookmark.php?items/S16042218753/ HTTP/1.1" 500 - "-" "Mozilla/5.0 (compatible; Googlebot/2.1; +http://www.google.com/bot.html)"
66.249.70.67 - - [16/Aug/2026:09:49:29 +0200] "GET /shop/customer/bookmark.php?items/K16021338721/ HTTP/1.1" 500 - "-" "Mozilla/5.0 (compatible; Googlebot/2.1; +http://www.google.com/bot.html)"
66.249.70.69 - - [16/Aug/2026:09:50:15 +0200] "GET /shop/customer/bookmark.php?items/I16042296825/ HTTP/1.1" 500 - "-" "Mozilla/5.0 (compatible; Googlebot/2.1; +http://www.google.com/bot.html)"
66.249.70.67 - - [16/Aug/2026:09:50:27 +0200] "GET /shop/customer/bookmark.php?items/Y16052509423/ HTTP/1.1" 500 - "-" "Mozilla/5.0 (Linux; Android 6.0.1; Nexus 5X Build/MMB29P) AppleWebKit/537.36 (KHTML, like Gecko) Chrome/150.0.7871.186 Mobile Safari/537.36 (compatible; Googlebot/2.1; +http://www.google.com/bot.html)"
66.249.70.67 - - [16/Aug/2026:09:50:49 +0200] "GET /shop/customer/bookmark.php?items/S16062776595/ HTTP/1.1" 500 - "-" "Mozilla/5.0 (Linux; Android 6.0.1; Nexus 5X Build/MMB29P) AppleWebKit/537.36 (KHTML, like Gecko) Chrome/150.0.7871.186 Mobile Safari/537.36 (compatible; Googlebot/2.1; +http://www.google.com/bot.html)"
66.249.70.69 - - [16/Aug/2026:09:51:52 +0200] "GET /shop/customer/bookmark.php?items/N16062995726/ HTTP/1.1" 500 - "-" "Mozilla/5.0 (compatible; Googlebot/2.1; +http://www.google.com/bot.html)"
66.249.70.68 - - [16/Aug/2026:09:52:39 +0200] "GET /shop/customer/bookmark.php?items/F1600169819/ HTTP/1.1" 500 - "-" "Mozilla/5.0 (compatible; Googlebot/2.1; +http://www.google.com/bot.html)"
66.249.70.67 - - [16/Aug/2026:09:53:28 +0200] "GET /shop/customer/bookmark.php?items/F1600475479/ HTTP/1.1" 500 - "-" "Mozilla/5.0 (Linux; Android 6.0.1; Nexus 5X Build/MMB29P) AppleWebKit/537.36 (KHTML, like Gecko) Chrome/150.0.7871.186 Mobile Safari/537.36 (compatible; Googlebot/2.1; +http://www.google.com/bot.html)"
66.249.70.68 - - [16/Aug/2026:09:53:42 +0200] "GET /shop/customer/bookmark.php?items/B16926335957/ HTTP/1.1" 500 - "-" "Mozilla/5.0 (Linux; Android 6.0.1; Nexus 5X Build/MMB29P) AppleWebKit/537.36 (KHTML, like Gecko) Chrome/150.0.7871.186 Mobile Safari/537.36 (compatible; Googlebot/2.1; +http://www.google.com/bot.html)"
66.249.70.68 - - [16/Aug/2026:09:54:27 +0200] "GET /shop/customer/bookmark.php?items/V16062880055/ HTTP/1.1" 500 - "-" "Mozilla/5.0 (compatible; Googlebot/2.1; +http://www.google.com/bot.html)"
66.249.70.67 - - [16/Aug/2026:09:54:56 +0200] "GET /shop/customer/bookmark.php?items/Z1601663092/ HTTP/1.1" 500 - "-" "Mozilla/5.0 (compatible; Googlebot/2.1; +http://www.google.com/bot.html)"
66.249.70.69 - - [16/Aug/2026:09:55:16 +0200] "GET /shop/customer/bookmark.php?items/H16031838709/ HTTP/1.1" 500 - "-" "Mozilla/5.0 (compatible; Googlebot/2.1; +http://www.google.com/bot.html)"
66.249.70.69 - - [16/Aug/2026:09:56:13 +0200] "GET /shop/customer/bookmark.php?items/W16021484853/ HTTP/1.1" 500 - "-" "Mozilla/5.0 (compatible; Googlebot/2.1; +http://www.google.com/bot.html)"
66.249.70.67 - - [16/Aug/2026:09:56:29 +0200] "GET /shop/customer/bookmark.php?items/I16021471438/ HTTP/1.1" 500 - "-" "Mozilla/5.0 (compatible; Googlebot/2.1; +http://www.google.com/bot.html)"
66.249.70.67 - - [16/Aug/2026:09:56:42 +0200] "GET /shop/customer/bookmark.php?items/J16052535328/ HTTP/1.1" 500 - "-" "Mozilla/5.0 (Linux; Android 6.0.1; Nexus 5X Build/MMB29P) AppleWebKit/537.36 (KHTML, like Gecko) Chrome/150.0.7871.186 Mobile Safari/537.36 (compatible; Googlebot/2.1; +http://www.google.com/bot.html)"
66.249.70.69 - - [16/Aug/2026:09:57:52 +0200] "GET /shop/customer/bookmark.php?items/R16062927794/ HTTP/1.1" 500 - "-" "Mozilla/5.0 (Linux; Android 6.0.1; Nexus 5X Build/MMB29P) AppleWebKit/537.36 (KHTML, like Gecko) Chrome/150.0.7871.186 Mobile Safari/537.36 (compatible; Googlebot/2.1; +http://www.google.com/bot.html)"
66.249.70.68 - - [16/Aug/2026:09:58:30 +0200] "GET /shop/customer/bookmark.php?items/T16062850934/ HTTP/1.1" 500 - "-" "Mozilla/5.0 (compatible; Googlebot/2.1; +http://www.google.com/bot.html)"
66.249.70.69 - - [16/Aug/2026:09:59:44 +0200] "GET /shop/customer/bookmark.php?items/T1600399230/ HTTP/1.1" 500 - "-" "Mozilla/5.0 (Linux; Android 6.0.1; Nexus 5X Build/MMB29P) AppleWebKit/537.36 (KHTML, like Gecko) Chrome/150.0.7871.186 Mobile Safari/537.36 (compatible; Googlebot/2.1; +http://www.google.com/bot.html)"
66.249.70.68 - - [16/Aug/2026:10:00:59 +0200] "GET /shop/customer/bookmark.php?items/Y16062763263/ HTTP/1.1" 500 - "-" "Mozilla/5.0 (Linux; Android 6.0.1; Nexus 5X Build/MMB29P) AppleWebKit/537.36 (KHTML, like Gecko) Chrome/150.0.7871.186 Mobile Safari/537.36 (compatible; Googlebot/2.1; +http://www.google.com/bot.html)"
66.249.70.68 - - [16/Aug/2026:10:02:49 +0200] "GET /shop/customer/bookmark.php?items/A160048133/ HTTP/1.1" 500 - "-" "Mozilla/5.0 (compatible; Googlebot/2.1; +http://www.google.com/bot.html)"
66.249.70.68 - - [16/Aug/2026:10:05:05 +0200] "GET /shop/customer/bookmark.php?items/Y16063237734/ HTTP/1.1" 500 - "-" "Mozilla/5.0 (Linux; Android 6.0.1; Nexus 5X Build/MMB29P) AppleWebKit/537.36 (KHTML, like Gecko) Chrome/150.0.7871.186 Mobile Safari/537.36 (compatible; Googlebot/2.1; +http://www.google.com/bot.html)"
66.249.70.67 - - [16/Aug/2026:10:05:19 +0200] "GET /shop/customer/bookmark.php?items/S1601821103/ HTTP/1.1" 500 - "-" "Mozilla/5.0 (Linux; Android 6.0.1; Nexus 5X Build/MMB29P) AppleWebKit/537.36 (KHTML, like Gecko) Chrome/150.0.7871.186 Mobile Safari/537.36 (compatible; Googlebot/2.1; +http://www.google.com/bot.html)"
66.249.70.67 - - [16/Aug/2026:10:05:57 +0200] "GET /shop/customer/bookmark.php?items/D16042326610/ HTTP/1.1" 500 - "-" "Mozilla/5.0 (compatible; Googlebot/2.1; +http://www.google.com/bot.html)"
66.249.70.67 - - [16/Aug/2026:10:07:03 +0200] "GET /shop/customer/bookmark.php?items/D1601972312/ HTTP/1.1" 500 - "-" "Mozilla/5.0 (Linux; Android 6.0.1; Nexus 5X Build/MMB29P) AppleWebKit/537.36 (KHTML, like Gecko) Chrome/150.0.7871.186 Mobile Safari/537.36 (compatible; Googlebot/2.1; +http://www.google.com/bot.html)"
66.249.70.68 - - [16/Aug/2026:10:07:12 +0200] "GET /shop/customer/bookmark.php?items/G16052646430/ HTTP/1.1" 500 - "-" "Mozilla/5.0 (Linux; Android 6.0.1; Nexus 5X Build/MMB29P) AppleWebKit/537.36 (KHTML, like Gecko) Chrome/150.0.7871.186 Mobile Safari/537.36 (compatible; Googlebot/2.1; +http://www.google.com/bot.html)"
66.249.70.68 - - [16/Aug/2026:10:07:15 +0200] "GET /shop/customer/bookmark.php?items/E16063049622/ HTTP/1.1" 500 - "-" "Mozilla/5.0 (compatible; Googlebot/2.1; +http://www.google.com/bot.html)"
66.249.70.68 - - [16/Aug/2026:10:08:12 +0200] "GET /shop/customer/bookmark.php?items/Y1601795181/ HTTP/1.1" 500 - "-" "Mozilla/5.0 (compatible; Googlebot/2.1; +http://www.google.com/bot.html)"
66.249.70.67 - - [16/Aug/2026:10:08:26 +0200] "GET /shop/customer/bookmark.php?items/E1600268432/ HTTP/1.1" 500 - "-" "Mozilla/5.0 (compatible; Googlebot/2.1; +http://www.google.com/bot.html)"
66.249.70.68 - - [16/Aug/2026:10:09:41 +0200] "GET /shop/customer/bookmark.php?items/P1600443572/ HTTP/1.1" 500 - "-" "Mozilla/5.0 (compatible; Googlebot/2.1; +http://www.google.com/bot.html)"
66.249.70.67 - - [16/Aug/2026:10:10:28 +0200] "GET /shop/customer/bookmark.php?items/D16042009913/ HTTP/1.1" 500 - "-" "Mozilla/5.0 (Linux; Android 6.0.1; Nexus 5X Build/MMB29P) AppleWebKit/537.36 (KHTML, like Gecko) Chrome/150.0.7871.186 Mobile Safari/537.36 (compatible; Googlebot/2.1; +http://www.google.com/bot.html)"
66.249.70.68 - - [16/Aug/2026:10:10:59 +0200] "GET /shop/customer/bookmark.php?items/C1600173775/ HTTP/1.1" 500 - "-" "Mozilla/5.0 (Linux; Android 6.0.1; Nexus 5X Build/MMB29P) AppleWebKit/537.36 (KHTML, like Gecko) Chrome/150.0.7871.186 Mobile Safari/537.36 (compatible; Googlebot/2.1; +http://www.google.com/bot.html)"
66.249.70.67 - - [16/Aug/2026:10:11:38 +0200] "GET /shop/customer/bookmark.php?items/K16042005146/ HTTP/1.1" 500 - "-" "Mozilla/5.0 (compatible; Googlebot/2.1; +http://www.google.com/bot.html)"
66.249.70.67 - - [16/Aug/2026:10:11:47 +0200] "GET /shop/customer/bookmark.php?items/W1600167668/ HTTP/1.1" 500 - "-" "Mozilla/5.0 (Linux; Android 6.0.1; Nexus 5X Build/MMB29P) AppleWebKit/537.36 (KHTML, like Gecko) Chrome/150.0.7871.186 Mobile Safari/537.36 (compatible; Googlebot/2.1; +http://www.google.com/bot.html)"
66.249.70.69 - - [16/Aug/2026:10:12:00 +0200] "GET /shop/customer/bookmark.php?items/H16042268481/ HTTP/1.1" 500 - "-" "Mozilla/5.0 (Linux; Android 6.0.1; Nexus 5X Build/MMB29P) AppleWebKit/537.36 (KHTML, like Gecko) Chrome/150.0.7871.186 Mobile Safari/537.36 (compatible; Googlebot/2.1; +http://www.google.com/bot.html)"
66.249.70.69 - - [16/Aug/2026:10:13:13 +0200] "GET /shop/customer/bookmark.php?items/J16021370358/ HTTP/1.1" 500 - "-" "Mozilla/5.0 (Linux; Android 6.0.1; Nexus 5X Build/MMB29P) AppleWebKit/537.36 (KHTML, like Gecko) Chrome/150.0.7871.186 Mobile Safari/537.36 (compatible; Googlebot/2.1; +http://www.google.com/bot.html)"
66.249.70.67 - - [16/Aug/2026:10:14:30 +0200] "GET /shop/customer/bookmark.php?items/F1601738979/ HTTP/1.1" 500 - "-" "Mozilla/5.0 (compatible; Googlebot/2.1; +http://www.google.com/bot.html)"
66.249.70.67 - - [16/Aug/2026:10:14:43 +0200] "GET /shop/customer/bookmark.php?items/V1601520569/ HTTP/1.1" 500 - "-" "Mozilla/5.0 (Linux; Android 6.0.1; Nexus 5X Build/MMB29P) AppleWebKit/537.36 (KHTML, like Gecko) Chrome/150.0.7871.186 Mobile Safari/537.36 (compatible; Googlebot/2.1; +http://www.google.com/bot.html)"
66.249.70.69 - - [16/Aug/2026:10:15:37 +0200] "GET /shop/customer/bookmark.php?items/B16021072751/ HTTP/1.1" 500 - "-" "Mozilla/5.0 (Linux; Android 6.0.1; Nexus 5X Build/MMB29P) AppleWebKit/537.36 (KHTML, like Gecko) Chrome/150.0.7871.186 Mobile Safari/537.36 (compatible; Googlebot/2.1; +http://www.google.com/bot.html)"
66.249.70.67 - - [16/Aug/2026:10:17:16 +0200] "GET /shop/customer/bookmark.php?items/R1601578824/ HTTP/1.1" 500 - "-" "Mozilla/5.0 (compatible; Googlebot/2.1; +http://www.google.com/bot.html)"
66.249.70.68 - - [16/Aug/2026:10:17:27 +0200] "GET /shop/customer/bookmark.php?items/R1601578824/ HTTP/1.1" 500 - "-" "Mozilla/5.0 (Linux; Android 6.0.1; Nexus 5X Build/MMB29P) AppleWebKit/537.36 (KHTML, like Gecko) Chrome/150.0.7871.186 Mobile Safari/537.36 (compatible; Googlebot/2.1; +http://www.google.com/bot.html)"
66.249.70.67 - - [16/Aug/2026:10:19:40 +0200] "GET /shop/customer/bookmark.php?items/V16052561168/ HTTP/1.1" 500 - "-" "Mozilla/5.0 (compatible; Googlebot/2.1; +http://www.google.com/bot.html)"
66.249.70.69 - - [16/Aug/2026:10:20:37 +0200] "GET /shop/customer/bookmark.php?items/T16021100470/ HTTP/1.1" 500 - "-" "Mozilla/5.0 (compatible; Googlebot/2.1; +http://www.google.com/bot.html)"
66.249.70.68 - - [16/Aug/2026:10:21:26 +0200] "GET /shop/customer/bookmark.php?items/O16052525550/ HTTP/1.1" 500 - "-" "Mozilla/5.0 (Linux; Android 6.0.1; Nexus 5X Build/MMB29P) AppleWebKit/537.36 (KHTML, like Gecko) Chrome/150.0.7871.186 Mobile Safari/537.36 (compatible; Googlebot/2.1; +http://www.google.com/bot.html)"
66.249.70.68 - - [16/Aug/2026:10:21:40 +0200] "GET /shop/customer/bookmark.php?items/C16021195294/ HTTP/1.1" 500 - "-" "Mozilla/5.0 (Linux; Android 6.0.1; Nexus 5X Build/MMB29P) AppleWebKit/537.36 (KHTML, like Gecko) Chrome/150.0.7871.186 Mobile Safari/537.36 (compatible; Googlebot/2.1; +http://www.google.com/bot.html)"
66.249.70.67 - - [16/Aug/2026:10:21:52 +0200] "GET /shop/customer/bookmark.php?items/I16021439842/ HTTP/1.1" 500 - "-" "Mozilla/5.0 (Linux; Android 6.0.1; Nexus 5X Build/MMB29P) AppleWebKit/537.36 (KHTML, like Gecko) Chrome/150.0.7871.186 Mobile Safari/537.36 (compatible; Googlebot/2.1; +http://www.google.com/bot.html)"
66.249.70.68 - - [16/Aug/2026:10:22:36 +0200] "GET /shop/customer/bookmark.php?items/V16021357219/ HTTP/1.1" 500 - "-" "Mozilla/5.0 (Linux; Android 6.0.1; Nexus 5X Build/MMB29P) AppleWebKit/537.36 (KHTML, like Gecko) Chrome/150.0.7871.186 Mobile Safari/537.36 (compatible; Googlebot/2.1; +http://www.google.com/bot.html)"
66.249.70.69 - - [16/Aug/2026:10:23:03 +0200] "GET /shop/customer/bookmark.php?items/U1601827172/ HTTP/1.1" 500 - "-" "Mozilla/5.0 (compatible; Googlebot/2.1; +http://www.google.com/bot.html)"
66.249.70.67 - - [16/Aug/2026:10:24:43 +0200] "GET /shop/customer/bookmark.php?items/A16021144343/ HTTP/1.1" 500 - "-" "Mozilla/5.0 (Linux; Android 6.0.1; Nexus 5X Build/MMB29P) AppleWebKit/537.36 (KHTML, like Gecko) Chrome/150.0.7871.186 Mobile Safari/537.36 (compatible; Googlebot/2.1; +http://www.google.com/bot.html)"
66.249.70.69 - - [16/Aug/2026:10:26:11 +0200] "GET /shop/customer/bookmark.php?items/H16021476847/ HTTP/1.1" 500 - "-" "Mozilla/5.0 (compatible; Googlebot/2.1; +http://www.google.com/bot.html)"
66.249.70.67 - - [16/Aug/2026:10:27:21 +0200] "GET /shop/customer/bookmark.php?items/Y1601970910/ HTTP/1.1" 500 - "-" "Mozilla/5.0 (Linux; Android 6.0.1; Nexus 5X Build/MMB29P) AppleWebKit/537.36 (KHTML, like Gecko) Chrome/150.0.7871.186 Mobile Safari/537.36 (compatible; Googlebot/2.1; +http://www.google.com/bot.html)"
146.71.76.185 - - [16/Aug/2026:10:27:23 +0200] "GET / HTTP/1.1" 500 - "-" "Mozilla/5.0 (Windows NT 10.0; Win64; x64) AppleWebKit/537.36 (KHTML, like Gecko) Chrome/80.0.3987.149 Safari/537.36"
66.249.70.68 - - [16/Aug/2026:10:27:33 +0200] "GET /shop/customer/bookmark.php?items/V160085326/ HTTP/1.1" 500 - "-" "Mozilla/5.0 (Linux; Android 6.0.1; Nexus 5X Build/MMB29P) AppleWebKit/537.36 (KHTML, like Gecko) Chrome/150.0.7871.186 Mobile Safari/537.36 (compatible; Googlebot/2.1; +http://www.google.com/bot.html)"
146.71.76.185 - - [16/Aug/2026:10:27:34 +0200] "GET / HTTP/1.1" 500 - "-" "Mozilla/5.0 (Windows NT 10.0; Win64; x64) AppleWebKit/537.36 (KHTML, like Gecko) Chrome/80.0.3987.149 Safari/537.36"
146.71.76.185 - - [16/Aug/2026:10:27:37 +0200] "GET /wp-includes/wlwmanifest.xml HTTP/1.1" 200 - "-" "Mozilla/5.0 (Windows NT 10.0; Win64; x64) AppleWebKit/537.36 (KHTML, like Gecko) Chrome/80.0.3987.149 Safari/537.36"
146.71.76.185 - - [16/Aug/2026:10:27:47 +0200] "GET /xmlrpc.php?rsd HTTP/1.1" 500 - "-" "Mozilla/5.0 (Windows NT 10.0; Win64; x64) AppleWebKit/537.36 (KHTML, like Gecko) Chrome/80.0.3987.149 Safari/537.36"
146.71.76.185 - - [16/Aug/2026:10:27:50 +0200] "GET / HTTP/1.1" 500 - "-" "Mozilla/5.0 (Windows NT 10.0; Win64; x64) AppleWebKit/537.36 (KHTML, like Gecko) Chrome/80.0.3987.149 Safari/537.36"
146.71.76.185 - - [16/Aug/2026:10:27:53 +0200] "GET /blog/wp-includes/wlwmanifest.xml HTTP/1.1" 500 - "-" "Mozilla/5.0 (Windows NT 10.0; Win64; x64) AppleWebKit/537.36 (KHTML, like Gecko) Chrome/80.0.3987.149 Safari/537.36"
146.71.76.185 - - [16/Aug/2026:10:27:55 +0200] "GET /web/wp-includes/wlwmanifest.xml HTTP/1.1" 200 - "-" "Mozilla/5.0 (Windows NT 10.0; Win64; x64) AppleWebKit/537.36 (KHTML, like Gecko) Chrome/80.0.3987.149 Safari/537.36"
66.249.70.68 - - [16/Aug/2026:10:28:04 +0200] "GET /shop/customer/bookmark.php?items/I16042385514/ HTTP/1.1" 500 - "-" "Mozilla/5.0 (compatible; Googlebot/2.1; +http://www.google.com/bot.html)"
66.249.70.68 - - [16/Aug/2026:10:28:15 +0200] "GET /shop/customer/bookmark.php?items/S1601924195/ HTTP/1.1" 500 - "-" "Mozilla/5.0 (Linux; Android 6.0.1; Nexus 5X Build/MMB29P) AppleWebKit/537.36 (KHTML, like Gecko) Chrome/150.0.7871.186 Mobile Safari/537.36 (compatible; Googlebot/2.1; +http://www.google.com/bot.html)"
146.71.76.185 - - [16/Aug/2026:10:28:05 +0200] "GET /wordpress/wp-includes/wlwmanifest.xml HTTP/1.1" 200 - "-" "Mozilla/5.0 (Windows NT 10.0; Win64; x64) AppleWebKit/537.36 (KHTML, like Gecko) Chrome/80.0.3987.149 Safari/537.36"
146.71.76.185 - - [16/Aug/2026:10:28:23 +0200] "GET /website/wp-includes/wlwmanifest.xml HTTP/1.1" 200 - "-" "Mozilla/5.0 (Windows NT 10.0; Win64; x64) AppleWebKit/537.36 (KHTML, like Gecko) Chrome/80.0.3987.149 Safari/537.36"
146.71.76.185 - - [16/Aug/2026:10:28:33 +0200] "GET /wp/wp-includes/wlwmanifest.xml HTTP/1.1" 200 - "-" "Mozilla/5.0 (Windows NT 10.0; Win64; x64) AppleWebKit/537.36 (KHTML, like Gecko) Chrome/80.0.3987.149 Safari/537.36"
