66.249.70.69 - - [15/Aug/2026:11:54:06 +0200] "GET /shop/customer/bookmark.php?items/L1600107997/ HTTP/1.1" 500 - "-" "Mozilla/5.0 (compatible; Googlebot/2.1; +http://www.google.com/bot.html)"
66.249.70.68 - - [15/Aug/2026:11:54:17 +0200] "GET /shop/customer/bookmark.php?items/X16062822446/ HTTP/1.1" 500 - "-" "Mozilla/5.0 (Linux; Android 6.0.1; Nexus 5X Build/MMB29P) AppleWebKit/537.36 (KHTML, like Gecko) Chrome/150.0.7871.186 Mobile Safari/537.36 (compatible; Googlebot/2.1; +http://www.google.com/bot.html)"
66.249.70.67 - - [15/Aug/2026:11:54:20 +0200] "GET /shop/customer/bookmark.php?items/S1601864477/ HTTP/1.1" 500 - "-" "Mozilla/5.0 (compatible; Googlebot/2.1; +http://www.google.com/bot.html)"
66.249.70.67 - - [15/Aug/2026:11:54:28 +0200] "GET /shop/customer/bookmark.php?items/M16021223005/ HTTP/1.1" 500 - "-" "Mozilla/5.0 (Linux; Android 6.0.1; Nexus 5X Build/MMB29P) AppleWebKit/537.36 (KHTML, like Gecko) Chrome/150.0.7871.186 Mobile Safari/537.36 (compatible; Googlebot/2.1; +http://www.google.com/bot.html)"
66.249.70.67 - - [15/Aug/2026:11:54:42 +0200] "GET /shop/customer/bookmark.php?items/W1601615476/ HTTP/1.1" 500 - "-" "Mozilla/5.0 (Linux; Android 6.0.1; Nexus 5X Build/MMB29P) AppleWebKit/537.36 (KHTML, like Gecko) Chrome/150.0.7871.186 Mobile Safari/537.36 (compatible; Googlebot/2.1; +http://www.google.com/bot.html)"
66.249.70.67 - - [15/Aug/2026:11:54:45 +0200] "GET /shop/customer/bookmark.php?items/J1601907894/ HTTP/1.1" 500 - "-" "Mozilla/5.0 (compatible; Googlebot/2.1; +http://www.google.com/bot.html)"
66.249.70.67 - - [15/Aug/2026:11:54:56 +0200] "GET /shop/customer/bookmark.php?items/M16021371062/ HTTP/1.1" 500 - "-" "Mozilla/5.0 (compatible; Googlebot/2.1; +http://www.google.com/bot.html)"
66.249.70.67 - - [15/Aug/2026:11:55:16 +0200] "GET /shop/customer/bookmark.php?items/Z1600465760/ HTTP/1.1" 500 - "-" "Mozilla/5.0 (compatible; Googlebot/2.1; +http://www.google.com/bot.html)"
66.249.70.67 - - [15/Aug/2026:11:55:26 +0200] "GET /shop/customer/bookmark.php?items/R16021116725/ HTTP/1.1" 500 - "-" "Mozilla/5.0 (Linux; Android 6.0.1; Nexus 5X Build/MMB29P) AppleWebKit/537.36 (KHTML, like Gecko) Chrome/150.0.7871.186 Mobile Safari/537.36 (compatible; Googlebot/2.1; +http://www.google.com/bot.html)"
66.249.70.67 - - [15/Aug/2026:11:55:54 +0200] "GET /shop/customer/bookmark.php?items/H1601696622/ HTTP/1.1" 500 - "-" "Mozilla/5.0 (compatible; Googlebot/2.1; +http://www.google.com/bot.html)"
66.249.70.67 - - [15/Aug/2026:11:55:50 +0200] "GET /shop/customer/bookmark.php?items/G16021196500/ HTTP/1.1" 500 - "-" "Mozilla/5.0 (Linux; Android 6.0.1; Nexus 5X Build/MMB29P) AppleWebKit/537.36 (KHTML, like Gecko) Chrome/150.0.7871.186 Mobile Safari/537.36 (compatible; Googlebot/2.1; +http://www.google.com/bot.html)"
66.249.70.68 - - [15/Aug/2026:11:56:02 +0200] "GET /shop/customer/bookmark.php?items/I16042470946/ HTTP/1.1" 500 - "-" "Mozilla/5.0 (Linux; Android 6.0.1; Nexus 5X Build/MMB29P) AppleWebKit/537.36 (KHTML, like Gecko) Chrome/150.0.7871.186 Mobile Safari/537.36 (compatible; Googlebot/2.1; +http://www.google.com/bot.html)"
66.249.70.69 - - [15/Aug/2026:11:56:05 +0200] "GET /shop/customer/bookmark.php?items/O16052567675/ HTTP/1.1" 500 - "-" "Mozilla/5.0 (Linux; Android 6.0.1; Nexus 5X Build/MMB29P) AppleWebKit/537.36 (KHTML, like Gecko) Chrome/150.0.7871.186 Mobile Safari/537.36 (compatible; Googlebot/2.1; +http://www.google.com/bot.html)"
66.249.70.67 - - [15/Aug/2026:11:56:09 +0200] "GET /shop/customer/bookmark.php?items/P16063141084/ HTTP/1.1" 500 - "-" "Mozilla/5.0 (Linux; Android 6.0.1; Nexus 5X Build/MMB29P) AppleWebKit/537.36 (KHTML, like Gecko) Chrome/150.0.7871.186 Mobile Safari/537.36 (compatible; Googlebot/2.1; +http://www.google.com/bot.html)"
66.249.70.67 - - [15/Aug/2026:11:56:22 +0200] "GET /shop/customer/bookmark.php?items/E1601851029/ HTTP/1.1" 500 - "-" "Mozilla/5.0 (Linux; Android 6.0.1; Nexus 5X Build/MMB29P) AppleWebKit/537.36 (KHTML, like Gecko) Chrome/150.0.7871.186 Mobile Safari/537.36 (compatible; Googlebot/2.1; +http://www.google.com/bot.html)"
66.249.70.67 - - [15/Aug/2026:11:56:35 +0200] "GET /shop/customer/bookmark.php?items/J16052635247/ HTTP/1.1" 500 - "-" "Mozilla/5.0 (compatible; Googlebot/2.1; +http://www.google.com/bot.html)"
66.249.70.67 - - [15/Aug/2026:11:56:40 +0200] "GET /shop/customer/bookmark.php?items/X160023306/ HTTP/1.1" 500 - "-" "Mozilla/5.0 (Linux; Android 6.0.1; Nexus 5X Build/MMB29P) AppleWebKit/537.36 (KHTML, like Gecko) Chrome/150.0.7871.186 Mobile Safari/537.36 (compatible; Googlebot/2.1; +http://www.google.com/bot.html)"
66.249.70.67 - - [15/Aug/2026:11:56:37 +0200] "GET /shop/customer/bookmark.php?items/P16063141084/ HTTP/1.1" 500 - "-" "Mozilla/5.0 (compatible; Googlebot/2.1; +http://www.google.com/bot.html)"
66.249.70.67 - - [15/Aug/2026:11:56:51 +0200] "GET /shop/customer/bookmark.php?items/A1600191865/ HTTP/1.1" 500 - "-" "Mozilla/5.0 (Linux; Android 6.0.1; Nexus 5X Build/MMB29P) AppleWebKit/537.36 (KHTML, like Gecko) Chrome/150.0.7871.186 Mobile Safari/537.36 (compatible; Googlebot/2.1; +http://www.google.com/bot.html)"
66.249.70.67 - - [15/Aug/2026:11:57:14 +0200] "GET /shop/customer/bookmark.php?items/D16052608473/ HTTP/1.1" 500 - "-" "Mozilla/5.0 (compatible; Googlebot/2.1; +http://www.google.com/bot.html)"
66.249.70.67 - - [15/Aug/2026:11:56:44 +0200] "GET /shop/customer/bookmark.php?items/G16042182232/ HTTP/1.1" 500 - "-" "Mozilla/5.0 (compatible; Googlebot/2.1; +http://www.google.com/bot.html)"
66.249.70.67 - - [15/Aug/2026:11:57:16 +0200] "GET /shop/customer/bookmark.php?items/V16042356431/ HTTP/1.1" 500 - "-" "Mozilla/5.0 (Linux; Android 6.0.1; Nexus 5X Build/MMB29P) AppleWebKit/537.36 (KHTML, like Gecko) Chrome/150.0.7871.186 Mobile Safari/537.36 (compatible; Googlebot/2.1; +http://www.google.com/bot.html)"
66.249.70.67 - - [15/Aug/2026:11:57:27 +0200] "GET /shop/customer/bookmark.php?items/V16042356431/ HTTP/1.1" 500 - "-" "Mozilla/5.0 (compatible; Googlebot/2.1; +http://www.google.com/bot.html)"
66.249.70.67 - - [15/Aug/2026:11:57:34 +0200] "GET /shop/customer/bookmark.php?items/Z16042081941/ HTTP/1.1" 500 - "-" "Mozilla/5.0 (compatible; Googlebot/2.1; +http://www.google.com/bot.html)"
66.249.70.67 - - [15/Aug/2026:11:57:40 +0200] "GET /shop/customer/bookmark.php?items/G1601703817/ HTTP/1.1" 500 - "-" "Mozilla/5.0 (Linux; Android 6.0.1; Nexus 5X Build/MMB29P) AppleWebKit/537.36 (KHTML, like Gecko) Chrome/150.0.7871.186 Mobile Safari/537.36 (compatible; Googlebot/2.1; +http://www.google.com/bot.html)"
66.249.70.67 - - [15/Aug/2026:11:58:19 +0200] "GET /shop/customer/bookmark.php?items/Z1600281443/ HTTP/1.1" 500 - "-" "Mozilla/5.0 (Linux; Android 6.0.1; Nexus 5X Build/MMB29P) AppleWebKit/537.36 (KHTML, like Gecko) Chrome/150.0.7871.186 Mobile Safari/537.36 (compatible; Googlebot/2.1; +http://www.google.com/bot.html)"
114.119.140.66 - - [15/Aug/2026:11:58:14 +0200] "GET /sitemap_6.xml HTTP/1.1" 200 - "-" "Mozilla/5.0 (Linux; Android 7.0;) AppleWebKit/537.36 (KHTML, like Gecko) Mobile Safari/537.36 (compatible; PetalBot;+https://webmaster.petalsearch.com/site/petalbot)"
66.249.70.67 - - [15/Aug/2026:11:58:33 +0200] "GET /shop/customer/bookmark.php?items/V1600404065/ HTTP/1.1" 500 - "-" "Mozilla/5.0 (compatible; Googlebot/2.1; +http://www.google.com/bot.html)"
66.249.70.69 - - [15/Aug/2026:11:58:24 +0200] "GET /shop/customer/bookmark.php?items/D16021037647/ HTTP/1.1" 500 - "-" "Mozilla/5.0 (compatible; Googlebot/2.1; +http://www.google.com/bot.html)"
66.249.70.67 - - [15/Aug/2026:11:58:36 +0200] "GET /shop/customer/bookmark.php?items/Z1600281443/ HTTP/1.1" 500 - "-" "Mozilla/5.0 (compatible; Googlebot/2.1; +http://www.google.com/bot.html)"
66.249.70.69 - - [15/Aug/2026:11:58:49 +0200] "GET /shop/customer/bookmark.php?items/X16062822446/ HTTP/1.1" 500 - "-" "Mozilla/5.0 (compatible; Googlebot/2.1; +http://www.google.com/bot.html)"
66.249.70.69 - - [15/Aug/2026:11:59:13 +0200] "GET /shop/customer/bookmark.php?items/F1600248869/ HTTP/1.1" 500 - "-" "Mozilla/5.0 (compatible; Googlebot/2.1; +http://www.google.com/bot.html)"
66.249.70.67 - - [15/Aug/2026:11:59:16 +0200] "GET /shop/customer/bookmark.php?items/B16042121889/ HTTP/1.1" 500 - "-" "Mozilla/5.0 (Linux; Android 6.0.1; Nexus 5X Build/MMB29P) AppleWebKit/537.36 (KHTML, like Gecko) Chrome/150.0.7871.186 Mobile Safari/537.36 (compatible; Googlebot/2.1; +http://www.google.com/bot.html)"
66.249.70.68 - - [15/Aug/2026:11:59:40 +0200] "GET /shop/customer/bookmark.php?items/K16042377032/ HTTP/1.1" 500 - "-" "Mozilla/5.0 (Linux; Android 6.0.1; Nexus 5X Build/MMB29P) AppleWebKit/537.36 (KHTML, like Gecko) Chrome/150.0.7871.186 Mobile Safari/537.36 (compatible; Googlebot/2.1; +http://www.google.com/bot.html)"
66.249.70.69 - - [15/Aug/2026:12:00:03 +0200] "GET /shop/customer/bookmark.php?items/K16021450696/ HTTP/1.1" 500 - "-" "Mozilla/5.0 (compatible; Googlebot/2.1; +http://www.google.com/bot.html)"
66.249.70.67 - - [15/Aug/2026:12:00:06 +0200] "GET /shop/customer/bookmark.php?items/K16021450696/ HTTP/1.1" 500 - "-" "Mozilla/5.0 (Linux; Android 6.0.1; Nexus 5X Build/MMB29P) AppleWebKit/537.36 (KHTML, like Gecko) Chrome/150.0.7871.186 Mobile Safari/537.36 (compatible; Googlebot/2.1; +http://www.google.com/bot.html)"
66.249.70.68 - - [15/Aug/2026:12:00:16 +0200] "GET /shop/customer/bookmark.php?items/V1601533298/ HTTP/1.1" 500 - "-" "Mozilla/5.0 (Linux; Android 6.0.1; Nexus 5X Build/MMB29P) AppleWebKit/537.36 (KHTML, like Gecko) Chrome/150.0.7871.186 Mobile Safari/537.36 (compatible; Googlebot/2.1; +http://www.google.com/bot.html)"
66.249.70.67 - - [15/Aug/2026:12:00:44 +0200] "GET /shop/customer/bookmark.php?items/R16052583872/ HTTP/1.1" 500 - "-" "Mozilla/5.0 (compatible; Googlebot/2.1; +http://www.google.com/bot.html)"
66.249.70.67 - - [15/Aug/2026:12:01:17 +0200] "GET /shop/customer/bookmark.php?items/N1601619520/ HTTP/1.1" 500 - "-" "Mozilla/5.0 (compatible; Googlebot/2.1; +http://www.google.com/bot.html)"
66.249.70.67 - - [15/Aug/2026:12:01:21 +0200] "GET /shop/customer/bookmark.php?items/L16021391664/ HTTP/1.1" 500 - "-" "Mozilla/5.0 (Linux; Android 6.0.1; Nexus 5X Build/MMB29P) AppleWebKit/537.36 (KHTML, like Gecko) Chrome/150.0.7871.186 Mobile Safari/537.36 (compatible; Googlebot/2.1; +http://www.google.com/bot.html)"
66.249.70.67 - - [15/Aug/2026:12:01:32 +0200] "GET /shop/customer/bookmark.php?items/V1601533298/ HTTP/1.1" 500 - "-" "Mozilla/5.0 (compatible; Googlebot/2.1; +http://www.google.com/bot.html)"
66.249.70.67 - - [15/Aug/2026:12:02:09 +0200] "GET /shop/customer/bookmark.php?items/W1600214836/ HTTP/1.1" 500 - "-" "Mozilla/5.0 (compatible; Googlebot/2.1; +http://www.google.com/bot.html)"
66.249.70.67 - - [15/Aug/2026:12:02:30 +0200] "GET /shop/customer/bookmark.php?items/F1600399385/ HTTP/1.1" 500 - "-" "Mozilla/5.0 (compatible; Googlebot/2.1; +http://www.google.com/bot.html)"
66.249.70.67 - - [15/Aug/2026:12:02:39 +0200] "GET /shop/customer/bookmark.php?items/I16052730691/ HTTP/1.1" 500 - "-" "Mozilla/5.0 (Linux; Android 6.0.1; Nexus 5X Build/MMB29P) AppleWebKit/537.36 (KHTML, like Gecko) Chrome/150.0.7871.186 Mobile Safari/537.36 (compatible; Googlebot/2.1; +http://www.google.com/bot.html)"
66.249.70.67 - - [15/Aug/2026:12:02:50 +0200] "GET /shop/customer/bookmark.php?items/J16042306135/ HTTP/1.1" 500 - "-" "Mozilla/5.0 (Linux; Android 6.0.1; Nexus 5X Build/MMB29P) AppleWebKit/537.36 (KHTML, like Gecko) Chrome/150.0.7871.186 Mobile Safari/537.36 (compatible; Googlebot/2.1; +http://www.google.com/bot.html)"
66.249.70.67 - - [15/Aug/2026:12:03:06 +0200] "GET /shop/customer/bookmark.php?items/Y16052678666/ HTTP/1.1" 500 - "-" "Mozilla/5.0 (Linux; Android 6.0.1; Nexus 5X Build/MMB29P) AppleWebKit/537.36 (KHTML, like Gecko) Chrome/150.0.7871.186 Mobile Safari/537.36 (compatible; Googlebot/2.1; +http://www.google.com/bot.html)"
66.249.70.67 - - [15/Aug/2026:12:03:08 +0200] "GET /shop/customer/bookmark.php?items/W1601763550/ HTTP/1.1" 500 - "-" "Mozilla/5.0 (compatible; Googlebot/2.1; +http://www.google.com/bot.html)"
66.249.70.67 - - [15/Aug/2026:12:03:39 +0200] "GET /shop/customer/bookmark.php?items/A16021181234/ HTTP/1.1" 500 - "-" "Mozilla/5.0 (Linux; Android 6.0.1; Nexus 5X Build/MMB29P) AppleWebKit/537.36 (KHTML, like Gecko) Chrome/150.0.7871.186 Mobile Safari/537.36 (compatible; Googlebot/2.1; +http://www.google.com/bot.html)"
66.249.70.67 - - [15/Aug/2026:12:03:54 +0200] "GET /shop/customer/bookmark.php?items/X16042485635/ HTTP/1.1" 500 - "-" "Mozilla/5.0 (compatible; Googlebot/2.1; +http://www.google.com/bot.html)"
66.249.70.68 - - [15/Aug/2026:12:04:10 +0200] "GET /shop/customer/bookmark.php?items/I16062826869/ HTTP/1.1" 500 - "-" "Mozilla/5.0 (compatible; Googlebot/2.1; +http://www.google.com/bot.html)"
66.249.70.67 - - [15/Aug/2026:12:04:13 +0200] "GET /shop/customer/bookmark.php?items/I16062826869/ HTTP/1.1" 500 - "-" "Mozilla/5.0 (Linux; Android 6.0.1; Nexus 5X Build/MMB29P) AppleWebKit/537.36 (KHTML, like Gecko) Chrome/150.0.7871.186 Mobile Safari/537.36 (compatible; Googlebot/2.1; +http://www.google.com/bot.html)"
66.249.70.67 - - [15/Aug/2026:12:04:21 +0200] "GET /shop/customer/bookmark.php?items/B1601529553/ HTTP/1.1" 500 - "-" "Mozilla/5.0 (Linux; Android 6.0.1; Nexus 5X Build/MMB29P) AppleWebKit/537.36 (KHTML, like Gecko) Chrome/150.0.7871.186 Mobile Safari/537.36 (compatible; Googlebot/2.1; +http://www.google.com/bot.html)"
66.249.70.67 - - [15/Aug/2026:12:04:49 +0200] "GET /shop/customer/bookmark.php?items/O16052745868/ HTTP/1.1" 500 - "-" "Mozilla/5.0 (compatible; Googlebot/2.1; +http://www.google.com/bot.html)"
66.249.70.67 - - [15/Aug/2026:12:04:59 +0200] "GET /shop/customer/bookmark.php?items/A160072153/ HTTP/1.1" 500 - "-" "Mozilla/5.0 (compatible; Googlebot/2.1; +http://www.google.com/bot.html)"
66.249.70.67 - - [15/Aug/2026:12:05:05 +0200] "GET /shop/customer/bookmark.php?items/Z1601936843/ HTTP/1.1" 500 - "-" "Mozilla/5.0 (Linux; Android 6.0.1; Nexus 5X Build/MMB29P) AppleWebKit/537.36 (KHTML, like Gecko) Chrome/150.0.7871.186 Mobile Safari/537.36 (compatible; Googlebot/2.1; +http://www.google.com/bot.html)"
66.249.70.67 - - [15/Aug/2026:12:05:22 +0200] "GET /shop/customer/bookmark.php?items/A160072153/ HTTP/1.1" 500 - "-" "Mozilla/5.0 (Linux; Android 6.0.1; Nexus 5X Build/MMB29P) AppleWebKit/537.36 (KHTML, like Gecko) Chrome/150.0.7871.186 Mobile Safari/537.36 (compatible; Googlebot/2.1; +http://www.google.com/bot.html)"
66.249.70.67 - - [15/Aug/2026:12:05:26 +0200] "GET /shop/customer/bookmark.php?items/H16021266488/ HTTP/1.1" 500 - "-" "Mozilla/5.0 (Linux; Android 6.0.1; Nexus 5X Build/MMB29P) AppleWebKit/537.36 (KHTML, like Gecko) Chrome/150.0.7871.186 Mobile Safari/537.36 (compatible; Googlebot/2.1; +http://www.google.com/bot.html)"
66.249.70.67 - - [15/Aug/2026:12:05:48 +0200] "GET /shop/customer/bookmark.php?items/S1601621952/ HTTP/1.1" 500 - "-" "Mozilla/5.0 (Linux; Android 6.0.1; Nexus 5X Build/MMB29P) AppleWebKit/537.36 (KHTML, like Gecko) Chrome/150.0.7871.186 Mobile Safari/537.36 (compatible; Googlebot/2.1; +http://www.google.com/bot.html)"
66.249.70.67 - - [15/Aug/2026:12:05:51 +0200] "GET /shop/customer/bookmark.php?items/R16042180126/ HTTP/1.1" 500 - "-" "Mozilla/5.0 (Linux; Android 6.0.1; Nexus 5X Build/MMB29P) AppleWebKit/537.36 (KHTML, like Gecko) Chrome/150.0.7871.186 Mobile Safari/537.36 (compatible; Googlebot/2.1; +http://www.google.com/bot.html)"
66.249.70.67 - - [15/Aug/2026:12:06:04 +0200] "GET /shop/customer/bookmark.php?items/Q1600383803/ HTTP/1.1" 500 - "-" "Mozilla/5.0 (Linux; Android 6.0.1; Nexus 5X Build/MMB29P) AppleWebKit/537.36 (KHTML, like Gecko) Chrome/150.0.7871.186 Mobile Safari/537.36 (compatible; Googlebot/2.1; +http://www.google.com/bot.html)"
66.249.70.67 - - [15/Aug/2026:12:06:08 +0200] "GET /shop/customer/bookmark.php?items/F16021060449/ HTTP/1.1" 500 - "-" "Mozilla/5.0 (compatible; Googlebot/2.1; +http://www.google.com/bot.html)"
66.249.70.68 - - [15/Aug/2026:12:06:51 +0200] "GET /shop/customer/bookmark.php?items/Y160011585/ HTTP/1.1" 500 - "-" "Mozilla/5.0 (Linux; Android 6.0.1; Nexus 5X Build/MMB29P) AppleWebKit/537.36 (KHTML, like Gecko) Chrome/150.0.7871.186 Mobile Safari/537.36 (compatible; Googlebot/2.1; +http://www.google.com/bot.html)"
66.249.70.68 - - [15/Aug/2026:12:06:54 +0200] "GET /shop/customer/bookmark.php?items/I16021481970/ HTTP/1.1" 500 - "-" "Mozilla/5.0 (compatible; Googlebot/2.1; +http://www.google.com/bot.html)"
66.249.70.67 - - [15/Aug/2026:12:07:06 +0200] "GET /shop/customer/bookmark.php?items/I16021481970/ HTTP/1.1" 500 - "-" "Mozilla/5.0 (Linux; Android 6.0.1; Nexus 5X Build/MMB29P) AppleWebKit/537.36 (KHTML, like Gecko) Chrome/150.0.7871.186 Mobile Safari/537.36 (compatible; Googlebot/2.1; +http://www.google.com/bot.html)"
66.249.70.67 - - [15/Aug/2026:12:07:02 +0200] "GET /shop/customer/bookmark.php?items/G16021432491/ HTTP/1.1" 500 - "-" "Mozilla/5.0 (compatible; Googlebot/2.1; +http://www.google.com/bot.html)"
66.249.70.67 - - [15/Aug/2026:12:07:23 +0200] "GET /shop/customer/bookmark.php?items/I1601758459/ HTTP/1.1" 500 - "-" "Mozilla/5.0 (compatible; Googlebot/2.1; +http://www.google.com/bot.html)"
66.249.70.67 - - [15/Aug/2026:12:07:38 +0200] "GET /shop/customer/bookmark.php?items/Z16021247057/ HTTP/1.1" 500 - "-" "Mozilla/5.0 (Linux; Android 6.0.1; Nexus 5X Build/MMB29P) AppleWebKit/537.36 (KHTML, like Gecko) Chrome/150.0.7871.186 Mobile Safari/537.36 (compatible; Googlebot/2.1; +http://www.google.com/bot.html)"
66.249.70.67 - - [15/Aug/2026:12:07:34 +0200] "GET /shop/customer/bookmark.php?items/F160084442/ HTTP/1.1" 500 - "-" "Mozilla/5.0 (compatible; Googlebot/2.1; +http://www.google.com/bot.html)"
66.249.70.68 - - [15/Aug/2026:12:08:10 +0200] "GET /shop/customer/bookmark.php?items/V16063025061/ HTTP/1.1" 500 - "-" "Mozilla/5.0 (Linux; Android 6.0.1; Nexus 5X Build/MMB29P) AppleWebKit/537.36 (KHTML, like Gecko) Chrome/150.0.7871.186 Mobile Safari/537.36 (compatible; Googlebot/2.1; +http://www.google.com/bot.html)"
66.249.70.67 - - [15/Aug/2026:12:08:26 +0200] "GET /shop/customer/bookmark.php?items/U1601835519/ HTTP/1.1" 500 - "-" "Mozilla/5.0 (compatible; Googlebot/2.1; +http://www.google.com/bot.html)"
64.89.163.68 - - [15/Aug/2026:12:08:28 +0200] "GET /wp-content/plugins/fix/up.php HTTP/1.1" 500 - "-" "Mozilla/5.0 (Windows NT 10.0; Win64; x64) AppleWebKit/537.36 (KHTML, like Gecko) Chrome/85.0.4183.102 Safari/537.36"
64.89.163.68 - - [15/Aug/2026:12:08:28 +0200] "POST /ALFA_DATA/alfacgiapi/perl.alfa HTTP/1.1" 500 - "www.google.com" "Mozlila/5.0 (Linux; Android 7.0; SM-G892A Bulid/NRD90M; wv) AppleWebKit/537.36 (KHTML, like Gecko) Version/4.0 Chrome/60.0.3112.107 Moblie Safari/537.36"
64.89.163.68 - - [15/Aug/2026:12:08:28 +0200] "GET / HTTP/1.1" 500 - "-" "Mozlila/5.0 (Linux; Android 7.0; SM-G892A Bulid/NRD90M; wv) AppleWebKit/537.36 (KHTML, like Gecko) Version/4.0 Chrome/60.0.3112.107 Moblie Safari/537.36"
64.89.163.68 - - [15/Aug/2026:12:08:28 +0200] "POST /wp-plain.php HTTP/1.1" 500 - "www.google.com" "Mozilla/5.0 (Linux; Android 7.0; SM-G892A Bulid/NRD90M; wv) AppleWebKit/537.36 (KHTML, like Gecko) Version/4.0 Chrome/60.0.3112.107 Moblie Safari/537.36"
66.249.70.67 - - [15/Aug/2026:12:08:24 +0200] "GET /shop/customer/bookmark.php?items/V1601548800/ HTTP/1.1" 500 - "-" "Mozilla/5.0 (compatible; Googlebot/2.1; +http://www.google.com/bot.html)"
64.89.163.68 - - [15/Aug/2026:12:08:28 +0200] "GET /wp-content/themes/seotheme/db.php?u HTTP/1.1" 500 - "www.google.com" "Mozlila/5.0 (Linux; Android 7.0; SM-G892A Bulid/NRD90M; wv) AppleWebKit/537.36 (KHTML, like Gecko) Version/4.0 Chrome/60.0.3112.107 Moblie Safari/537.36"
64.89.163.68 - - [15/Aug/2026:12:08:31 +0200] "POST /alfacgiapi/perl.alfa HTTP/1.1" 500 - "www.google.com" "Mozlila/5.0 (Linux; Android 7.0; SM-G892A Bulid/NRD90M; wv) AppleWebKit/537.36 (KHTML, like Gecko) Version/4.0 Chrome/60.0.3112.107 Moblie Safari/537.36"
64.89.163.68 - - [15/Aug/2026:12:08:39 +0200] "GET /tcqynnkj.php?Fox=d3wL7 HTTP/1.1" 500 - "www.google.com" "Mozilla/5.0 (Linux; Android 7.0; SM-G892A Bulid/NRD90M; wv) AppleWebKit/537.36 (KHTML, like Gecko) Version/4.0 Chrome/60.0.3112.107 Moblie Safari/537.36"
64.89.163.68 - - [15/Aug/2026:12:08:31 +0200] "GET /tcqynnkj.php?Fox=d3wL7 HTTP/1.1" 500 - "www.google.com" "Mozilla/5.0 (Linux; Android 7.0; SM-G892A Bulid/NRD90M; wv) AppleWebKit/537.36 (KHTML, like Gecko) Version/4.0 Chrome/60.0.3112.107 Moblie Safari/537.36"
66.249.70.67 - - [15/Aug/2026:12:08:31 +0200] "GET /shop/customer/bookmark.php?items/I16021471438/ HTTP/1.1" 500 - "-" "Mozilla/5.0 (compatible; Googlebot/2.1; +http://www.google.com/bot.html)"
64.89.163.68 - - [15/Aug/2026:12:08:45 +0200] "GET /wp-content/themes/seotheme/db.php?u HTTP/1.1" 500 - "www.google.com" "Mozlila/5.0 (Linux; Android 7.0; SM-G892A Bulid/NRD90M; wv) AppleWebKit/537.36 (KHTML, like Gecko) Version/4.0 Chrome/60.0.3112.107 Moblie Safari/537.36"
64.89.163.68 - - [15/Aug/2026:12:08:36 +0200] "GET /wp-content/themes/seotheme/db.php?u HTTP/1.1" 500 - "www.google.com" "Mozlila/5.0 (Linux; Android 7.0; SM-G892A Bulid/NRD90M; wv) AppleWebKit/537.36 (KHTML, like Gecko) Version/4.0 Chrome/60.0.3112.107 Moblie Safari/537.36"
66.249.70.67 - - [15/Aug/2026:12:08:55 +0200] "GET /shop/customer/bookmark.php?items/U16021491423/ HTTP/1.1" 500 - "-" "Mozilla/5.0 (Linux; Android 6.0.1; Nexus 5X Build/MMB29P) AppleWebKit/537.36 (KHTML, like Gecko) Chrome/150.0.7871.186 Mobile Safari/537.36 (compatible; Googlebot/2.1; +http://www.google.com/bot.html)"
66.249.70.67 - - [15/Aug/2026:12:08:57 +0200] "GET /shop/customer/bookmark.php?items/X16063012727/ HTTP/1.1" 500 - "-" "Mozilla/5.0 (Linux; Android 6.0.1; Nexus 5X Build/MMB29P) AppleWebKit/537.36 (KHTML, like Gecko) Chrome/150.0.7871.186 Mobile Safari/537.36 (compatible; Googlebot/2.1; +http://www.google.com/bot.html)"
66.249.70.67 - - [15/Aug/2026:12:08:50 +0200] "GET /shop/customer/bookmark.php?items/Z16042425521/ HTTP/1.1" 500 - "-" "Mozilla/5.0 (compatible; Googlebot/2.1; +http://www.google.com/bot.html)"
66.249.70.67 - - [15/Aug/2026:12:09:00 +0200] "GET /shop/customer/bookmark.php?items/P16052718291/ HTTP/1.1" 500 - "-" "Mozilla/5.0 (Linux; Android 6.0.1; Nexus 5X Build/MMB29P) AppleWebKit/537.36 (KHTML, like Gecko) Chrome/150.0.7871.186 Mobile Safari/537.36 (compatible; Googlebot/2.1; +http://www.google.com/bot.html)"
66.249.70.67 - - [15/Aug/2026:12:09:30 +0200] "GET /shop/customer/bookmark.php?items/O16021096845/ HTTP/1.1" 500 - "-" "Mozilla/5.0 (Linux; Android 6.0.1; Nexus 5X Build/MMB29P) AppleWebKit/537.36 (KHTML, like Gecko) Chrome/150.0.7871.186 Mobile Safari/537.36 (compatible; Googlebot/2.1; +http://www.google.com/bot.html)"
66.249.70.67 - - [15/Aug/2026:12:09:37 +0200] "GET /shop/customer/bookmark.php?items/R1601525603/ HTTP/1.1" 500 - "-" "Mozilla/5.0 (Linux; Android 6.0.1; Nexus 5X Build/MMB29P) AppleWebKit/537.36 (KHTML, like Gecko) Chrome/150.0.7871.186 Mobile Safari/537.36 (compatible; Googlebot/2.1; +http://www.google.com/bot.html)"
66.249.70.67 - - [15/Aug/2026:12:09:43 +0200] "GET /shop/customer/bookmark.php?items/Z16063222057/ HTTP/1.1" 500 - "-" "Mozilla/5.0 (compatible; Googlebot/2.1; +http://www.google.com/bot.html)"
66.249.70.67 - - [15/Aug/2026:12:09:48 +0200] "GET /shop/customer/bookmark.php?items/S1601666842/ HTTP/1.1" 500 - "-" "Mozilla/5.0 (compatible; Googlebot/2.1; +http://www.google.com/bot.html)"
66.249.70.69 - - [15/Aug/2026:12:10:09 +0200] "GET /shop/customer/bookmark.php?goods=1697278&crsirefo_hidden=0219d3605c2e10d51c688f939542ce4335d5a8dcccdeb9746951d1e0aede9bab HTTP/1.1" 500 - "-" "Mozilla/5.0 (compatible; Googlebot/2.1; +http://www.google.com/bot.html)"
66.249.70.67 - - [15/Aug/2026:12:10:05 +0200] "GET /shop/customer/bookmark.php?items/G1600247755/ HTTP/1.1" 500 - "-" "Mozilla/5.0 (compatible; Googlebot/2.1; +http://www.google.com/bot.html)"
66.249.70.67 - - [15/Aug/2026:12:10:12 +0200] "GET /shop/customer/bookmark.php?items/V16052518965/ HTTP/1.1" 500 - "-" "Mozilla/5.0 (Linux; Android 6.0.1; Nexus 5X Build/MMB29P) AppleWebKit/537.36 (KHTML, like Gecko) Chrome/150.0.7871.186 Mobile Safari/537.36 (compatible; Googlebot/2.1; +http://www.google.com/bot.html)"
66.249.70.67 - - [15/Aug/2026:12:10:50 +0200] "GET /shop/customer/bookmark.php?items/Z16042334178/ HTTP/1.1" 500 - "-" "Mozilla/5.0 (Linux; Android 6.0.1; Nexus 5X Build/MMB29P) AppleWebKit/537.36 (KHTML, like Gecko) Chrome/150.0.7871.186 Mobile Safari/537.36 (compatible; Googlebot/2.1; +http://www.google.com/bot.html)"
66.249.70.67 - - [15/Aug/2026:12:10:55 +0200] "GET /shop/customer/bookmark.php?items/D16978901313/ HTTP/1.1" 500 - "-" "Mozilla/5.0 (Linux; Android 6.0.1; Nexus 5X Build/MMB29P) AppleWebKit/537.36 (KHTML, like Gecko) Chrome/150.0.7871.186 Mobile Safari/537.36 (compatible; Googlebot/2.1; +http://www.google.com/bot.html)"
66.249.70.67 - - [15/Aug/2026:12:11:14 +0200] "GET /shop/customer/bookmark.php?items/V16042237592/ HTTP/1.1" 500 - "-" "Mozilla/5.0 (Linux; Android 6.0.1; Nexus 5X Build/MMB29P) AppleWebKit/537.36 (KHTML, like Gecko) Chrome/150.0.7871.186 Mobile Safari/537.36 (compatible; Googlebot/2.1; +http://www.google.com/bot.html)"
66.249.70.67 - - [15/Aug/2026:12:11:06 +0200] "GET /shop/customer/bookmark.php?items/F1601580879/ HTTP/1.1" 500 - "-" "Mozilla/5.0 (compatible; Googlebot/2.1; +http://www.google.com/bot.html)"
66.249.70.67 - - [15/Aug/2026:12:11:20 +0200] "GET /shop/customer/bookmark.php?items/G16042246397/ HTTP/1.1" 500 - "-" "Mozilla/5.0 (Linux; Android 6.0.1; Nexus 5X Build/MMB29P) AppleWebKit/537.36 (KHTML, like Gecko) Chrome/150.0.7871.186 Mobile Safari/537.36 (compatible; Googlebot/2.1; +http://www.google.com/bot.html)"
66.249.70.67 - - [15/Aug/2026:12:11:48 +0200] "GET /shop/customer/bookmark.php?items/M16021371475/ HTTP/1.1" 500 - "-" "Mozilla/5.0 (Linux; Android 6.0.1; Nexus 5X Build/MMB29P) AppleWebKit/537.36 (KHTML, like Gecko) Chrome/150.0.7871.186 Mobile Safari/537.36 (compatible; Googlebot/2.1; +http://www.google.com/bot.html)"
66.249.70.67 - - [15/Aug/2026:12:11:54 +0200] "GET /shop/customer/bookmark.php?items/C16947083574/ HTTP/1.1" 500 - "-" "Mozilla/5.0 (Linux; Android 6.0.1; Nexus 5X Build/MMB29P) AppleWebKit/537.36 (KHTML, like Gecko) Chrome/150.0.7871.186 Mobile Safari/537.36 (compatible; Googlebot/2.1; +http://www.google.com/bot.html)"
66.249.70.67 - - [15/Aug/2026:12:12:38 +0200] "GET /shop/customer/bookmark.php?items/Q16063178011/ HTTP/1.1" 500 - "-" "Mozilla/5.0 (Linux; Android 6.0.1; Nexus 5X Build/MMB29P) AppleWebKit/537.36 (KHTML, like Gecko) Chrome/150.0.7871.186 Mobile Safari/537.36 (compatible; Googlebot/2.1; +http://www.google.com/bot.html)"
66.249.70.67 - - [15/Aug/2026:12:12:34 +0200] "GET /shop/customer/bookmark.php?items/W16052706848/ HTTP/1.1" 500 - "-" "Mozilla/5.0 (compatible; Googlebot/2.1; +http://www.google.com/bot.html)"
66.249.70.69 - - [15/Aug/2026:12:13:09 +0200] "GET /shop/customer/bookmark.php?items/Y16042420513/ HTTP/1.1" 500 - "-" "Mozilla/5.0 (Linux; Android 6.0.1; Nexus 5X Build/MMB29P) AppleWebKit/537.36 (KHTML, like Gecko) Chrome/150.0.7871.186 Mobile Safari/537.36 (compatible; Googlebot/2.1; +http://www.google.com/bot.html)"
66.249.70.67 - - [15/Aug/2026:12:13:11 +0200] "GET /shop/customer/bookmark.php?items/Q16062997284/ HTTP/1.1" 500 - "-" "Mozilla/5.0 (Linux; Android 6.0.1; Nexus 5X Build/MMB29P) AppleWebKit/537.36 (KHTML, like Gecko) Chrome/150.0.7871.186 Mobile Safari/537.36 (compatible; Googlebot/2.1; +http://www.google.com/bot.html)"
66.249.70.68 - - [15/Aug/2026:12:13:16 +0200] "GET /shop/customer/bookmark.php?items/Q16063178011/ HTTP/1.1" 500 - "-" "Mozilla/5.0 (compatible; Googlebot/2.1; +http://www.google.com/bot.html)"
66.249.70.67 - - [15/Aug/2026:12:13:19 +0200] "GET /shop/customer/bookmark.php?items/R160067512/ HTTP/1.1" 500 - "-" "Mozilla/5.0 (compatible; Googlebot/2.1; +http://www.google.com/bot.html)"
66.249.70.67 - - [15/Aug/2026:12:13:44 +0200] "GET /shop/customer/bookmark.php?items/G1600212179/ HTTP/1.1" 500 - "-" "Mozilla/5.0 (compatible; Googlebot/2.1; +http://www.google.com/bot.html)"
66.249.70.67 - - [15/Aug/2026:12:13:56 +0200] "GET /shop/customer/bookmark.php?items/A1601766125/ HTTP/1.1" 500 - "-" "Mozilla/5.0 (Linux; Android 6.0.1; Nexus 5X Build/MMB29P) AppleWebKit/537.36 (KHTML, like Gecko) Chrome/150.0.7871.186 Mobile Safari/537.36 (compatible; Googlebot/2.1; +http://www.google.com/bot.html)"
66.249.70.68 - - [15/Aug/2026:12:14:08 +0200] "GET /shop/customer/bookmark.php?items/C16062905442/ HTTP/1.1" 500 - "-" "Mozilla/5.0 (Linux; Android 6.0.1; Nexus 5X Build/MMB29P) AppleWebKit/537.36 (KHTML, like Gecko) Chrome/150.0.7871.186 Mobile Safari/537.36 (compatible; Googlebot/2.1; +http://www.google.com/bot.html)"
66.249.70.68 - - [15/Aug/2026:12:14:25 +0200] "GET /shop/customer/bookmark.php?items/D16063130946/ HTTP/1.1" 500 - "-" "Mozilla/5.0 (Linux; Android 6.0.1; Nexus 5X Build/MMB29P) AppleWebKit/537.36 (KHTML, like Gecko) Chrome/150.0.7871.186 Mobile Safari/537.36 (compatible; Googlebot/2.1; +http://www.google.com/bot.html)"
66.249.70.67 - - [15/Aug/2026:12:14:30 +0200] "GET /shop/customer/bookmark.php?items/Q1601786914/ HTTP/1.1" 500 - "-" "Mozilla/5.0 (compatible; Googlebot/2.1; +http://www.google.com/bot.html)"
66.249.70.67 - - [15/Aug/2026:12:14:51 +0200] "GET /shop/customer/bookmark.php?items/I160082635/ HTTP/1.1" 500 - "-" "Mozilla/5.0 (Linux; Android 6.0.1; Nexus 5X Build/MMB29P) AppleWebKit/537.36 (KHTML, like Gecko) Chrome/150.0.7871.186 Mobile Safari/537.36 (compatible; Googlebot/2.1; +http://www.google.com/bot.html)"
66.249.70.67 - - [15/Aug/2026:12:14:43 +0200] "GET /shop/customer/bookmark.php?items/C16062905442/ HTTP/1.1" 500 - "-" "Mozilla/5.0 (compatible; Googlebot/2.1; +http://www.google.com/bot.html)"
66.249.70.67 - - [15/Aug/2026:12:14:58 +0200] "GET /shop/customer/bookmark.php?items/J16063041702/ HTTP/1.1" 500 - "-" "Mozilla/5.0 (compatible; Googlebot/2.1; +http://www.google.com/bot.html)"
119.249.100.117 - - [15/Aug/2026:12:15:16 +0200] "GET / HTTP/1.1" 500 - "-" "Mozilla/5.0 (Linux; Android 6.0; Nexus 5 Build/MRA58N) AppleWebKit/537.36 (KHTML, like Gecko) Chrome/72.0.3626.119 Mobile Safari/537.36"
66.249.70.68 - - [15/Aug/2026:12:16:18 +0200] "GET /shop/customer/bookmark.php?items/G1601554772/ HTTP/1.1" 500 - "-" "Mozilla/5.0 (Linux; Android 6.0.1; Nexus 5X Build/MMB29P) AppleWebKit/537.36 (KHTML, like Gecko) Chrome/150.0.7871.186 Mobile Safari/537.36 (compatible; Googlebot/2.1; +http://www.google.com/bot.html)"
106.75.36.195 - - [15/Aug/2026:12:16:25 +0200] "GET / HTTP/1.1" 500 - "-" "Mozilla/5.0 (X11; Linux x86_64) AppleWebKit/559.49 (KHTML, like Gecko) Chrome/74.0.1227 Safari/537.36"
66.249.70.67 - - [15/Aug/2026:12:16:24 +0200] "GET /shop/customer/bookmark.php?items/D16021462527/ HTTP/1.1" 500 - "-" "Mozilla/5.0 (Linux; Android 6.0.1; Nexus 5X Build/MMB29P) AppleWebKit/537.36 (KHTML, like Gecko) Chrome/150.0.7871.186 Mobile Safari/537.36 (compatible; Googlebot/2.1; +http://www.google.com/bot.html)"
106.75.36.195 - - [15/Aug/2026:12:16:32 +0200] "GET /favicon.ico HTTP/1.1" 500 - "-" "Go-http-client/1.1"
106.75.36.195 - - [15/Aug/2026:12:16:37 +0200] "GET /sitemap.xml HTTP/1.1" 500 - "-" "Go-http-client/1.1"
66.249.70.67 - - [15/Aug/2026:12:16:36 +0200] "GET /shop/customer/bookmark.php?items/I16042159164/ HTTP/1.1" 500 - "-" "Mozilla/5.0 (compatible; Googlebot/2.1; +http://www.google.com/bot.html)"
66.249.70.67 - - [15/Aug/2026:12:16:48 +0200] "GET /shop/customer/bookmark.php?items/B16042304388/ HTTP/1.1" 500 - "-" "Mozilla/5.0 (Linux; Android 6.0.1; Nexus 5X Build/MMB29P) AppleWebKit/537.36 (KHTML, like Gecko) Chrome/150.0.7871.186 Mobile Safari/537.36 (compatible; Googlebot/2.1; +http://www.google.com/bot.html)"
66.249.70.67 - - [15/Aug/2026:12:16:52 +0200] "GET /shop/customer/bookmark.php?items/I16042159164/ HTTP/1.1" 500 - "-" "Mozilla/5.0 (Linux; Android 6.0.1; Nexus 5X Build/MMB29P) AppleWebKit/537.36 (KHTML, like Gecko) Chrome/150.0.7871.186 Mobile Safari/537.36 (compatible; Googlebot/2.1; +http://www.google.com/bot.html)"
106.75.36.195 - - [15/Aug/2026:12:16:37 +0200] "GET /robots.txt HTTP/1.1" 200 350 "-" "Go-http-client/1.1"
66.249.70.67 - - [15/Aug/2026:12:17:47 +0200] "GET /shop/customer/bookmark.php?items/O1601674151/ HTTP/1.1" 500 - "-" "Mozilla/5.0 (Linux; Android 6.0.1; Nexus 5X Build/MMB29P) AppleWebKit/537.36 (KHTML, like Gecko) Chrome/150.0.7871.186 Mobile Safari/537.36 (compatible; Googlebot/2.1; +http://www.google.com/bot.html)"
66.249.70.67 - - [15/Aug/2026:12:18:01 +0200] "GET /shop/customer/bookmark.php?items/O1601674151/ HTTP/1.1" 500 - "-" "Mozilla/5.0 (compatible; Googlebot/2.1; +http://www.google.com/bot.html)"
66.249.70.67 - - [15/Aug/2026:12:18:06 +0200] "GET /shop/customer/bookmark.php?items/R1600258391/ HTTP/1.1" 500 - "-" "Mozilla/5.0 (Linux; Android 6.0.1; Nexus 5X Build/MMB29P) AppleWebKit/537.36 (KHTML, like Gecko) Chrome/150.0.7871.186 Mobile Safari/537.36 (compatible; Googlebot/2.1; +http://www.google.com/bot.html)"
66.249.70.67 - - [15/Aug/2026:12:18:30 +0200] "GET /shop/customer/bookmark.php?items/R1600258391/ HTTP/1.1" 500 - "-" "Mozilla/5.0 (compatible; Googlebot/2.1; +http://www.google.com/bot.html)"
66.249.70.67 - - [15/Aug/2026:12:18:34 +0200] "GET /shop/customer/bookmark.php?items/M16042056715/ HTTP/1.1" 500 - "-" "Mozilla/5.0 (Linux; Android 6.0.1; Nexus 5X Build/MMB29P) AppleWebKit/537.36 (KHTML, like Gecko) Chrome/150.0.7871.186 Mobile Safari/537.36 (compatible; Googlebot/2.1; +http://www.google.com/bot.html)"
66.249.70.68 - - [15/Aug/2026:12:19:03 +0200] "GET /shop/customer/bookmark.php?items/I16021097672/ HTTP/1.1" 500 - "-" "Mozilla/5.0 (compatible; Googlebot/2.1; +http://www.google.com/bot.html)"
66.249.70.67 - - [15/Aug/2026:12:19:13 +0200] "GET /shop/customer/bookmark.php?items/T16042086476/ HTTP/1.1" 500 - "-" "Mozilla/5.0 (Linux; Android 6.0.1; Nexus 5X Build/MMB29P) AppleWebKit/537.36 (KHTML, like Gecko) Chrome/150.0.7871.186 Mobile Safari/537.36 (compatible; Googlebot/2.1; +http://www.google.com/bot.html)"
66.249.70.68 - - [15/Aug/2026:12:19:45 +0200] "GET /shop/customer/bookmark.php?items/T16042086476/ HTTP/1.1" 500 - "-" "Mozilla/5.0 (compatible; Googlebot/2.1; +http://www.google.com/bot.html)"
66.249.70.67 - - [15/Aug/2026:12:19:49 +0200] "GET /shop/customer/bookmark.php?items/K16062754892/ HTTP/1.1" 500 - "-" "Mozilla/5.0 (compatible; Googlebot/2.1; +http://www.google.com/bot.html)"
66.249.70.67 - - [15/Aug/2026:12:20:07 +0200] "GET /shop/customer/bookmark.php?items/K16062754892/ HTTP/1.1" 500 - "-" "Mozilla/5.0 (Linux; Android 6.0.1; Nexus 5X Build/MMB29P) AppleWebKit/537.36 (KHTML, like Gecko) Chrome/150.0.7871.186 Mobile Safari/537.36 (compatible; Googlebot/2.1; +http://www.google.com/bot.html)"
66.249.70.67 - - [15/Aug/2026:12:20:22 +0200] "GET /shop/customer/bookmark.php?items/W1601615476/ HTTP/1.1" 500 - "-" "Mozilla/5.0 (Linux; Android 6.0.1; Nexus 5X Build/MMB29P) AppleWebKit/537.36 (KHTML, like Gecko) Chrome/150.0.7871.186 Mobile Safari/537.36 (compatible; Googlebot/2.1; +http://www.google.com/bot.html)"
66.249.70.67 - - [15/Aug/2026:12:20:19 +0200] "GET /shop/customer/bookmark.php?items/Z160032463/ HTTP/1.1" 500 - "-" "Mozilla/5.0 (compatible; Googlebot/2.1; +http://www.google.com/bot.html)"
66.249.70.67 - - [15/Aug/2026:12:20:41 +0200] "GET /shop/customer/bookmark.php?items/Z1600441837/ HTTP/1.1" 500 - "-" "Mozilla/5.0 (compatible; Googlebot/2.1; +http://www.google.com/bot.html)"
66.249.70.67 - - [15/Aug/2026:12:20:53 +0200] "GET /shop/customer/bookmark.php?items/Z16063170576/ HTTP/1.1" 500 - "-" "Mozilla/5.0 (compatible; Googlebot/2.1; +http://www.google.com/bot.html)"
66.249.70.68 - - [15/Aug/2026:12:21:10 +0200] "GET /shop/customer/bookmark.php?items/J16021107935/ HTTP/1.1" 500 - "-" "Mozilla/5.0 (compatible; Googlebot/2.1; +http://www.google.com/bot.html)"
66.249.70.67 - - [15/Aug/2026:12:21:58 +0200] "GET /shop/customer/bookmark.php?items/I16063063693/ HTTP/1.1" 500 - "-" "Mozilla/5.0 (compatible; Googlebot/2.1; +http://www.google.com/bot.html)"
66.249.70.67 - - [15/Aug/2026:12:22:35 +0200] "GET /shop/customer/bookmark.php?items/L16042261352/ HTTP/1.1" 500 - "-" "Mozilla/5.0 (Linux; Android 6.0.1; Nexus 5X Build/MMB29P) AppleWebKit/537.36 (KHTML, like Gecko) Chrome/150.0.7871.186 Mobile Safari/537.36 (compatible; Googlebot/2.1; +http://www.google.com/bot.html)"
66.249.70.67 - - [15/Aug/2026:12:22:26 +0200] "GET /shop/customer/bookmark.php?items/J16005434/ HTTP/1.1" 500 - "-" "Mozilla/5.0 (compatible; Googlebot/2.1; +http://www.google.com/bot.html)"
66.249.70.69 - - [15/Aug/2026:12:23:14 +0200] "GET /shop/customer/bookmark.php?items/W16052555990/ HTTP/1.1" 500 - "-" "Mozilla/5.0 (compatible; Googlebot/2.1; +http://www.google.com/bot.html)"
66.249.70.68 - - [15/Aug/2026:12:23:17 +0200] "GET /shop/customer/bookmark.php?items/O16062901149/ HTTP/1.1" 500 - "-" "Mozilla/5.0 (compatible; Googlebot/2.1; +http://www.google.com/bot.html)"
66.249.70.67 - - [15/Aug/2026:12:23:24 +0200] "GET /shop/customer/bookmark.php?items/W16052555990/ HTTP/1.1" 500 - "-" "Mozilla/5.0 (Linux; Android 6.0.1; Nexus 5X Build/MMB29P) AppleWebKit/537.36 (KHTML, like Gecko) Chrome/150.0.7871.186 Mobile Safari/537.36 (compatible; Googlebot/2.1; +http://www.google.com/bot.html)"
66.249.70.67 - - [15/Aug/2026:12:23:30 +0200] "GET /shop/customer/bookmark.php?items/U16021030944/ HTTP/1.1" 500 - "-" "Mozilla/5.0 (compatible; Googlebot/2.1; +http://www.google.com/bot.html)"
66.249.70.67 - - [15/Aug/2026:12:24:10 +0200] "GET /shop/customer/bookmark.php?items/K16052714124/ HTTP/1.1" 500 - "-" "Mozilla/5.0 (Linux; Android 6.0.1; Nexus 5X Build/MMB29P) AppleWebKit/537.36 (KHTML, like Gecko) Chrome/150.0.7871.186 Mobile Safari/537.36 (compatible; Googlebot/2.1; +http://www.google.com/bot.html)"
66.249.70.69 - - [15/Aug/2026:12:24:06 +0200] "GET /shop/customer/bookmark.php?items/H16052637155/ HTTP/1.1" 500 - "-" "Mozilla/5.0 (Linux; Android 6.0.1; Nexus 5X Build/MMB29P) AppleWebKit/537.36 (KHTML, like Gecko) Chrome/150.0.7871.186 Mobile Safari/537.36 (compatible; Googlebot/2.1; +http://www.google.com/bot.html)"
66.249.70.68 - - [15/Aug/2026:12:24:32 +0200] "GET /shop/customer/bookmark.php?items/W1600212585/ HTTP/1.1" 500 - "-" "Mozilla/5.0 (Linux; Android 6.0.1; Nexus 5X Build/MMB29P) AppleWebKit/537.36 (KHTML, like Gecko) Chrome/150.0.7871.186 Mobile Safari/537.36 (compatible; Googlebot/2.1; +http://www.google.com/bot.html)"
66.249.70.69 - - [15/Aug/2026:12:25:07 +0200] "GET /shop/customer/bookmark.php?items/K16052714124/ HTTP/1.1" 500 - "-" "Mozilla/5.0 (compatible; Googlebot/2.1; +http://www.google.com/bot.html)"
66.249.70.67 - - [15/Aug/2026:12:25:09 +0200] "GET /shop/customer/bookmark.php?items/Y16042379794/ HTTP/1.1" 500 - "-" "Mozilla/5.0 (compatible; Googlebot/2.1; +http://www.google.com/bot.html)"
66.249.70.67 - - [15/Aug/2026:12:25:46 +0200] "GET /shop/customer/bookmark.php?items/D16062919664/ HTTP/1.1" 500 - "-" "Mozilla/5.0 (compatible; Googlebot/2.1; +http://www.google.com/bot.html)"
66.249.70.67 - - [15/Aug/2026:12:25:50 +0200] "GET /shop/customer/bookmark.php?items/W16042380666/ HTTP/1.1" 500 - "-" "Mozilla/5.0 (compatible; Googlebot/2.1; +http://www.google.com/bot.html)"
66.249.70.67 - - [15/Aug/2026:12:26:12 +0200] "GET /shop/customer/bookmark.php?items/H16021266488/ HTTP/1.1" 500 - "-" "Mozilla/5.0 (Linux; Android 6.0.1; Nexus 5X Build/MMB29P) AppleWebKit/537.36 (KHTML, like Gecko) Chrome/150.0.7871.186 Mobile Safari/537.36 (compatible; Googlebot/2.1; +http://www.google.com/bot.html)"
66.249.70.67 - - [15/Aug/2026:12:26:38 +0200] "GET /shop/customer/bookmark.php?items/J16021392534/ HTTP/1.1" 500 - "-" "Mozilla/5.0 (Linux; Android 6.0.1; Nexus 5X Build/MMB29P) AppleWebKit/537.36 (KHTML, like Gecko) Chrome/150.0.7871.186 Mobile Safari/537.36 (compatible; Googlebot/2.1; +http://www.google.com/bot.html)"
66.249.70.67 - - [15/Aug/2026:12:26:44 +0200] "GET /shop/customer/bookmark.php?items/U160094210/ HTTP/1.1" 500 - "-" "Mozilla/5.0 (compatible; Googlebot/2.1; +http://www.google.com/bot.html)"
66.249.70.68 - - [15/Aug/2026:12:27:27 +0200] "GET /shop/customer/bookmark.php?items/D16062919664/ HTTP/1.1" 500 - "-" "Mozilla/5.0 (Linux; Android 6.0.1; Nexus 5X Build/MMB29P) AppleWebKit/537.36 (KHTML, like Gecko) Chrome/150.0.7871.186 Mobile Safari/537.36 (compatible; Googlebot/2.1; +http://www.google.com/bot.html)"
66.249.70.67 - - [15/Aug/2026:12:27:35 +0200] "GET /shop/customer/bookmark.php?items/K16042034683/ HTTP/1.1" 500 - "-" "Mozilla/5.0 (Linux; Android 6.0.1; Nexus 5X Build/MMB29P) AppleWebKit/537.36 (KHTML, like Gecko) Chrome/150.0.7871.186 Mobile Safari/537.36 (compatible; Googlebot/2.1; +http://www.google.com/bot.html)"
66.249.70.67 - - [15/Aug/2026:12:27:39 +0200] "GET /shop/customer/bookmark.php?items/F16021178558/ HTTP/1.1" 500 - "-" "Mozilla/5.0 (Linux; Android 6.0.1; Nexus 5X Build/MMB29P) AppleWebKit/537.36 (KHTML, like Gecko) Chrome/150.0.7871.186 Mobile Safari/537.36 (compatible; Googlebot/2.1; +http://www.google.com/bot.html)"
66.249.70.68 - - [15/Aug/2026:12:28:00 +0200] "GET /shop/customer/bookmark.php?items/M1600131813/ HTTP/1.1" 500 - "-" "Mozilla/5.0 (compatible; Googlebot/2.1; +http://www.google.com/bot.html)"
66.249.70.68 - - [15/Aug/2026:12:28:04 +0200] "GET /shop/customer/bookmark.php?items/K16063246481/ HTTP/1.1" 500 - "-" "Mozilla/5.0 (compatible; Googlebot/2.1; +http://www.google.com/bot.html)"
66.249.70.67 - - [15/Aug/2026:12:28:40 +0200] "GET /shop/customer/bookmark.php?items/U16021378306/ HTTP/1.1" 500 - "-" "Mozilla/5.0 (Linux; Android 6.0.1; Nexus 5X Build/MMB29P) AppleWebKit/537.36 (KHTML, like Gecko) Chrome/150.0.7871.186 Mobile Safari/537.36 (compatible; Googlebot/2.1; +http://www.google.com/bot.html)"
66.249.70.67 - - [15/Aug/2026:12:28:44 +0200] "GET /shop/customer/bookmark.php?items/Q16063004228/ HTTP/1.1" 500 - "-" "Mozilla/5.0 (Linux; Android 6.0.1; Nexus 5X Build/MMB29P) AppleWebKit/537.36 (KHTML, like Gecko) Chrome/150.0.7871.186 Mobile Safari/537.36 (compatible; Googlebot/2.1; +http://www.google.com/bot.html)"
66.249.70.67 - - [15/Aug/2026:12:28:47 +0200] "GET /shop/customer/bookmark.php?items/M1601882233/ HTTP/1.1" 500 - "-" "Mozilla/5.0 (compatible; Googlebot/2.1; +http://www.google.com/bot.html)"
66.249.70.69 - - [15/Aug/2026:12:29:24 +0200] "GET /shop/customer/bookmark.php?items/F1600127659/ HTTP/1.1" 500 - "-" "Mozilla/5.0 (Linux; Android 6.0.1; Nexus 5X Build/MMB29P) AppleWebKit/537.36 (KHTML, like Gecko) Chrome/150.0.7871.186 Mobile Safari/537.36 (compatible; Googlebot/2.1; +http://www.google.com/bot.html)"
66.249.70.67 - - [15/Aug/2026:12:29:32 +0200] "GET /shop/customer/bookmark.php?items/Q1600434073/ HTTP/1.1" 500 - "-" "Mozilla/5.0 (compatible; Googlebot/2.1; +http://www.google.com/bot.html)"
66.249.70.68 - - [15/Aug/2026:12:30:05 +0200] "GET /shop/customer/bookmark.php?items/D16062995653/ HTTP/1.1" 500 - "-" "Mozilla/5.0 (Linux; Android 6.0.1; Nexus 5X Build/MMB29P) AppleWebKit/537.36 (KHTML, like Gecko) Chrome/150.0.7871.186 Mobile Safari/537.36 (compatible; Googlebot/2.1; +http://www.google.com/bot.html)"
20.250.27.191 - - [15/Aug/2026:12:30:25 +0200] "GET /wp-content/plugins/hellopress/wp_filemanager.php HTTP/1.1" 500 - "-" "-"
66.249.70.67 - - [15/Aug/2026:12:30:35 +0200] "GET /shop/customer/bookmark.php?items/F160038069/ HTTP/1.1" 500 - "-" "Mozilla/5.0 (Linux; Android 6.0.1; Nexus 5X Build/MMB29P) AppleWebKit/537.36 (KHTML, like Gecko) Chrome/150.0.7871.186 Mobile Safari/537.36 (compatible; Googlebot/2.1; +http://www.google.com/bot.html)"
20.250.27.191 - - [15/Aug/2026:12:30:29 +0200] "GET /this_is_a_new_hello_world.php HTTP/1.1" 500 - "-" "-"
20.250.27.191 - - [15/Aug/2026:12:30:41 +0200] "GET /4PJcpMFsD8B.php HTTP/1.1" 500 - "-" "-"
20.250.27.191 - - [15/Aug/2026:12:30:47 +0200] "GET /3PJcpMFsD8B.php HTTP/1.1" 500 - "-" "-"
66.249.70.67 - - [15/Aug/2026:12:30:51 +0200] "GET /shop/customer/bookmark.php?items/I1601618273/ HTTP/1.1" 500 - "-" "Mozilla/5.0 (Linux; Android 6.0.1; Nexus 5X Build/MMB29P) AppleWebKit/537.36 (KHTML, like Gecko) Chrome/150.0.7871.186 Mobile Safari/537.36 (compatible; Googlebot/2.1; +http://www.google.com/bot.html)"
66.249.70.67 - - [15/Aug/2026:12:30:43 +0200] "GET /shop/customer/bookmark.php?items/E16021310167/ HTTP/1.1" 500 - "-" "Mozilla/5.0 (Linux; Android 6.0.1; Nexus 5X Build/MMB29P) AppleWebKit/537.36 (KHTML, like Gecko) Chrome/150.0.7871.186 Mobile Safari/537.36 (compatible; Googlebot/2.1; +http://www.google.com/bot.html)"
20.250.27.191 - - [15/Aug/2026:12:30:51 +0200] "GET /ano.php HTTP/1.1" 500 - "-" "-"
20.250.27.191 - - [15/Aug/2026:12:31:04 +0200] "GET /xx.php HTTP/1.1" 500 - "-" "-"
20.250.27.191 - - [15/Aug/2026:12:31:06 +0200] "GET //av.php HTTP/1.1" 500 - "-" "-"
20.250.27.191 - - [15/Aug/2026:12:31:19 +0200] "GET /media.php HTTP/1.1" 500 - "-" "-"
20.250.27.191 - - [15/Aug/2026:12:31:32 +0200] "GET /images.php HTTP/1.1" 500 - "-" "-"
114.119.153.132 - - [15/Aug/2026:12:31:36 +0200] "GET /sitemap_6.xml HTTP/1.1" 200 - "-" "Mozilla/5.0 (Linux; Android 7.0;) AppleWebKit/537.36 (KHTML, like Gecko) Mobile Safari/537.36 (compatible; PetalBot;+https://webmaster.petalsearch.com/site/petalbot)"
20.250.27.191 - - [15/Aug/2026:12:31:37 +0200] "GET /admin.php HTTP/1.1" 500 - "-" "-"
20.250.27.191 - - [15/Aug/2026:12:31:50 +0200] "GET /mac.php HTTP/1.1" 500 - "-" "-"
40.77.167.203 - - [15/Aug/2026:12:31:47 +0200] "GET /robots.txt HTTP/1.1" 200 408 "-" "Mozilla/5.0 AppleWebKit/537.36 (KHTML, like Gecko; compatible; bingbot/2.0; +http://www.bing.com/bingbot.htm) Chrome/116.0.1938.76 Safari/537.36"
20.250.27.191 - - [15/Aug/2026:12:31:57 +0200] "GET /ops.php HTTP/1.1" 500 - "-" "-"
52.167.144.232 - - [15/Aug/2026:12:32:05 +0200] "GET / HTTP/1.1" 500 - "-" "Mozilla/5.0 AppleWebKit/537.36 (KHTML, like Gecko; compatible; bingbot/2.0; +http://www.bing.com/bingbot.htm) Chrome/116.0.1938.76 Safari/537.36"
20.250.27.191 - - [15/Aug/2026:12:32:06 +0200] "GET /coffexium.php HTTP/1.1" 500 - "-" "-"
66.249.70.69 - - [15/Aug/2026:12:32:09 +0200] "GET /shop/customer/bookmark.php?items/O16031709545/ HTTP/1.1" 500 - "-" "Mozilla/5.0 (Linux; Android 6.0.1; Nexus 5X Build/MMB29P) AppleWebKit/537.36 (KHTML, like Gecko) Chrome/150.0.7871.186 Mobile Safari/537.36 (compatible; Googlebot/2.1; +http://www.google.com/bot.html)"
66.249.70.68 - - [15/Aug/2026:12:32:15 +0200] "GET /shop/customer/bookmark.php?items/O1600304724/ HTTP/1.1" 500 - "-" "Mozilla/5.0 (compatible; Googlebot/2.1; +http://www.google.com/bot.html)"
66.249.70.69 - - [15/Aug/2026:12:32:11 +0200] "GET /shop/customer/bookmark.php?items/U1601991867/ HTTP/1.1" 500 - "-" "Mozilla/5.0 (Linux; Android 6.0.1; Nexus 5X Build/MMB29P) AppleWebKit/537.36 (KHTML, like Gecko) Chrome/150.0.7871.186 Mobile Safari/537.36 (compatible; Googlebot/2.1; +http://www.google.com/bot.html)"
20.250.27.191 - - [15/Aug/2026:12:32:23 +0200] "GET /classwithtostring.php?p= HTTP/1.1" 500 - "-" "-"
20.250.27.191 - - [15/Aug/2026:12:32:17 +0200] "GET /coffee.php HTTP/1.1" 500 - "-" "-"
66.249.70.67 - - [15/Aug/2026:12:32:30 +0200] "GET /shop/customer/bookmark.php?items/R1601938571/ HTTP/1.1" 500 - "-" "Mozilla/5.0 (Linux; Android 6.0.1; Nexus 5X Build/MMB29P) AppleWebKit/537.36 (KHTML, like Gecko) Chrome/150.0.7871.186 Mobile Safari/537.36 (compatible; Googlebot/2.1; +http://www.google.com/bot.html)"
20.250.27.191 - - [15/Aug/2026:12:32:31 +0200] "GET /BDKR28WP.php HTTP/1.1" 500 - "-" "-"
66.249.64.14 - - [15/Aug/2026:12:32:34 +0200] "GET /robots.txt HTTP/1.1" 500 - "-" "Mozilla/5.0 (compatible; Googlebot/2.1; +http://www.google.com/bot.html)"
20.250.27.191 - - [15/Aug/2026:12:32:43 +0200] "GET /h.php HTTP/1.1" 500 - "-" "-"
66.249.70.67 - - [15/Aug/2026:12:32:46 +0200] "GET /shop/customer/bookmark.php?items/D16042065859/ HTTP/1.1" 500 - "-" "Mozilla/5.0 (compatible; Googlebot/2.1; +http://www.google.com/bot.html)"
20.250.27.191 - - [15/Aug/2026:12:32:55 +0200] "GET /sf.php HTTP/1.1" 500 - "-" "-"
66.249.70.67 - - [15/Aug/2026:12:32:56 +0200] "GET /shop/customer/bookmark.php?items/Z16042011145/ HTTP/1.1" 500 - "-" "Mozilla/5.0 (compatible; Googlebot/2.1; +http://www.google.com/bot.html)"
20.250.27.191 - - [15/Aug/2026:12:32:59 +0200] "GET /k.php?p= HTTP/1.1" 500 - "-" "-"
20.250.27.191 - - [15/Aug/2026:12:33:04 +0200] "GET /82.php HTTP/1.1" 500 - "-" "-"
20.250.27.191 - - [15/Aug/2026:12:33:16 +0200] "GET /dex.php HTTP/1.1" 500 - "-" "-"
66.249.70.68 - - [15/Aug/2026:12:33:09 +0200] "GET /shop/customer/bookmark.php?items/D16063153426/ HTTP/1.1" 500 - "-" "Mozilla/5.0 (Linux; Android 6.0.1; Nexus 5X Build/MMB29P) AppleWebKit/537.36 (KHTML, like Gecko) Chrome/150.0.7871.186 Mobile Safari/537.36 (compatible; Googlebot/2.1; +http://www.google.com/bot.html)"
20.250.27.191 - - [15/Aug/2026:12:33:22 +0200] "GET /jriuaaol.php HTTP/1.1" 500 - "-" "-"
20.250.27.191 - - [15/Aug/2026:12:33:36 +0200] "GET /puc.php HTTP/1.1" 500 - "-" "-"
66.249.70.67 - - [15/Aug/2026:12:33:40 +0200] "GET /shop/customer/bookmark.php?items/H16063099688/ HTTP/1.1" 500 - "-" "Mozilla/5.0 (Linux; Android 6.0.1; Nexus 5X Build/MMB29P) AppleWebKit/537.36 (KHTML, like Gecko) Chrome/150.0.7871.186 Mobile Safari/537.36 (compatible; Googlebot/2.1; +http://www.google.com/bot.html)"
20.250.27.191 - - [15/Aug/2026:12:33:40 +0200] "GET /inso.php HTTP/1.1" 500 - "-" "-"
66.249.70.67 - - [15/Aug/2026:12:33:48 +0200] "GET /shop/customer/bookmark.php?items/U16021408704/ HTTP/1.1" 500 - "-" "Mozilla/5.0 (Linux; Android 6.0.1; Nexus 5X Build/MMB29P) AppleWebKit/537.36 (KHTML, like Gecko) Chrome/150.0.7871.186 Mobile Safari/537.36 (compatible; Googlebot/2.1; +http://www.google.com/bot.html)"
20.250.27.191 - - [15/Aug/2026:12:33:58 +0200] "GET /wp-admin/css/colors/modern/ HTTP/1.1" 500 - "-" "-"
66.249.70.68 - - [15/Aug/2026:12:34:04 +0200] "GET /shop/customer/bookmark.php?items/S16052582463/ HTTP/1.1" 500 - "-" "Mozilla/5.0 (compatible; Googlebot/2.1; +http://www.google.com/bot.html)"
20.250.27.191 - - [15/Aug/2026:12:34:15 +0200] "GET /hypo.php HTTP/1.1" 500 - "-" "-"
66.249.70.69 - - [15/Aug/2026:12:34:14 +0200] "GET /shop/customer/bookmark.php?items/X1600237262/ HTTP/1.1" 500 - "-" "Mozilla/5.0 (compatible; Googlebot/2.1; +http://www.google.com/bot.html)"
